{"id":662,"date":"2022-04-06T16:18:46","date_gmt":"2022-04-06T14:18:46","guid":{"rendered":"https:\/\/blog.u-bourgogne.fr\/du-etudiants-en-exil\/?page_id=662"},"modified":"2025-02-04T10:00:40","modified_gmt":"2025-02-04T09:00:40","slug":"organisation","status":"publish","type":"page","link":"https:\/\/blog.ube.fr\/du-etudiants-en-exil\/quest-ce-que-le-du-passerelle\/organisation\/","title":{"rendered":"Organisation"},"content":{"rendered":"<h3>DUR\u00c9E DE LA FORMATION<\/h3>\n<p>1 \u00e0 2 ans. Les cours en pr\u00e9sentiel se d\u00e9rouleront 5 jours par semaine sur 2 semestres \u00e0 raison de 3 \u00e0 5 heures de cours par jour. Les ateliers de projet pourront \u00eatre modularis\u00e9s.<\/p>\n<h3>O\u00d9 ?<\/h3>\n<p>Le DU est rattach\u00e9 \u00e0 la\u00a0<a href=\"https:\/\/ufr-lettres-philosophie.u-bourgogne.fr\/\" target=\"_blank\" rel=\"noopener\">facult\u00e9 de Lettres et philosophie<\/a> de l\u2019<a href=\"https:\/\/www.ube.fr\/\" target=\"_blank\" rel=\"noopener\">Universit\u00e9 Bourgogne Europe<\/a>. La plupart des enseignements ont lieu dans les locaux de la facult\u00e9 situ\u00e9s sur le campus universitaire \u00e0 Dijon au <a href=\"https:\/\/goo.gl\/maps\/H5nuXiZpSqMC6USU6\" target=\"_blank\" rel=\"noopener\">2, Boulevard Gabriel<\/a>.<\/p>\n<h3>CAPACIT\u00c9 D&#8217;ACCUEIL<\/h3>\n<p>60 participants repartis en <a href=\"https:\/\/blog.ube.fr\/du-etudiants-en-exil\/quest-ce-que-le-du-passerelle\/les-modules\/\">3 groupes de niveau homog\u00e8nes<\/a>.<\/p>\n","protected":false},"excerpt":{"rendered":"<p>DUR\u00c9E DE LA FORMATION 1 \u00e0 2 ans. Les cours en pr\u00e9sentiel se d\u00e9rouleront 5 jours par semaine sur 2 semestres \u00e0 raison de 3 \u00e0 5 heures de cours par jour. Les ateliers de projet pourront \u00eatre modularis\u00e9s. O\u00d9 ? Le DU est rattach\u00e9 \u00e0 la\u00a0facult\u00e9 de Lettres et philosophie de l\u2019Universit\u00e9 Bourgogne Europe.&hellip;<\/p>\n<p class=\"more-link-p\"><a class=\"btn btn-primary\" href=\"https:\/\/blog.ube.fr\/du-etudiants-en-exil\/quest-ce-que-le-du-passerelle\/organisation\/\">Voir plus &rarr;<\/a><\/p>\n","protected":false},"author":1847,"featured_media":0,"parent":304,"menu_order":0,"comment_status":"closed","ping_status":"closed","template":"","meta":{"footnotes":""},"class_list":["post-662","page","type-page","status-publish","hentry"],"_links":{"self":[{"href":"https:\/\/blog.ube.fr\/du-etudiants-en-exil\/wp-json\/wp\/v2\/pages\/662","targetHints":{"allow":["GET"]}}],"collection":[{"href":"https:\/\/blog.ube.fr\/du-etudiants-en-exil\/wp-json\/wp\/v2\/pages"}],"about":[{"href":"https:\/\/blog.ube.fr\/du-etudiants-en-exil\/wp-json\/wp\/v2\/types\/page"}],"author":[{"embeddable":true,"href":"https:\/\/blog.ube.fr\/du-etudiants-en-exil\/wp-json\/wp\/v2\/users\/1847"}],"replies":[{"embeddable":true,"href":"https:\/\/blog.ube.fr\/du-etudiants-en-exil\/wp-json\/wp\/v2\/comments?post=662"}],"version-history":[{"count":8,"href":"https:\/\/blog.ube.fr\/du-etudiants-en-exil\/wp-json\/wp\/v2\/pages\/662\/revisions"}],"predecessor-version":[{"id":956,"href":"https:\/\/blog.ube.fr\/du-etudiants-en-exil\/wp-json\/wp\/v2\/pages\/662\/revisions\/956"}],"up":[{"embeddable":true,"href":"https:\/\/blog.ube.fr\/du-etudiants-en-exil\/wp-json\/wp\/v2\/pages\/304"}],"wp:attachment":[{"href":"https:\/\/blog.ube.fr\/du-etudiants-en-exil\/wp-json\/wp\/v2\/media?parent=662"}],"curies":[{"name":"wp","href":"https:\/\/api.w.org\/{rel}","templated":true}]}}

<h3>DURÉE DE LA FORMATION</h3>
<p>1 à 2 ans. Les cours en présentiel se dérouleront 5 jours par semaine sur 2 semestres à raison de 3 à 5 heures de cours par jour. Les ateliers de projet pourront être modularisés.</p>
<h3>OÙ ?</h3>
<p>Le DU est rattaché à la <a href="https://ufr-lettres-philosophie.u-bourgogne.fr/" target="_blank" rel="noopener">faculté de Lettres et philosophie</a> de l’<a href="https://www.ube.fr/" target="_blank" rel="noopener">Université Bourgogne Europe</a>. La plupart des enseignements ont lieu dans les locaux de la faculté situés sur le campus universitaire à Dijon au <a href="https://goo.gl/maps/H5nuXiZpSqMC6USU6" target="_blank" rel="noopener">2, Boulevard Gabriel</a>.</p>
<h3>CAPACITÉ D&#8217;ACCUEIL</h3>
<p>60 participants repartis en <a href="https://blog.ube.fr/du-etudiants-en-exil/quest-ce-que-le-du-passerelle/les-modules/">3 groupes de niveau homogènes</a>.</p>

<p>DURÉE DE LA FORMATION 1 à 2 ans. Les cours en présentiel se dérouleront 5 jours par semaine sur 2 semestres à raison de 3 à 5 heures de cours par jour. Les ateliers de projet pourront être modularisés. OÙ ? Le DU est rattaché à la faculté de Lettres et philosophie de l’Université Bourgogne Europe.&hellip;</p>
<p class="more-link-p"><a class="btn btn-primary" href="https://blog.ube.fr/du-etudiants-en-exil/quest-ce-que-le-du-passerelle/organisation/">Voir plus &rarr;</a></p>
