{"id":352,"date":"2022-03-31T17:18:34","date_gmt":"2022-03-31T15:18:34","guid":{"rendered":"https:\/\/blog.u-bourgogne.fr\/du-etudiants-en-exil\/?page_id=352"},"modified":"2026-04-02T17:15:04","modified_gmt":"2026-04-02T15:15:04","slug":"temoignages","status":"publish","type":"page","link":"https:\/\/blog.ube.fr\/du-etudiants-en-exil\/temoignages\/","title":{"rendered":"T\u00e9moignages"},"content":{"rendered":"<p>&nbsp;<\/p>\n<ul>\n<li><a href=\"https:\/\/www.ube.fr\/recits-detudiants-refugies-et-de-leurs-etudiants-compagnons-francais\/\" target=\"_blank\" rel=\"noopener\">Interviews \u00e9crites et galerie photo<\/a> d&#8217;\u00e9tudiants r\u00e9fugi\u00e9s et de leurs \u00e9tudiants compagnons fran\u00e7ais.<\/li>\n<li>T\u00e9moignages vid\u00e9os : <a href=\"https:\/\/www.youtube.com\/watch?v=oE62QnZNd4g&amp;list=PL4EWNhLKAxNDL7NoEfH3KsfoK2Fq_IoCx&amp;index=2\" target=\"_blank\" rel=\"noopener\">Fatima<\/a> (Syrie), <a href=\"https:\/\/www.youtube.com\/watch?v=E5WRYMJ1EbQ&amp;list=PL4EWNhLKAxNDL7NoEfH3KsfoK2Fq_IoCx&amp;index=5\" target=\"_blank\" rel=\"noopener\">Tahir<\/a> (\u00c9thiopie), <a href=\"https:\/\/www.youtube.com\/watch?v=aTbUzhVjjEI&amp;list=PL4EWNhLKAxNDL7NoEfH3KsfoK2Fq_IoCx&amp;index=4\" target=\"_blank\" rel=\"noopener\">Flutura<\/a> (Albanie), <a href=\"https:\/\/www.youtube.com\/watch?v=tqxOUbIdFHg\" target=\"_blank\" rel=\"noopener\">\u00e9tudiants compagnons<\/a>.<\/li>\n<li>Webdocumentaire <a href=\"https:\/\/aidenum-production.u-bourgogne.fr\/Ressources\/ub\/M2-MCM\/EtudiantsRefugies\/#Accueil\" target=\"_blank\" rel=\"noopener\">L&#8217;universit\u00e9 : un lieu d&#8217;int\u00e9gration pour les r\u00e9fugi\u00e9s<\/a> (2019\/2020).<\/li>\n<\/ul>\n<p>&nbsp;<\/p>\n<h3>Voir aussi<\/h3>\n<ul>\n<li><a href=\"https:\/\/www.youtube.com\/watch?v=lSm5SKNm5NU&amp;list=PL4EWNhLKAxNDL7NoEfH3KsfoK2Fq_IoCx&amp;index=7&amp;t=3s&amp;pp=iAQBsAgC\" target=\"_blank\" rel=\"noopener\">Pr\u00e9sentation du DU<\/a>\u00a0(2018\/2019)<\/li>\n<li>Festival\u00a0<a href=\"https:\/\/www.youtube.com\/watch?v=5Crmoe2voiY&amp;list=PL4EWNhLKAxNDL7NoEfH3KsfoK2Fq_IoCx&amp;index=6\" target=\"_blank\" rel=\"noopener\">Les Nuits d\u2019Orient<\/a>\u00a0(2019)<\/li>\n<li>\u00c9v\u00e9nement\u00a0<a href=\"https:\/\/www.youtube.com\/watch?v=gI75fKh9G7c&amp;list=PL4EWNhLKAxNDL7NoEfH3KsfoK2Fq_IoCx&amp;index=5\" target=\"_blank\" rel=\"noopener\">Fest\u2019in Nomade<\/a>\u00a0(2019)<\/li>\n<li><a href=\"https:\/\/www.youtube.com\/watch?v=dyb_jvPcyKQ&amp;list=PL4EWNhLKAxNDL7NoEfH3KsfoK2Fq_IoCx&amp;index=1\" target=\"_blank\" rel=\"noopener\">Week-end d\u2019int\u00e9gration<\/a>\u00a0(2021)<\/li>\n<li><a href=\"https:\/\/www.youtube.com\/watch?v=iBav5grhTqE&amp;list=PL4EWNhLKAxNDL7NoEfH3KsfoK2Fq_IoCx&amp;index=8\" target=\"_blank\" rel=\"noopener\">La vie est comme les vagues<\/a>\u00a0(2023), documentaire sur Ahmad, ancien \u00e9tudiant du DU, acteur, r\u00e9alisateur et producteur renomm\u00e9 en Afghanistan, qui a \u00e9t\u00e9 contraint de s\u2019exiler en France pour fuir le r\u00e9gime taliban.<\/li>\n<li>La semaine artistique :\u00a0<a href=\"https:\/\/www.youtube.com\/watch?v=hUM7UKMrtdY&amp;t=65s\" target=\"_blank\" rel=\"noopener\">reportage 8min<\/a>\u00a0\/\u00a0<a href=\"https:\/\/www.youtube.com\/watch?v=678Ej-Cfr10&amp;t=343s\" target=\"_blank\" rel=\"noopener\">documentaire 29min<\/a>\u00a0(2025\/2026)<\/li>\n<\/ul>\n","protected":false},"excerpt":{"rendered":"<p>&nbsp; Interviews \u00e9crites et galerie photo d&#8217;\u00e9tudiants r\u00e9fugi\u00e9s et de leurs \u00e9tudiants compagnons fran\u00e7ais. T\u00e9moignages vid\u00e9os : Fatima (Syrie), Tahir (\u00c9thiopie), Flutura (Albanie), \u00e9tudiants compagnons. Webdocumentaire L&#8217;universit\u00e9 : un lieu d&#8217;int\u00e9gration pour les r\u00e9fugi\u00e9s (2019\/2020). &nbsp; Voir aussi Pr\u00e9sentation du DU\u00a0(2018\/2019) Festival\u00a0Les Nuits d\u2019Orient\u00a0(2019) \u00c9v\u00e9nement\u00a0Fest\u2019in Nomade\u00a0(2019) Week-end d\u2019int\u00e9gration\u00a0(2021) La vie est comme les vagues\u00a0(2023), documentaire&hellip;<\/p>\n<p class=\"more-link-p\"><a class=\"btn btn-primary\" href=\"https:\/\/blog.ube.fr\/du-etudiants-en-exil\/temoignages\/\">Voir plus &rarr;<\/a><\/p>\n","protected":false},"author":1847,"featured_media":0,"parent":0,"menu_order":0,"comment_status":"closed","ping_status":"closed","template":"","meta":{"footnotes":""},"class_list":["post-352","page","type-page","status-publish","hentry"],"_links":{"self":[{"href":"https:\/\/blog.ube.fr\/du-etudiants-en-exil\/wp-json\/wp\/v2\/pages\/352","targetHints":{"allow":["GET"]}}],"collection":[{"href":"https:\/\/blog.ube.fr\/du-etudiants-en-exil\/wp-json\/wp\/v2\/pages"}],"about":[{"href":"https:\/\/blog.ube.fr\/du-etudiants-en-exil\/wp-json\/wp\/v2\/types\/page"}],"author":[{"embeddable":true,"href":"https:\/\/blog.ube.fr\/du-etudiants-en-exil\/wp-json\/wp\/v2\/users\/1847"}],"replies":[{"embeddable":true,"href":"https:\/\/blog.ube.fr\/du-etudiants-en-exil\/wp-json\/wp\/v2\/comments?post=352"}],"version-history":[{"count":42,"href":"https:\/\/blog.ube.fr\/du-etudiants-en-exil\/wp-json\/wp\/v2\/pages\/352\/revisions"}],"predecessor-version":[{"id":1139,"href":"https:\/\/blog.ube.fr\/du-etudiants-en-exil\/wp-json\/wp\/v2\/pages\/352\/revisions\/1139"}],"wp:attachment":[{"href":"https:\/\/blog.ube.fr\/du-etudiants-en-exil\/wp-json\/wp\/v2\/media?parent=352"}],"curies":[{"name":"wp","href":"https:\/\/api.w.org\/{rel}","templated":true}]}}

Témoignages

<p>&nbsp;</p>
<ul>
<li><a href="https://www.ube.fr/recits-detudiants-refugies-et-de-leurs-etudiants-compagnons-francais/" target="_blank" rel="noopener">Interviews écrites et galerie photo</a> d&#8217;étudiants réfugiés et de leurs étudiants compagnons français.</li>
<li>Témoignages vidéos : <a href="https://www.youtube.com/watch?v=oE62QnZNd4g&amp;list=PL4EWNhLKAxNDL7NoEfH3KsfoK2Fq_IoCx&amp;index=2" target="_blank" rel="noopener">Fatima</a> (Syrie), <a href="https://www.youtube.com/watch?v=E5WRYMJ1EbQ&amp;list=PL4EWNhLKAxNDL7NoEfH3KsfoK2Fq_IoCx&amp;index=5" target="_blank" rel="noopener">Tahir</a> (Éthiopie), <a href="https://www.youtube.com/watch?v=aTbUzhVjjEI&amp;list=PL4EWNhLKAxNDL7NoEfH3KsfoK2Fq_IoCx&amp;index=4" target="_blank" rel="noopener">Flutura</a> (Albanie), <a href="https://www.youtube.com/watch?v=tqxOUbIdFHg" target="_blank" rel="noopener">étudiants compagnons</a>.</li>
<li>Webdocumentaire <a href="https://aidenum-production.u-bourgogne.fr/Ressources/ub/M2-MCM/EtudiantsRefugies/#Accueil" target="_blank" rel="noopener">L&#8217;université : un lieu d&#8217;intégration pour les réfugiés</a> (2019/2020).</li>
</ul>
<p>&nbsp;</p>
<h3>Voir aussi</h3>
<ul>
<li><a href="https://www.youtube.com/watch?v=lSm5SKNm5NU&amp;list=PL4EWNhLKAxNDL7NoEfH3KsfoK2Fq_IoCx&amp;index=7&amp;t=3s&amp;pp=iAQBsAgC" target="_blank" rel="noopener">Présentation du DU</a> (2018/2019)</li>
<li>Festival <a href="https://www.youtube.com/watch?v=5Crmoe2voiY&amp;list=PL4EWNhLKAxNDL7NoEfH3KsfoK2Fq_IoCx&amp;index=6" target="_blank" rel="noopener">Les Nuits d’Orient</a> (2019)</li>
<li>Événement <a href="https://www.youtube.com/watch?v=gI75fKh9G7c&amp;list=PL4EWNhLKAxNDL7NoEfH3KsfoK2Fq_IoCx&amp;index=5" target="_blank" rel="noopener">Fest’in Nomade</a> (2019)</li>
<li><a href="https://www.youtube.com/watch?v=dyb_jvPcyKQ&amp;list=PL4EWNhLKAxNDL7NoEfH3KsfoK2Fq_IoCx&amp;index=1" target="_blank" rel="noopener">Week-end d’intégration</a> (2021)</li>
<li><a href="https://www.youtube.com/watch?v=iBav5grhTqE&amp;list=PL4EWNhLKAxNDL7NoEfH3KsfoK2Fq_IoCx&amp;index=8" target="_blank" rel="noopener">La vie est comme les vagues</a> (2023), documentaire sur Ahmad, ancien étudiant du DU, acteur, réalisateur et producteur renommé en Afghanistan, qui a été contraint de s’exiler en France pour fuir le régime taliban.</li>
<li>La semaine artistique : <a href="https://www.youtube.com/watch?v=hUM7UKMrtdY&amp;t=65s" target="_blank" rel="noopener">reportage 8min</a> / <a href="https://www.youtube.com/watch?v=678Ej-Cfr10&amp;t=343s" target="_blank" rel="noopener">documentaire 29min</a> (2025/2026)</li>
</ul>

<p>&nbsp; Interviews écrites et galerie photo d&#8217;étudiants réfugiés et de leurs étudiants compagnons français. Témoignages vidéos : Fatima (Syrie), Tahir (Éthiopie), Flutura (Albanie), étudiants compagnons. Webdocumentaire L&#8217;université : un lieu d&#8217;intégration pour les réfugiés (2019/2020). &nbsp; Voir aussi Présentation du DU (2018/2019) Festival Les Nuits d’Orient (2019) Événement Fest’in Nomade (2019) Week-end d’intégration (2021) La vie est comme les vagues (2023), documentaire&hellip;</p>
<p class="more-link-p"><a class="btn btn-primary" href="https://blog.ube.fr/du-etudiants-en-exil/temoignages/">Voir plus &rarr;</a></p>
