{"id":336,"date":"2022-03-31T17:15:51","date_gmt":"2022-03-31T15:15:51","guid":{"rendered":"https:\/\/blog.u-bourgogne.fr\/du-etudiants-en-exil\/?page_id=336"},"modified":"2026-04-02T17:17:27","modified_gmt":"2026-04-02T15:17:27","slug":"testimonials","status":"publish","type":"page","link":"https:\/\/blog.ube.fr\/du-etudiants-en-exil\/en\/testimonials\/","title":{"rendered":"Testimonials"},"content":{"rendered":"<p>&nbsp;<\/p>\n<ul>\n<li><a href=\"https:\/\/www.ube.fr\/recits-detudiants-refugies-et-de-leurs-etudiants-compagnons-francais\/\" target=\"_blank\" rel=\"noopener\">Written testimonials and a photo gallery<\/a> of migrant students who benefited from French language courses for refugees and their French tutors.<\/li>\n<li>Video testimonials: <a href=\"https:\/\/www.youtube.com\/watch?v=oE62QnZNd4g&amp;list=PL4EWNhLKAxNDL7NoEfH3KsfoK2Fq_IoCx&amp;index=2\" target=\"_blank\" rel=\"noopener\">Fatima<\/a> (Syria), <a href=\"https:\/\/www.youtube.com\/watch?v=E5WRYMJ1EbQ&amp;list=PL4EWNhLKAxNDL7NoEfH3KsfoK2Fq_IoCx&amp;index=5\" target=\"_blank\" rel=\"noopener\">Tahir<\/a> (Ethiopia), <a href=\"https:\/\/www.youtube.com\/watch?v=aTbUzhVjjEI&amp;list=PL4EWNhLKAxNDL7NoEfH3KsfoK2Fq_IoCx&amp;index=4\" target=\"_blank\" rel=\"noopener\">Flutura<\/a> (Albania), <a href=\"https:\/\/www.youtube.com\/watch?v=tqxOUbIdFHg\" target=\"_blank\" rel=\"noopener\">student mentors<\/a>.<\/li>\n<li><a href=\"https:\/\/aidenum-production.u-bourgogne.fr\/Ressources\/ub\/M2-MCM\/EtudiantsRefugies\/#Accueil\" target=\"_blank\" rel=\"noopener\">L&#8217;universit\u00e9 : un lieu d&#8217;int\u00e9gration pour les r\u00e9fugi\u00e9s<\/a> webdocumentary\u00a0<em>(The university: a place of integration for refugees)<\/em> (2019\/2020).<\/li>\n<\/ul>\n<h3>See also<\/h3>\n<ul>\n<li><a href=\"https:\/\/www.youtube.com\/watch?v=lSm5SKNm5NU&amp;list=PL4EWNhLKAxNDL7NoEfH3KsfoK2Fq_IoCx&amp;index=8&amp;t=3s\" target=\"_blank\" rel=\"noopener\">Introduction to the University Diploma<\/a>\u00a0(2018\/2019)<\/li>\n<li><a href=\"https:\/\/www.youtube.com\/watch?v=5Crmoe2voiY&amp;list=PL4EWNhLKAxNDL7NoEfH3KsfoK2Fq_IoCx&amp;index=6\" target=\"_blank\" rel=\"noopener\">Les Nuits d\u2019Orient<\/a>\u00a0Festival (2019)<\/li>\n<li><a href=\"https:\/\/www.youtube.com\/watch?v=gI75fKh9G7c&amp;list=PL4EWNhLKAxNDL7NoEfH3KsfoK2Fq_IoCx&amp;index=5\" target=\"_blank\" rel=\"noopener\">Fest\u2019in Nomade<\/a>\u00a0event (2019)<\/li>\n<li><a href=\"https:\/\/www.youtube.com\/watch?v=dyb_jvPcyKQ&amp;list=PL4EWNhLKAxNDL7NoEfH3KsfoK2Fq_IoCx&amp;index=1\" target=\"_blank\" rel=\"noopener\">Integration weekend<\/a>\u00a0(2021)<\/li>\n<li><a href=\"https:\/\/www.youtube.com\/watch?v=iBav5grhTqE&amp;list=PL4EWNhLKAxNDL7NoEfH3KsfoK2Fq_IoCx&amp;index=8\" target=\"_blank\" rel=\"noopener\">Life is Like the Waves<\/a>\u00a0(2023), a documentary about Ahmad, a former DU student, renowned actor, director and producer in Afghanistan, who was forced into exile in France to flee the Taliban regime.<\/li>\n<li>Art Week: <a href=\"https:\/\/www.youtube.com\/watch?v=hUM7UKMrtdY&amp;t=65s\" target=\"_blank\" rel=\"noopener\">8-minute feature<\/a> \/ <a href=\"https:\/\/www.youtube.com\/watch?v=678Ej-Cfr10&amp;t=343s\" target=\"_blank\" rel=\"noopener\">29-minute documentary<\/a> (2025\/2026)<\/li>\n<\/ul>\n","protected":false},"excerpt":{"rendered":"<p>&nbsp; Written testimonials and a photo gallery of migrant students who benefited from French language courses for refugees and their French tutors. Video testimonials: Fatima (Syria), Tahir (Ethiopia), Flutura (Albania), student mentors. L&#8217;universit\u00e9 : un lieu d&#8217;int\u00e9gration pour les r\u00e9fugi\u00e9s webdocumentary\u00a0(The university: a place of integration for refugees) (2019\/2020). See also Introduction to the University&hellip;<\/p>\n<p class=\"more-link-p\"><a class=\"btn btn-primary\" href=\"https:\/\/blog.ube.fr\/du-etudiants-en-exil\/en\/testimonials\/\">Voir plus &rarr;<\/a><\/p>\n","protected":false},"author":1847,"featured_media":0,"parent":0,"menu_order":0,"comment_status":"closed","ping_status":"closed","template":"","meta":{"footnotes":""},"class_list":["post-336","page","type-page","status-publish","hentry"],"_links":{"self":[{"href":"https:\/\/blog.ube.fr\/du-etudiants-en-exil\/wp-json\/wp\/v2\/pages\/336","targetHints":{"allow":["GET"]}}],"collection":[{"href":"https:\/\/blog.ube.fr\/du-etudiants-en-exil\/wp-json\/wp\/v2\/pages"}],"about":[{"href":"https:\/\/blog.ube.fr\/du-etudiants-en-exil\/wp-json\/wp\/v2\/types\/page"}],"author":[{"embeddable":true,"href":"https:\/\/blog.ube.fr\/du-etudiants-en-exil\/wp-json\/wp\/v2\/users\/1847"}],"replies":[{"embeddable":true,"href":"https:\/\/blog.ube.fr\/du-etudiants-en-exil\/wp-json\/wp\/v2\/comments?post=336"}],"version-history":[{"count":12,"href":"https:\/\/blog.ube.fr\/du-etudiants-en-exil\/wp-json\/wp\/v2\/pages\/336\/revisions"}],"predecessor-version":[{"id":1141,"href":"https:\/\/blog.ube.fr\/du-etudiants-en-exil\/wp-json\/wp\/v2\/pages\/336\/revisions\/1141"}],"wp:attachment":[{"href":"https:\/\/blog.ube.fr\/du-etudiants-en-exil\/wp-json\/wp\/v2\/media?parent=336"}],"curies":[{"name":"wp","href":"https:\/\/api.w.org\/{rel}","templated":true}]}}

<p>&nbsp;</p>
<ul>
<li><a href="https://www.ube.fr/recits-detudiants-refugies-et-de-leurs-etudiants-compagnons-francais/" target="_blank" rel="noopener">Written testimonials and a photo gallery</a> of migrant students who benefited from French language courses for refugees and their French tutors.</li>
<li>Video testimonials: <a href="https://www.youtube.com/watch?v=oE62QnZNd4g&amp;list=PL4EWNhLKAxNDL7NoEfH3KsfoK2Fq_IoCx&amp;index=2" target="_blank" rel="noopener">Fatima</a> (Syria), <a href="https://www.youtube.com/watch?v=E5WRYMJ1EbQ&amp;list=PL4EWNhLKAxNDL7NoEfH3KsfoK2Fq_IoCx&amp;index=5" target="_blank" rel="noopener">Tahir</a> (Ethiopia), <a href="https://www.youtube.com/watch?v=aTbUzhVjjEI&amp;list=PL4EWNhLKAxNDL7NoEfH3KsfoK2Fq_IoCx&amp;index=4" target="_blank" rel="noopener">Flutura</a> (Albania), <a href="https://www.youtube.com/watch?v=tqxOUbIdFHg" target="_blank" rel="noopener">student mentors</a>.</li>
<li><a href="https://aidenum-production.u-bourgogne.fr/Ressources/ub/M2-MCM/EtudiantsRefugies/#Accueil" target="_blank" rel="noopener">L&#8217;université : un lieu d&#8217;intégration pour les réfugiés</a> webdocumentary <em>(The university: a place of integration for refugees)</em> (2019/2020).</li>
</ul>
<h3>See also</h3>
<ul>
<li><a href="https://www.youtube.com/watch?v=lSm5SKNm5NU&amp;list=PL4EWNhLKAxNDL7NoEfH3KsfoK2Fq_IoCx&amp;index=8&amp;t=3s" target="_blank" rel="noopener">Introduction to the University Diploma</a> (2018/2019)</li>
<li><a href="https://www.youtube.com/watch?v=5Crmoe2voiY&amp;list=PL4EWNhLKAxNDL7NoEfH3KsfoK2Fq_IoCx&amp;index=6" target="_blank" rel="noopener">Les Nuits d’Orient</a> Festival (2019)</li>
<li><a href="https://www.youtube.com/watch?v=gI75fKh9G7c&amp;list=PL4EWNhLKAxNDL7NoEfH3KsfoK2Fq_IoCx&amp;index=5" target="_blank" rel="noopener">Fest’in Nomade</a> event (2019)</li>
<li><a href="https://www.youtube.com/watch?v=dyb_jvPcyKQ&amp;list=PL4EWNhLKAxNDL7NoEfH3KsfoK2Fq_IoCx&amp;index=1" target="_blank" rel="noopener">Integration weekend</a> (2021)</li>
<li><a href="https://www.youtube.com/watch?v=iBav5grhTqE&amp;list=PL4EWNhLKAxNDL7NoEfH3KsfoK2Fq_IoCx&amp;index=8" target="_blank" rel="noopener">Life is Like the Waves</a> (2023), a documentary about Ahmad, a former DU student, renowned actor, director and producer in Afghanistan, who was forced into exile in France to flee the Taliban regime.</li>
<li>Art Week: <a href="https://www.youtube.com/watch?v=hUM7UKMrtdY&amp;t=65s" target="_blank" rel="noopener">8-minute feature</a> / <a href="https://www.youtube.com/watch?v=678Ej-Cfr10&amp;t=343s" target="_blank" rel="noopener">29-minute documentary</a> (2025/2026)</li>
</ul>

<p>&nbsp; Written testimonials and a photo gallery of migrant students who benefited from French language courses for refugees and their French tutors. Video testimonials: Fatima (Syria), Tahir (Ethiopia), Flutura (Albania), student mentors. L&#8217;université : un lieu d&#8217;intégration pour les réfugiés webdocumentary (The university: a place of integration for refugees) (2019/2020). See also Introduction to the University&hellip;</p>
<p class="more-link-p"><a class="btn btn-primary" href="https://blog.ube.fr/du-etudiants-en-exil/en/testimonials/">Voir plus &rarr;</a></p>
