{"id":304,"date":"2022-03-31T16:55:13","date_gmt":"2022-03-31T14:55:13","guid":{"rendered":"https:\/\/blog.u-bourgogne.fr\/du-etudiants-en-exil\/?page_id=304"},"modified":"2026-04-02T17:13:32","modified_gmt":"2026-04-02T15:13:32","slug":"quest-ce-que-le-du-passerelle","status":"publish","type":"page","link":"https:\/\/blog.ube.fr\/du-etudiants-en-exil\/quest-ce-que-le-du-passerelle\/","title":{"rendered":"Qu\u2019est-ce que le DU Passerelle ?"},"content":{"rendered":"<p>Le dipl\u00f4me universitaire (DU) <em>Passerelle &#8211; \u00c9tudiants en exil<\/em> est un programme qui s\u2019adresse \u00e0 des \u00e9tudiants non francophones auxquels il est propos\u00e9 un parcours d\u2019int\u00e9gration avec une formation renforc\u00e9e en <em>fran\u00e7ais langue \u00e9trang\u00e8re<\/em> (FLE).<\/p>\n<p>Des diff\u00e9rentes actions annexes, \u00e0 la destination d\u2019<a href=\"https:\/\/blog.ube.fr\/du-etudiants-en-exil\/quest-ce-que-le-du-passerelle\/objectifs\/\">autres publics<\/a>, sont \u00e9galement organis\u00e9es dans le cadre du DU.<\/p>\n<p>Ce dispositif est mis en place par l&#8217;<a href=\"https:\/\/www.u-bourgogne.fr\/\" target=\"_blank\" rel=\"noopener\">Universit\u00e9 Bourgogne Europe<\/a>\u00a0\u00e0 Dijon en France.<\/p>\n<ul>\n<li><a href=\"https:\/\/blog.ube.fr\/du-etudiants-en-exil\/quest-ce-que-le-du-passerelle\/origine-du-projet\/\" rel=\"\">Origine du projet<\/a><\/li>\n<li><a href=\"https:\/\/blog.ube.fr\/du-etudiants-en-exil\/quest-ce-que-le-du-passerelle\/objectifs\/\">Objectifs<\/a><\/li>\n<li><a href=\"https:\/\/blog.ube.fr\/du-etudiants-en-exil\/quest-ce-que-le-du-passerelle\/organisation\/\">Organisation<\/a><\/li>\n<li><a href=\"https:\/\/blog.ube.fr\/du-etudiants-en-exil\/quest-ce-que-le-du-passerelle\/les-modules\/\">Les modules<\/a><\/li>\n<li><a href=\"https:\/\/blog.ube.fr\/du-etudiants-en-exil\/quest-ce-que-le-du-passerelle\/partenaires\/\">Partenaires<\/a><\/li>\n<\/ul>\n<p>&nbsp;<\/p>\n<h2>Vid\u00e9os<\/h2>\n<ul>\n<li><a href=\"https:\/\/www.youtube.com\/watch?v=lSm5SKNm5NU&amp;list=PL4EWNhLKAxNDL7NoEfH3KsfoK2Fq_IoCx&amp;index=7&amp;t=3s&amp;pp=iAQBsAgC\" target=\"_blank\" rel=\"noopener\">Pr\u00e9sentation du DU<\/a> (2018\/2019)<\/li>\n<li>Festival <a href=\"https:\/\/www.youtube.com\/watch?v=5Crmoe2voiY&amp;list=PL4EWNhLKAxNDL7NoEfH3KsfoK2Fq_IoCx&amp;index=6\" target=\"_blank\" rel=\"noopener\">Les Nuits d&#8217;Orient<\/a> (2019)<\/li>\n<li>\u00c9v\u00e9nement <a href=\"https:\/\/www.youtube.com\/watch?v=gI75fKh9G7c&amp;list=PL4EWNhLKAxNDL7NoEfH3KsfoK2Fq_IoCx&amp;index=5\" target=\"_blank\" rel=\"noopener\">Fest&#8217;in Nomade<\/a> (2019)<\/li>\n<li><a href=\"https:\/\/www.youtube.com\/watch?v=dyb_jvPcyKQ&amp;list=PL4EWNhLKAxNDL7NoEfH3KsfoK2Fq_IoCx&amp;index=1\" target=\"_blank\" rel=\"noopener\">Week-end d&#8217;int\u00e9gration<\/a> (2021)<\/li>\n<li><a href=\"https:\/\/www.youtube.com\/watch?v=iBav5grhTqE&amp;list=PL4EWNhLKAxNDL7NoEfH3KsfoK2Fq_IoCx&amp;index=8\" target=\"_blank\" rel=\"noopener\">La vie est comme les vagues<\/a> (2023), documentaire sur Ahmad, ancien \u00e9tudiant du DU, acteur, r\u00e9alisateur et producteur renomm\u00e9 en Afghanistan, qui a \u00e9t\u00e9 contraint de s&#8217;exiler en France pour fuir le r\u00e9gime taliban.<\/li>\n<li>Pr\u00e9sentation de l\u2019unit\u00e9 d\u2019enseignement (UE) <a href=\"https:\/\/www.youtube.com\/watch?v=tqxOUbIdFHg&amp;list=PL4EWNhLKAxNDL7NoEfH3KsfoK2Fq_IoCx&amp;index=9&amp;pp=iAQBsAgC\" target=\"_blank\" rel=\"noopener\">\u00c9tudiants compagnons<\/a> (2024)<\/li>\n<li>La semaine artistique : <a href=\"https:\/\/www.youtube.com\/watch?v=hUM7UKMrtdY&amp;t=65s\" target=\"_blank\" rel=\"noopener\">reportage 8min<\/a> \/ <a href=\"https:\/\/www.youtube.com\/watch?v=678Ej-Cfr10&amp;t=343s\" target=\"_blank\" rel=\"noopener\">documentaire 29min<\/a> (2025\/2026)<\/li>\n<li><a href=\"https:\/\/www.ube.fr\/recits-detudiants-refugies-et-de-leurs-etudiants-compagnons-francais\/\" target=\"_blank\" rel=\"noopener\">T\u00e9moignages<\/a><\/li>\n<\/ul>\n","protected":false},"excerpt":{"rendered":"<p>Le dipl\u00f4me universitaire (DU) Passerelle &#8211; \u00c9tudiants en exil est un programme qui s\u2019adresse \u00e0 des \u00e9tudiants non francophones auxquels il est propos\u00e9 un parcours d\u2019int\u00e9gration avec une formation renforc\u00e9e en fran\u00e7ais langue \u00e9trang\u00e8re (FLE). Des diff\u00e9rentes actions annexes, \u00e0 la destination d\u2019autres publics, sont \u00e9galement organis\u00e9es dans le cadre du DU. Ce dispositif est&hellip;<\/p>\n<p class=\"more-link-p\"><a class=\"btn btn-primary\" href=\"https:\/\/blog.ube.fr\/du-etudiants-en-exil\/quest-ce-que-le-du-passerelle\/\">Voir plus &rarr;<\/a><\/p>\n","protected":false},"author":1847,"featured_media":0,"parent":0,"menu_order":0,"comment_status":"closed","ping_status":"closed","template":"","meta":{"footnotes":""},"class_list":["post-304","page","type-page","status-publish","hentry"],"_links":{"self":[{"href":"https:\/\/blog.ube.fr\/du-etudiants-en-exil\/wp-json\/wp\/v2\/pages\/304","targetHints":{"allow":["GET"]}}],"collection":[{"href":"https:\/\/blog.ube.fr\/du-etudiants-en-exil\/wp-json\/wp\/v2\/pages"}],"about":[{"href":"https:\/\/blog.ube.fr\/du-etudiants-en-exil\/wp-json\/wp\/v2\/types\/page"}],"author":[{"embeddable":true,"href":"https:\/\/blog.ube.fr\/du-etudiants-en-exil\/wp-json\/wp\/v2\/users\/1847"}],"replies":[{"embeddable":true,"href":"https:\/\/blog.ube.fr\/du-etudiants-en-exil\/wp-json\/wp\/v2\/comments?post=304"}],"version-history":[{"count":33,"href":"https:\/\/blog.ube.fr\/du-etudiants-en-exil\/wp-json\/wp\/v2\/pages\/304\/revisions"}],"predecessor-version":[{"id":1138,"href":"https:\/\/blog.ube.fr\/du-etudiants-en-exil\/wp-json\/wp\/v2\/pages\/304\/revisions\/1138"}],"wp:attachment":[{"href":"https:\/\/blog.ube.fr\/du-etudiants-en-exil\/wp-json\/wp\/v2\/media?parent=304"}],"curies":[{"name":"wp","href":"https:\/\/api.w.org\/{rel}","templated":true}]}}

<p>Le diplôme universitaire (DU) <em>Passerelle &#8211; Étudiants en exil</em> est un programme qui s’adresse à des étudiants non francophones auxquels il est proposé un parcours d’intégration avec une formation renforcée en <em>français langue étrangère</em> (FLE).</p>
<p>Des différentes actions annexes, à la destination d’<a href="https://blog.ube.fr/du-etudiants-en-exil/quest-ce-que-le-du-passerelle/objectifs/">autres publics</a>, sont également organisées dans le cadre du DU.</p>
<p>Ce dispositif est mis en place par l&#8217;<a href="https://www.u-bourgogne.fr/" target="_blank" rel="noopener">Université Bourgogne Europe</a> à Dijon en France.</p>
<ul>
<li><a href="https://blog.ube.fr/du-etudiants-en-exil/quest-ce-que-le-du-passerelle/origine-du-projet/" rel="">Origine du projet</a></li>
<li><a href="https://blog.ube.fr/du-etudiants-en-exil/quest-ce-que-le-du-passerelle/objectifs/">Objectifs</a></li>
<li><a href="https://blog.ube.fr/du-etudiants-en-exil/quest-ce-que-le-du-passerelle/organisation/">Organisation</a></li>
<li><a href="https://blog.ube.fr/du-etudiants-en-exil/quest-ce-que-le-du-passerelle/les-modules/">Les modules</a></li>
<li><a href="https://blog.ube.fr/du-etudiants-en-exil/quest-ce-que-le-du-passerelle/partenaires/">Partenaires</a></li>
</ul>
<p>&nbsp;</p>
<h2>Vidéos</h2>
<ul>
<li><a href="https://www.youtube.com/watch?v=lSm5SKNm5NU&amp;list=PL4EWNhLKAxNDL7NoEfH3KsfoK2Fq_IoCx&amp;index=7&amp;t=3s&amp;pp=iAQBsAgC" target="_blank" rel="noopener">Présentation du DU</a> (2018/2019)</li>
<li>Festival <a href="https://www.youtube.com/watch?v=5Crmoe2voiY&amp;list=PL4EWNhLKAxNDL7NoEfH3KsfoK2Fq_IoCx&amp;index=6" target="_blank" rel="noopener">Les Nuits d&#8217;Orient</a> (2019)</li>
<li>Événement <a href="https://www.youtube.com/watch?v=gI75fKh9G7c&amp;list=PL4EWNhLKAxNDL7NoEfH3KsfoK2Fq_IoCx&amp;index=5" target="_blank" rel="noopener">Fest&#8217;in Nomade</a> (2019)</li>
<li><a href="https://www.youtube.com/watch?v=dyb_jvPcyKQ&amp;list=PL4EWNhLKAxNDL7NoEfH3KsfoK2Fq_IoCx&amp;index=1" target="_blank" rel="noopener">Week-end d&#8217;intégration</a> (2021)</li>
<li><a href="https://www.youtube.com/watch?v=iBav5grhTqE&amp;list=PL4EWNhLKAxNDL7NoEfH3KsfoK2Fq_IoCx&amp;index=8" target="_blank" rel="noopener">La vie est comme les vagues</a> (2023), documentaire sur Ahmad, ancien étudiant du DU, acteur, réalisateur et producteur renommé en Afghanistan, qui a été contraint de s&#8217;exiler en France pour fuir le régime taliban.</li>
<li>Présentation de l’unité d’enseignement (UE) <a href="https://www.youtube.com/watch?v=tqxOUbIdFHg&amp;list=PL4EWNhLKAxNDL7NoEfH3KsfoK2Fq_IoCx&amp;index=9&amp;pp=iAQBsAgC" target="_blank" rel="noopener">Étudiants compagnons</a> (2024)</li>
<li>La semaine artistique : <a href="https://www.youtube.com/watch?v=hUM7UKMrtdY&amp;t=65s" target="_blank" rel="noopener">reportage 8min</a> / <a href="https://www.youtube.com/watch?v=678Ej-Cfr10&amp;t=343s" target="_blank" rel="noopener">documentaire 29min</a> (2025/2026)</li>
<li><a href="https://www.ube.fr/recits-detudiants-refugies-et-de-leurs-etudiants-compagnons-francais/" target="_blank" rel="noopener">Témoignages</a></li>
</ul>

<p>Le diplôme universitaire (DU) Passerelle &#8211; Étudiants en exil est un programme qui s’adresse à des étudiants non francophones auxquels il est proposé un parcours d’intégration avec une formation renforcée en français langue étrangère (FLE). Des différentes actions annexes, à la destination d’autres publics, sont également organisées dans le cadre du DU. Ce dispositif est&hellip;</p>
<p class="more-link-p"><a class="btn btn-primary" href="https://blog.ube.fr/du-etudiants-en-exil/quest-ce-que-le-du-passerelle/">Voir plus &rarr;</a></p>
