{"id":31,"date":"2020-09-17T14:20:42","date_gmt":"2020-09-17T12:20:42","guid":{"rendered":"https:\/\/blog.u-bourgogne.fr\/droit-inter-ethique\/?page_id=31"},"modified":"2021-01-06T12:19:31","modified_gmt":"2021-01-06T11:19:31","slug":"appels","status":"publish","type":"page","link":"https:\/\/blog.ube.fr\/droit-inter-ethique\/appels\/","title":{"rendered":"Appels"},"content":{"rendered":"<p>&nbsp;<\/p>\n<h3>Appel \u00e0 communications pour le <em>Webinaire <\/em>\u00ab Actualit\u00e9 internationale et compar\u00e9e de l\u2019\u00e9thique des affaires : perspectives juridiques \u00bb du 21 juin 2021<\/h3>\n<p>Le CREDIMI de Dijon et l\u2019Observatoire de l\u2019\u00e9thique publique organisent un webinaire sur le th\u00e8me de l\u2019Actualit\u00e9 internationale et compar\u00e9e de l\u2019\u00e9thique des affaires. Il aura lieu le 21 juin 2021, en ligne ou \u00e9ventuellement de mani\u00e8re hybride \u00e0 Dijon.<\/p>\n<p>Le webinaire a pour ambition de faire un point global et d\u00e9tach\u00e9 des fronti\u00e8res disciplinaires (droit interne, droit international, droit public, droit priv\u00e9, gestion) sur les \u00e9volutions normatives de l&#8217;\u00e9thique des affaires.<\/p>\n<p>R\u00e9ponses attendues avant le 1er f\u00e9vrier 2021 (voir l&#8217;appel).<\/p>\n<p><a href=\"https:\/\/blog.ube.fr\/droit-inter-ethique\/wp-content\/uploads\/sites\/146\/2021\/01\/APPEL-A\u0300-COMMUNICATIONS-Actualite\u0301-internationale-et-compare\u0301e-de-le\u0301thique-des-affaires-.pdf\" target=\"_blank\" rel=\"noopener\">T\u00e9l\u00e9charger l&#8217;appel ici<\/a><\/p>\n<p>&nbsp;<\/p>\n<p><a href=\"https:\/\/blog.ube.fr\/droit-inter-ethique\/wp-content\/uploads\/sites\/146\/2021\/01\/Appel-webinaire-21-juin-p.1.png\"><img loading=\"lazy\" decoding=\"async\" class=\"aligncenter wp-image-278 size-full\" src=\"https:\/\/blog.ube.fr\/droit-inter-ethique\/wp-content\/uploads\/sites\/146\/2021\/01\/Appel-webinaire-21-juin-p.1.png\" alt=\"\" width=\"920\" height=\"1248\" srcset=\"https:\/\/blog.ube.fr\/droit-inter-ethique\/wp-content\/uploads\/sites\/146\/2021\/01\/Appel-webinaire-21-juin-p.1.png 920w, https:\/\/blog.ube.fr\/droit-inter-ethique\/wp-content\/uploads\/sites\/146\/2021\/01\/Appel-webinaire-21-juin-p.1-768x1042.png 768w\" sizes=\"auto, (max-width: 920px) 100vw, 920px\" \/><\/a><a href=\"https:\/\/blog.ube.fr\/droit-inter-ethique\/wp-content\/uploads\/sites\/146\/2021\/01\/Appel-wabinaire-21-juin-p.2.png\"><img loading=\"lazy\" decoding=\"async\" class=\"aligncenter wp-image-277 size-full\" src=\"https:\/\/blog.ube.fr\/droit-inter-ethique\/wp-content\/uploads\/sites\/146\/2021\/01\/Appel-wabinaire-21-juin-p.2.png\" alt=\"\" width=\"920\" height=\"1050\" srcset=\"https:\/\/blog.ube.fr\/droit-inter-ethique\/wp-content\/uploads\/sites\/146\/2021\/01\/Appel-wabinaire-21-juin-p.2.png 920w, https:\/\/blog.ube.fr\/droit-inter-ethique\/wp-content\/uploads\/sites\/146\/2021\/01\/Appel-wabinaire-21-juin-p.2-768x877.png 768w\" sizes=\"auto, (max-width: 920px) 100vw, 920px\" \/><\/a><\/p>\n","protected":false},"excerpt":{"rendered":"<p>&nbsp; Appel \u00e0 communications pour le Webinaire \u00ab Actualit\u00e9 internationale et compar\u00e9e de l\u2019\u00e9thique des affaires : perspectives juridiques \u00bb du 21 juin 2021 Le CREDIMI de Dijon et l\u2019Observatoire de l\u2019\u00e9thique publique organisent un webinaire sur le th\u00e8me de l\u2019Actualit\u00e9 internationale et compar\u00e9e de l\u2019\u00e9thique des affaires. Il aura lieu le 21 juin 2021,<\/p>\n<p><a class=\"button\" href=\"https:\/\/blog.ube.fr\/droit-inter-ethique\/appels\/\" title=\"More\">  Voir plus \u2192<\/a><\/p>\n","protected":false},"author":395,"featured_media":0,"parent":0,"menu_order":0,"comment_status":"closed","ping_status":"closed","template":"","meta":{"_exactmetrics_skip_tracking":false,"_exactmetrics_sitenote_active":false,"_exactmetrics_sitenote_note":"","_exactmetrics_sitenote_category":0,"footnotes":""},"class_list":["post-31","page","type-page","status-publish","hentry"],"_links":{"self":[{"href":"https:\/\/blog.ube.fr\/droit-inter-ethique\/wp-json\/wp\/v2\/pages\/31","targetHints":{"allow":["GET"]}}],"collection":[{"href":"https:\/\/blog.ube.fr\/droit-inter-ethique\/wp-json\/wp\/v2\/pages"}],"about":[{"href":"https:\/\/blog.ube.fr\/droit-inter-ethique\/wp-json\/wp\/v2\/types\/page"}],"author":[{"embeddable":true,"href":"https:\/\/blog.ube.fr\/droit-inter-ethique\/wp-json\/wp\/v2\/users\/395"}],"replies":[{"embeddable":true,"href":"https:\/\/blog.ube.fr\/droit-inter-ethique\/wp-json\/wp\/v2\/comments?post=31"}],"version-history":[{"count":6,"href":"https:\/\/blog.ube.fr\/droit-inter-ethique\/wp-json\/wp\/v2\/pages\/31\/revisions"}],"predecessor-version":[{"id":280,"href":"https:\/\/blog.ube.fr\/droit-inter-ethique\/wp-json\/wp\/v2\/pages\/31\/revisions\/280"}],"wp:attachment":[{"href":"https:\/\/blog.ube.fr\/droit-inter-ethique\/wp-json\/wp\/v2\/media?parent=31"}],"curies":[{"name":"wp","href":"https:\/\/api.w.org\/{rel}","templated":true}]}}