{"id":19,"date":"2020-09-17T14:19:38","date_gmt":"2020-09-17T12:19:38","guid":{"rendered":"https:\/\/blog.u-bourgogne.fr\/droit-inter-ethique\/?page_id=19"},"modified":"2020-12-22T17:39:15","modified_gmt":"2020-12-22T16:39:15","slug":"analyses","status":"publish","type":"page","link":"https:\/\/blog.ube.fr\/droit-inter-ethique\/analyses\/","title":{"rendered":"Analyses"},"content":{"rendered":"<h2>Notes :<\/h2>\n<ul>\n<li><a href=\"https:\/\/blog.ube.fr\/droit-inter-ethique\/2020\/12\/22\/revolution-discrete-ou-communication-malheureuse-a-propos-de-la-compilation-des-decisions-adoptees-par-la-cour-internationale-de-justice\/\" target=\"_blank\" rel=\"noopener\">R\u00e9volution discr\u00e8te ou communication malheureuse ? \u00c0 propos de la \u00ab compilation des d\u00e9cisions \u00bb adopt\u00e9es par la Cour internationale de justice en mati\u00e8re d\u2019activit\u00e9s ext\u00e9rieures des juges<\/a>, 22 d\u00e9cembre 2020<\/li>\n<li><a href=\"https:\/\/blog.ube.fr\/droit-inter-ethique\/2020\/12\/16\/remarques-sur-l-appel-pour-une-ethique-des-reseaux-sociaux-de-jean-michel-blanquer\/\" target=\"_blank\" rel=\"noopener\">Remarques sur l\u2019\u00ab appel \u00e0 une \u00e9thique des r\u00e9seaux sociaux \u00bb de Jean-Michel Blanquer<\/a>, 16 d\u00e9cembre 2020<\/li>\n<li><a href=\"https:\/\/blog.ube.fr\/droit-inter-ethique\/2020\/10\/19\/ratification-universelle-de-la-convention-n182-de-loit-sur-le-travail-des-enfants-quelle-place-pour-lethique\/\" target=\"_blank\" rel=\"noopener noreferrer\">Ratification universelle de la convention n\u00b0182 de l\u2019OIT sur le travail des enfants : quelle place pour l\u2019\u00e9thique ?<\/a>, 19 octobre 2020<\/li>\n<li><a href=\"https:\/\/blog.ube.fr\/droit-inter-ethique\/2020\/09\/28\/de-lethique-dans-la-jurisprudence-de-la-cour-internationale-de-justice-lexemple-de-linterdiction-du-recours-a-la-force-dans-larret-activites-militaires-et-paramilitaires-au-nicaragua-et-c-c\/\" target=\"_blank\" rel=\"noopener noreferrer\">De l&#8217;\u00e9thique dans la jurisprudence de la Cour internationale de justice ? L&#8217;exemple de l&#8217;interdiction du recours \u00e0 la force dans l&#8217;arr\u00eat <em>Activit\u00e9s militaires et paramilitaires au Nicaragua et contre celui-ci<\/em><\/a>, 28 septembre 2020<\/li>\n<li><a href=\"https:\/\/blog.ube.fr\/droit-inter-ethique\/2020\/09\/21\/remarques-sur-le-projet-de-code-de-conduite-pour-les-arbitres-cirdi-cnudci\/\" target=\"_blank\" rel=\"noopener noreferrer\">Remarques sur le projet de Code de conduite pour les arbitres CIRDI\/CNUDCI<\/a>, 21 septembre 2020<\/li>\n<\/ul>\n<h2><\/h2>\n<h2>Billets :<\/h2>\n<ul>\n<li><a href=\"https:\/\/blog.ube.fr\/droit-inter-ethique\/2020\/12\/07\/tribune-ethique-des-affaires-il-est-urgent-dagir-a-lonu\/\" target=\"_blank\" rel=\"noopener noreferrer\">Tribune &#8211; \u00c9thique des affaires : il est urgent d&#8217;agir \u00e0 l&#8217;ONU !<\/a>, 7 d\u00e9cembre 2020<\/li>\n<\/ul>\n<p><em>\u00a0<\/em><\/p>\n","protected":false},"excerpt":{"rendered":"<p>Notes : R\u00e9volution discr\u00e8te ou communication malheureuse ? \u00c0 propos de la \u00ab compilation des d\u00e9cisions \u00bb adopt\u00e9es par la Cour internationale de justice en mati\u00e8re d\u2019activit\u00e9s ext\u00e9rieures des juges, 22 d\u00e9cembre 2020 Remarques sur l\u2019\u00ab appel \u00e0 une \u00e9thique des r\u00e9seaux sociaux \u00bb de Jean-Michel Blanquer, 16 d\u00e9cembre 2020 Ratification universelle de la convention<\/p>\n<p><a class=\"button\" href=\"https:\/\/blog.ube.fr\/droit-inter-ethique\/analyses\/\" title=\"More\">  Voir plus \u2192<\/a><\/p>\n","protected":false},"author":395,"featured_media":0,"parent":0,"menu_order":0,"comment_status":"closed","ping_status":"closed","template":"","meta":{"_exactmetrics_skip_tracking":false,"_exactmetrics_sitenote_active":false,"_exactmetrics_sitenote_note":"","_exactmetrics_sitenote_category":0,"footnotes":""},"class_list":["post-19","page","type-page","status-publish","hentry"],"_links":{"self":[{"href":"https:\/\/blog.ube.fr\/droit-inter-ethique\/wp-json\/wp\/v2\/pages\/19","targetHints":{"allow":["GET"]}}],"collection":[{"href":"https:\/\/blog.ube.fr\/droit-inter-ethique\/wp-json\/wp\/v2\/pages"}],"about":[{"href":"https:\/\/blog.ube.fr\/droit-inter-ethique\/wp-json\/wp\/v2\/types\/page"}],"author":[{"embeddable":true,"href":"https:\/\/blog.ube.fr\/droit-inter-ethique\/wp-json\/wp\/v2\/users\/395"}],"replies":[{"embeddable":true,"href":"https:\/\/blog.ube.fr\/droit-inter-ethique\/wp-json\/wp\/v2\/comments?post=19"}],"version-history":[{"count":13,"href":"https:\/\/blog.ube.fr\/droit-inter-ethique\/wp-json\/wp\/v2\/pages\/19\/revisions"}],"predecessor-version":[{"id":260,"href":"https:\/\/blog.ube.fr\/droit-inter-ethique\/wp-json\/wp\/v2\/pages\/19\/revisions\/260"}],"wp:attachment":[{"href":"https:\/\/blog.ube.fr\/droit-inter-ethique\/wp-json\/wp\/v2\/media?parent=19"}],"curies":[{"name":"wp","href":"https:\/\/api.w.org\/{rel}","templated":true}]}}