{"id":131,"date":"2020-09-18T18:06:09","date_gmt":"2020-09-18T16:06:09","guid":{"rendered":"https:\/\/blog.u-bourgogne.fr\/droit-inter-ethique\/?page_id=131"},"modified":"2020-10-20T23:41:02","modified_gmt":"2020-10-20T21:41:02","slug":"bibliographie","status":"publish","type":"page","link":"https:\/\/blog.ube.fr\/droit-inter-ethique\/bibliographie\/","title":{"rendered":"Bibliographie"},"content":{"rendered":"<p>Cette section, en construction permanente et par d\u00e9finition incompl\u00e8te, a pour but de recenser les contributions scientifiques, anglophones et francophones, relatives aux liens entre droit international et \u00e9thique. Les entr\u00e9es recens\u00e9es ne sont pas n\u00e9cessairement focalis\u00e9es sur le droit international, et peuvent \u00e9galement concerner les relations internationales ou plus g\u00e9n\u00e9ralement les rapports th\u00e9oriques entre l&#8217;\u00e9thique et le droit.<\/p>\n<p>Si vous avez connaissance ou \u00eates l&#8217;auteur d&#8217;une contribution ou d&#8217;une publication qui vous semble devoir figurer ici, nous vous saurions gr\u00e9 de bien vouloir nous la transmettre en utilisant le <a href=\"https:\/\/blog.ube.fr\/droit-inter-ethique\/contact\/\" target=\"_blank\" rel=\"noopener noreferrer\">formulaire de contact<\/a>.<\/p>\n<hr \/>\n<h3>Ouvrages<\/h3>\n<p>CHILDRESS III Donald Earl (ed.), <em>The Role of Ethics in International Law<\/em>, CUP, ASIL Studies in International Legal Theory, 2011, 292 p.<\/p>\n<p>CREEADP (coll.), <em>Mondialisation et \u00e9thique des affaires<\/em>, Librairie de l\u2019Universit\u00e9 d\u2019Aix-en-Provence \u00c9diteur, 2003, 331 p.<\/p>\n<p>CRJDD, CREDIMI, Bibliotheca Alexandrina (coll.), <em>L&#8217;\u00c9thique dans les Relations \u00c9conomiques Internationales. En hommage \u00e0 Philippe Fouchard<\/em>, Pedone, 2006, 266 p.<\/p>\n<p>JEANG\u00c8NE VILMER Jean-Baptiste, CHUNG Ryoa, <em>Ethique des relations internationales<\/em>, PUF, 2013, 476 p.<\/p>\n<p>GIESEN Klaus-Gerd, <em>L&#8217;\u00e9thique des relations internationales : les th\u00e9ories anglo-am\u00e9ricaines contemporaines (1939-1989)<\/em>, Bruylant, 1992, 400 p.<\/p>\n<p>MacDONALD Euan, I<em>nternational Law and Ethics After the Critical Challenge. Framing the Legal within the Post-Foundational<\/em>, Martinus Nijhoff Publishers, 2011, 428 p.<\/p>\n<p>PAPAUX Alain, WYLER \u00c9ric, <em>L&#8217;\u00e9thique du droit international<\/em>, PUF, Que sais-je ?, 1998, 127 p.<\/p>\n<p>ROGERS Catherine A., <em>Ethics in International Arbitration<\/em>, OUP, 2014, 416 p.<\/p>\n<p>&nbsp;<\/p>\n<h3>Articles de revues, chapitres d&#8217;ouvrages<\/h3>\n<p>DOMINIC\u00c9 Christian, \u00ab <a href=\"https:\/\/books.openedition.org\/iheid\/1337?lang=fr\" target=\"_blank\" rel=\"noopener noreferrer\">La Cour internationale de Justice et l\u2019\u00e9thique des relations internationales<\/a> \u00bb, <em>in<\/em> DOMINIC\u00c9 Christian, <em>L&#8217;ordre juridique international entre tradition et innovation<\/em>, PUF, 1997, pp. 45-55.<\/p>\n<p>HALPRIN Peter, WAH Stephen, \u00ab <a href=\"https:\/\/scholarship.law.missouri.edu\/cgi\/viewcontent.cgi?article=1789&amp;context=jdr\" target=\"_blank\" rel=\"noopener noreferrer\">Ethics in International Arbitration<\/a> \u00bb, <em>Journal of Dispute Resolution<\/em>, Vol. 2018, Issue 1, 2018, pp. 87-108.<\/p>\n<p>LANGFORD Malcolm, BEHN Danil, HILLEREN LIE Runar, \u00ab <a href=\"https:\/\/esil-sedi.eu\/fr\/esil-reflection-the-ethics-and-empirics-of-double-hatting\/\" target=\"_blank\" rel=\"noopener noreferrer\">The Ethics and Empirics of Double Hatting<\/a> \u00bb, <em>ESIL Reflection<\/em>, vol. 6, issue 7, 2017.<\/p>\n<p>ORSI Silvano Domenico, \u00ab <a href=\"http:\/\/digitalcommons.wcl.american.edu\/cgi\/viewcontent.cgi?article=1036&amp;context=ab\" target=\"_blank\" rel=\"noopener noreferrer\">Ethics in International Arbitration: New Considerations for Arbitrators and Counsel<\/a> \u00bb, <em>The Arbitration Brief<\/em>, vol. 3, 2013, pp. 92-114.<\/p>\n","protected":false},"excerpt":{"rendered":"<p>Cette section, en construction permanente et par d\u00e9finition incompl\u00e8te, a pour but de recenser les contributions scientifiques, anglophones et francophones, relatives aux liens entre droit international et \u00e9thique. Les entr\u00e9es recens\u00e9es ne sont pas n\u00e9cessairement focalis\u00e9es sur le droit international, et peuvent \u00e9galement concerner les relations internationales ou plus g\u00e9n\u00e9ralement les rapports th\u00e9oriques entre l&#8217;\u00e9thique<\/p>\n<p><a class=\"button\" href=\"https:\/\/blog.ube.fr\/droit-inter-ethique\/bibliographie\/\" title=\"More\">  Voir plus \u2192<\/a><\/p>\n","protected":false},"author":3155,"featured_media":0,"parent":0,"menu_order":0,"comment_status":"closed","ping_status":"closed","template":"","meta":{"_exactmetrics_skip_tracking":false,"_exactmetrics_sitenote_active":false,"_exactmetrics_sitenote_note":"","_exactmetrics_sitenote_category":0,"footnotes":""},"class_list":["post-131","page","type-page","status-publish","hentry"],"_links":{"self":[{"href":"https:\/\/blog.ube.fr\/droit-inter-ethique\/wp-json\/wp\/v2\/pages\/131","targetHints":{"allow":["GET"]}}],"collection":[{"href":"https:\/\/blog.ube.fr\/droit-inter-ethique\/wp-json\/wp\/v2\/pages"}],"about":[{"href":"https:\/\/blog.ube.fr\/droit-inter-ethique\/wp-json\/wp\/v2\/types\/page"}],"author":[{"embeddable":true,"href":"https:\/\/blog.ube.fr\/droit-inter-ethique\/wp-json\/wp\/v2\/users\/3155"}],"replies":[{"embeddable":true,"href":"https:\/\/blog.ube.fr\/droit-inter-ethique\/wp-json\/wp\/v2\/comments?post=131"}],"version-history":[{"count":7,"href":"https:\/\/blog.ube.fr\/droit-inter-ethique\/wp-json\/wp\/v2\/pages\/131\/revisions"}],"predecessor-version":[{"id":224,"href":"https:\/\/blog.ube.fr\/droit-inter-ethique\/wp-json\/wp\/v2\/pages\/131\/revisions\/224"}],"wp:attachment":[{"href":"https:\/\/blog.ube.fr\/droit-inter-ethique\/wp-json\/wp\/v2\/media?parent=131"}],"curies":[{"name":"wp","href":"https:\/\/api.w.org\/{rel}","templated":true}]}}