{"id":13,"date":"2020-09-17T14:19:06","date_gmt":"2020-09-17T12:19:06","guid":{"rendered":"https:\/\/blog.u-bourgogne.fr\/droit-inter-ethique\/?page_id=13"},"modified":"2020-09-21T22:27:16","modified_gmt":"2020-09-21T20:27:16","slug":"le-credimi","status":"publish","type":"page","link":"https:\/\/blog.ube.fr\/droit-inter-ethique\/le-blog\/le-credimi\/","title":{"rendered":"Le CREDIMI"},"content":{"rendered":"<p>Fond\u00e9 en 1967 par Philippe Kahn, Directeur de recherche CNRS, avec l&#8217;appui du Recteur Jacques Dehaussy, le Centre de Recherche sur le Droit des March\u00e9s et des Investissements Internationaux de Dijon (CREDIMI) a \u00e9t\u00e9 reconnu en tant qu\u2019\u00e9quipe de recherche du CNRS jusqu\u2019en 2017.<\/p>\n<p>Dirig\u00e9 successivement par Philippe Kahn, \u00c9ric Loquin, Laurence Ravillon puis Clotilde Fortier, le CREDIMI est le centre n\u00e9vralgique de &#8220;l&#8217;\u00c9cole de Dijon&#8221;. Sur la base d&#8217;une approche pluraliste des ordres juridiques influenc\u00e9e par les travaux de Santi Romano, ses membres, inspir\u00e9s par les id\u00e9es de <a href=\"http:\/\/www.sfdi.org\/internationalistes\/goldman\/\" target=\"_blank\" rel=\"noopener noreferrer\">Berthold Goldman<\/a> et ses disciples &#8211; comme <a href=\"http:\/\/www.sfdi.org\/internationalistes\/fouchard\/\" target=\"_blank\" rel=\"noopener noreferrer\">Philippe Fouchard<\/a> &#8211; quant \u00e0 l&#8217;existence de la <em>lex mercatoria<\/em>, offrent une lecture interdisciplinaire du droit des march\u00e9s, de l&#8217;arbitrage et des investissements.<\/p>\n<p>Le <a href=\"https:\/\/blog.ube.fr\/droit-inter-ethique\/le-projet-inter-ethique\/\" target=\"_blank\" rel=\"noopener noreferrer\">projet INTER-\u00c9THIQUE<\/a> s&#8217;inscrit r\u00e9solument dans la philosophie du CREDIMI, partant notamment du postulat pluraliste selon lequel il existe des ordres juridiques transnationaux, en particulier au sein des entreprises multinationales.<\/p>\n<p>Visitez le site du CREDIMI en cliquant sur son logo :<\/p>\n<p>&nbsp;<\/p>\n<p><a href=\"https:\/\/credimi.u-bourgogne.fr\/\" target=\"_blank\" rel=\"noopener noreferrer\"><img loading=\"lazy\" decoding=\"async\" class=\"aligncenter wp-image-93 size-full\" src=\"https:\/\/blog.ube.fr\/droit-inter-ethique\/wp-content\/uploads\/sites\/146\/2020\/09\/Logo-CREDIMI.jpg\" alt=\"\" width=\"200\" height=\"128\" \/><\/a><\/p>\n<div class=\"SnapLinksContainer\" style=\"margin-left: 0px;margin-top: 0px\">\n<div class=\"SL_SelectionRect\">\n<div class=\"SL_SelectionLabel\"><\/div>\n<\/div>\n<p><!-- Used for easily cloning the properly namespaced rect --><\/p>\n<\/div>\n","protected":false},"excerpt":{"rendered":"<p>Fond\u00e9 en 1967 par Philippe Kahn, Directeur de recherche CNRS, avec l&#8217;appui du Recteur Jacques Dehaussy, le Centre de Recherche sur le Droit des March\u00e9s et des Investissements Internationaux de Dijon (CREDIMI) a \u00e9t\u00e9 reconnu en tant qu\u2019\u00e9quipe de recherche du CNRS jusqu\u2019en 2017. Dirig\u00e9 successivement par Philippe Kahn, \u00c9ric Loquin, Laurence Ravillon puis Clotilde<\/p>\n<p><a class=\"button\" href=\"https:\/\/blog.ube.fr\/droit-inter-ethique\/le-blog\/le-credimi\/\" title=\"More\">  Voir plus \u2192<\/a><\/p>\n","protected":false},"author":395,"featured_media":0,"parent":5,"menu_order":0,"comment_status":"closed","ping_status":"closed","template":"","meta":{"_exactmetrics_skip_tracking":false,"_exactmetrics_sitenote_active":false,"_exactmetrics_sitenote_note":"","_exactmetrics_sitenote_category":0,"footnotes":""},"class_list":["post-13","page","type-page","status-publish","hentry"],"_links":{"self":[{"href":"https:\/\/blog.ube.fr\/droit-inter-ethique\/wp-json\/wp\/v2\/pages\/13","targetHints":{"allow":["GET"]}}],"collection":[{"href":"https:\/\/blog.ube.fr\/droit-inter-ethique\/wp-json\/wp\/v2\/pages"}],"about":[{"href":"https:\/\/blog.ube.fr\/droit-inter-ethique\/wp-json\/wp\/v2\/types\/page"}],"author":[{"embeddable":true,"href":"https:\/\/blog.ube.fr\/droit-inter-ethique\/wp-json\/wp\/v2\/users\/395"}],"replies":[{"embeddable":true,"href":"https:\/\/blog.ube.fr\/droit-inter-ethique\/wp-json\/wp\/v2\/comments?post=13"}],"version-history":[{"count":4,"href":"https:\/\/blog.ube.fr\/droit-inter-ethique\/wp-json\/wp\/v2\/pages\/13\/revisions"}],"predecessor-version":[{"id":95,"href":"https:\/\/blog.ube.fr\/droit-inter-ethique\/wp-json\/wp\/v2\/pages\/13\/revisions\/95"}],"up":[{"embeddable":true,"href":"https:\/\/blog.ube.fr\/droit-inter-ethique\/wp-json\/wp\/v2\/pages\/5"}],"wp:attachment":[{"href":"https:\/\/blog.ube.fr\/droit-inter-ethique\/wp-json\/wp\/v2\/media?parent=13"}],"curies":[{"name":"wp","href":"https:\/\/api.w.org\/{rel}","templated":true}]}}