{"id":877,"date":"2025-05-20T11:53:51","date_gmt":"2025-05-20T09:53:51","guid":{"rendered":"https:\/\/blog.u-bourgogne.fr\/droit-du-travail\/?page_id=877"},"modified":"2025-05-20T11:53:51","modified_gmt":"2025-05-20T09:53:51","slug":"planning-previsionnel-du-dte-2025-2027","status":"publish","type":"page","link":"https:\/\/blog.ube.fr\/droit-du-travail\/planning-previsionnel-du-dte-2025-2027\/","title":{"rendered":"Planning pr\u00e9visionnel DU DTE &#8211; 2025-2027"},"content":{"rendered":"<p><span style=\"color: #a10e2f;\"><em><strong>N.B. : Sous r\u00e9serve de modification<\/strong><\/em><\/span><\/p>\n<p><strong>Pour rappel :<\/strong><\/p>\n<ul>\n<li>5 modules au choix<\/li>\n<li>5 web conf\u00e9rences<\/li>\n<li>5 ateliers en pr\u00e9sentiel<\/li>\n<li>1 visioconf\u00e9rence en proc\u00e9dure prud\u2019homale<\/li>\n<\/ul>\n<h2><span style=\"color: #000000;\"><strong>Ann\u00e9e universitaire 2025-2026<\/strong><\/span><\/h2>\n<p><span style=\"color: #a10e2f;\">Rentr\u00e9e DU DTE : Jeudi 11 et vendredi 12 sept 2025 <strong>en pr\u00e9sentiel<\/strong><\/span><\/p>\n<p><strong>Jeudi :<\/strong><\/p>\n<ul>\n<li>9h30\/12h30 : Pr\u00e9sentation formation + m\u00e9thode cas pratique<\/li>\n<li>14h\/18h : m\u00e9thode lecture arr\u00eat<\/li>\n<\/ul>\n<p><strong>Vendredi :<\/strong><\/p>\n<ul>\n<li>8h30\/12h : m\u00e9thode veilles et actualit\u00e9s<\/li>\n<li>13h30\/17h : outils num\u00e9riques<\/li>\n<\/ul>\n<h2><span style=\"color: #a10e2f;\">\u00a0Modules \u00ab Gestion temps de travail \u00bb ou \u00ab finalit\u00e9s \u00bb \u00e0 compter du 12 sept. 2025<\/span><\/h2>\n<ul>\n<li><strong>Vendredi 3 octobre 2025<\/strong> : visio CM \u00ab proc\u00e9dure prud\u2019homale \u00bb (14h-16h)<\/li>\n<li><strong>Vend. 10 octobre 2025<\/strong> : Web conf\u00e9rence module choisi (12h30-14h)<\/li>\n<li><strong>Jeudi 6 (apr\u00e8s-midi) et vendredi 7 novembre 2025 (matin)<\/strong> : regroupement <strong>en pr\u00e9sentiel<\/strong><\/li>\n<\/ul>\n<h2><span style=\"color: #a10e2f;\">Module \u00ab CSE \u00bb \u00e0 compter du 7 nov. 2025<\/span><\/h2>\n<ul>\n<li><strong>Vendredi 5 d\u00e9cembre 2025<\/strong> : Web conf\u00e9rence \u00ab CSE \u00bb (12h30-14h00)<\/li>\n<li><strong>Jeudi 8 (apr\u00e8s-midi) et vendredi 9 janvier 2024 (journ\u00e9e)<\/strong> : regroupement <strong>en pr\u00e9sentiel<\/strong><\/li>\n<\/ul>\n<h2><span style=\"color: #a10e2f;\">Module \u00ab Droit social international \u00bb \u00e0 compter du 9 janvier 2026<\/span><\/h2>\n<ul>\n<li><strong>Vendredi 6 f\u00e9vrier 2026<\/strong> : Web conf\u00e9rence \u00ab Droit social international\u00bb (12h30-14h)<\/li>\n<li><strong>Jeudi 5 (apr\u00e8s-midi) et vendredi 6 mars 2026 (matin)<\/strong> : regroupement <strong>en pr\u00e9sentiel<\/strong><\/li>\n<\/ul>\n<h2><span style=\"color: #a10e2f;\">Module \u00ab Sant\u00e9 au travail \u00bb \u00e0 compter du 6 mars 2026<\/span><\/h2>\n<ul>\n<li><strong>Vendredi 3 avril 2026<\/strong> : Web conf\u00e9rence \u00ab Sant\u00e9 au travail \u00bb (12h30-14h)<\/li>\n<li><strong>Jeudi 23 (apr\u00e8s-midi) et vend. 24 avril 2026 (journ\u00e9e)<\/strong> : Regroupement <strong>en pr\u00e9sentiel<\/strong><\/li>\n<\/ul>\n<h2><span style=\"color: #a10e2f;\">Module \u00abGestion paie \u00bb ou \u00ab Am\u00e9nagement temps de travail et t\u00e9l\u00e9travail \u00bb \u00e0 compter du 24 avril 2026 :<\/span><\/h2>\n<ul>\n<li><strong>Vendredi 29 mai 2026<\/strong> : Web conf. Module choisi(12h30-14h)<\/li>\n<li><strong>Jeudi 25 juin (apr\u00e8s-midi) et vendredi 26 juin 2026 (matin)<\/strong> : Regroupement<strong> en pr\u00e9sentiel<\/strong><\/li>\n<\/ul>\n<h1>Ann\u00e9e universitaire 2026-2027 :<\/h1>\n<h2><span style=\"color: #a10e2f;\">Module \u00ab Formation professionnelle\u00bb ou \u00ab Droit p\u00e9nal du travail \u00bb \u00e0 compter du 11 sept. 2026<\/span><\/h2>\n<ul>\n<li><strong>Vendredi 16 octobre 2026<\/strong> : web conf\u00e9rence module choisi (12h30-14h)<\/li>\n<li><strong>Jeudi 12 (apr\u00e8s-midi) et vendredi 13 novembre 2026 (matin)<\/strong> : regroupement <strong>en pr\u00e9sentiel<\/strong><\/li>\n<\/ul>\n<h2><span style=\"color: #a10e2f;\">Module \u00abRSE et entreprise durable \u00bb ou \u00ab Contentieux complexes \u00bb \u00e0 compter du 13 nov. 2026<\/span><\/h2>\n<ul>\n<li><strong>Vendredi 11 d\u00e9cembre 2026<\/strong> : Web conf\u00e9rence module choisi (12h30-14h)<\/li>\n<li><strong>Jeudi 14 (apr\u00e8s-midi) et vend. 15 janvier 2027 (matin)<\/strong> : regroupement <strong>en pr\u00e9sentiel<\/strong><\/li>\n<\/ul>\n<h2><span style=\"color: #a10e2f;\">Module \u00ab R\u00e9organisations \u00bb \u00e0 compter du 15 janvier 2027<\/span><\/h2>\n<ul>\n<li><strong>Vendredi 12 ou 19 f\u00e9vrier 2027 (\u00e0 pr\u00e9ciser ult\u00e9rieurement)<\/strong> : Web conf\u00e9rence \u00ab R\u00e9organisations \u00bb (12h30-14h)<\/li>\n<li><strong>Jeudi 11 (apr\u00e8s-midi) et vend. 12 mars 2027 (journ\u00e9e)<\/strong> : Regroupement <strong>en pr\u00e9sentiel<\/strong><\/li>\n<\/ul>\n<h2><span style=\"color: #a10e2f;\">Module \u00ab TPE\u00bb \u00e0 compter du 12 mars 2027<\/span><\/h2>\n<ul>\n<li><strong>Vendredi 9 avril ou 16 avril 2027 (\u00e0 pr\u00e9ciser ult\u00e9rieurement)<\/strong> : Web conf\u00e9rence \u00ab TPE\u00bb (12h30-14h)<\/li>\n<li><strong>Jeudi 13 (apr\u00e8s-midi) et vendredi 14 mai 2027 (journ\u00e9e) :<\/strong> Regroupement <strong>en pr\u00e9sentiel<\/strong><\/li>\n<\/ul>\n<h2><span style=\"color: #a10e2f;\">Module \u00ab N\u00e9gociation collective \u00bb \u00e0 compter du 14 mai 2027<\/span><\/h2>\n<ul>\n<li><strong>Vendredi 11 juin 2027<\/strong> : Web conf\u00e9rence \u00ab N\u00e9gociation collective \u00bb (12h30-14h)<\/li>\n<li><strong>Jeudi 1er (apr\u00e8s-midi) et vendredi 2 juillet 2027 (journ\u00e9e)<\/strong> : Regroupement<strong> en pr\u00e9sentiel<\/strong><\/li>\n<\/ul>\n","protected":false},"excerpt":{"rendered":"<p>N.B. : Sous r\u00e9serve de modification Pour rappel : 5 modules au choix 5 web conf\u00e9rences 5 ateliers en pr\u00e9sentiel 1 visioconf\u00e9rence en proc\u00e9dure prud\u2019homale Ann\u00e9e universitaire 2025-2026 Rentr\u00e9e DU DTE : Jeudi 11 et vendredi 12 sept 2025 en pr\u00e9sentiel Jeudi : 9h30\/12h30 : Pr\u00e9sentation formation + m\u00e9thode cas pratique 14h\/18h : m\u00e9thode lecture&hellip;<\/p>\n<p class=\"more-link-p\"><a class=\"btn btn-primary\" href=\"https:\/\/blog.ube.fr\/droit-du-travail\/planning-previsionnel-du-dte-2025-2027\/\">Voir plus &rarr;<\/a><\/p>\n","protected":false},"author":3615,"featured_media":0,"parent":0,"menu_order":0,"comment_status":"closed","ping_status":"closed","template":"","meta":{"footnotes":""},"class_list":["post-877","page","type-page","status-publish","hentry"],"_links":{"self":[{"href":"https:\/\/blog.ube.fr\/droit-du-travail\/wp-json\/wp\/v2\/pages\/877","targetHints":{"allow":["GET"]}}],"collection":[{"href":"https:\/\/blog.ube.fr\/droit-du-travail\/wp-json\/wp\/v2\/pages"}],"about":[{"href":"https:\/\/blog.ube.fr\/droit-du-travail\/wp-json\/wp\/v2\/types\/page"}],"author":[{"embeddable":true,"href":"https:\/\/blog.ube.fr\/droit-du-travail\/wp-json\/wp\/v2\/users\/3615"}],"replies":[{"embeddable":true,"href":"https:\/\/blog.ube.fr\/droit-du-travail\/wp-json\/wp\/v2\/comments?post=877"}],"version-history":[{"count":2,"href":"https:\/\/blog.ube.fr\/droit-du-travail\/wp-json\/wp\/v2\/pages\/877\/revisions"}],"predecessor-version":[{"id":879,"href":"https:\/\/blog.ube.fr\/droit-du-travail\/wp-json\/wp\/v2\/pages\/877\/revisions\/879"}],"wp:attachment":[{"href":"https:\/\/blog.ube.fr\/droit-du-travail\/wp-json\/wp\/v2\/media?parent=877"}],"curies":[{"name":"wp","href":"https:\/\/api.w.org\/{rel}","templated":true}]}}