{"id":62,"date":"2017-02-21T09:26:37","date_gmt":"2017-02-21T08:26:37","guid":{"rendered":"http:\/\/blog.u-bourgogne.fr\/droit-du-travail\/?page_id=62"},"modified":"2026-03-11T16:04:46","modified_gmt":"2026-03-11T15:04:46","slug":"du-dta","status":"publish","type":"page","link":"https:\/\/blog.ube.fr\/droit-du-travail\/du-dta\/","title":{"rendered":"Dipl\u00f4me Universitaire Droit du Travail Appliqu\u00e9"},"content":{"rendered":"<p><span style=\"color: #a10e2f;\"><strong>CERTIFICATION<\/strong><\/span><\/p>\n<p>Cette formation d\u00e9livre la certification &#8220;Pratiquer le droit du travail&#8221; enregistr\u00e9e au <a href=\"https:\/\/www.francecompetences.fr\/recherche\/rs\/6667\/\"><span style=\"color: #a10e2f;\">R\u00e9pertoire Sp\u00e9cifique (France comp\u00e9tences) sous le num\u00e9ro &#8220;RS6667&#8221;<\/span>. <\/a><\/p>\n<p>La formation est \u00e9ligible au CPF.<\/p>\n<p><img loading=\"lazy\" decoding=\"async\" class=\"alignnone size-medium wp-image-713\" src=\"http:\/\/blog.ube.fr\/droit-du-travail\/wp-content\/uploads\/sites\/71\/2024\/07\/logoFC-CERTIFICATION-repertoirespecifique-300x150.png\" alt=\"Logo France Comp\u00e9tences inscription de la formation au R\u00e9pertoire Sp\u00e9cifique\" width=\"300\" height=\"150\" srcset=\"https:\/\/blog.ube.fr\/droit-du-travail\/wp-content\/uploads\/sites\/71\/2024\/07\/logoFC-CERTIFICATION-repertoirespecifique-300x150.png 300w, https:\/\/blog.ube.fr\/droit-du-travail\/wp-content\/uploads\/sites\/71\/2024\/07\/logoFC-CERTIFICATION-repertoirespecifique-1024x512.png 1024w, https:\/\/blog.ube.fr\/droit-du-travail\/wp-content\/uploads\/sites\/71\/2024\/07\/logoFC-CERTIFICATION-repertoirespecifique-768x384.png 768w, https:\/\/blog.ube.fr\/droit-du-travail\/wp-content\/uploads\/sites\/71\/2024\/07\/logoFC-CERTIFICATION-repertoirespecifique.png 1183w\" sizes=\"auto, (max-width: 300px) 100vw, 300px\" \/><\/p>\n<p><span style=\"font-size: 14pt; color: #ff6600;\"><strong><span style=\"color: #e84d0e;\"><span style=\"color: #a10e2f;\">DISPOSITIF<\/span><br \/>\n<\/span><\/strong><\/span>Le <span style=\"color: #a10e2f;\"><a style=\"color: #a10e2f;\" href=\"http:\/\/www.u-bourgogne-formation.fr\/-Fiche-Formation-ouverte-a-Distance,2553-.html\">Dipl\u00f4me Universitaire Droit du Travail Appliqu\u00e9<\/a><\/span> est une formation :<\/p>\n<ul style=\"list-style-type: disc;\">\n<li>Hybride<strong> en partie \u00e0 distance<\/strong> (65%) avec <strong>6 regroupements d\u2019une journ\u00e9e<\/strong><\/li>\n<li>D\u2019une dur\u00e9e de <strong>120 h sur un an<\/strong><\/li>\n<li>Accessible<strong> \u00e0 partir d\u2019un niveau baccalaur\u00e9at<\/strong><\/li>\n<\/ul>\n<p><span style=\"font-size: 14pt; color: #ff6600;\"><strong><span style=\"color: #e84d0e;\"><span style=\"color: #a10e2f;\">OBJECTIF<\/span><br \/>\n<\/span><\/strong><\/span><\/p>\n<p>L\u2019objectif de cette formation est d\u2019acqu\u00e9rir des connaissances et des comp\u00e9tences fondamentales et pratiques en droit du travail \u00e0 partir de situations concr\u00e8tes, conform\u00e9ment \u00e0 la <span style=\"color: #a10e2f;\"><a style=\"color: #a10e2f;\" href=\"https:\/\/blog.ube.fr\/droit-du-travail\/competences-visees\/\">certification \u00ab\u00a0pratiquer le droit du travail\u00a0\u00bb<\/a><\/span><\/p>\n<p><span style=\"font-size: 14pt; color: #a10e2f;\"><strong>PUBLIC<\/strong><\/span><\/p>\n<p>Le Dipl\u00f4me Universitaire Droit du Travail Appliqu\u00e9 est une formation<\/p>\n<ul>\n<li>Pour les professionnels du secteur priv\u00e9 : professionnels RH, comptables, gestionnaires de paie, chefs d\u2019entreprise,<\/li>\n<li>Pour les titulaires de mandats \u00e9lectifs ou mandats externes : conseiller Prud\u2019hommes, conseiller du salari\u00e9, d\u00e9fenseur syndical<\/li>\n<li>Pour toute personne souhaitant une compl\u00e9ter une formation juridique : juriste, avocat, etc.<\/li>\n<\/ul>\n<p>&nbsp;<\/p>\n","protected":false},"excerpt":{"rendered":"<p>CERTIFICATION Cette formation d\u00e9livre la certification &#8220;Pratiquer le droit du travail&#8221; enregistr\u00e9e au R\u00e9pertoire Sp\u00e9cifique (France comp\u00e9tences) sous le num\u00e9ro &#8220;RS6667&#8221;. La formation est \u00e9ligible au CPF. DISPOSITIF Le Dipl\u00f4me Universitaire Droit du Travail Appliqu\u00e9 est une formation : Hybride en partie \u00e0 distance (65%) avec 6 regroupements d\u2019une journ\u00e9e D\u2019une dur\u00e9e de 120 h&hellip;<\/p>\n<p class=\"more-link-p\"><a class=\"btn btn-primary\" href=\"https:\/\/blog.ube.fr\/droit-du-travail\/du-dta\/\">Voir plus &rarr;<\/a><\/p>\n","protected":false},"author":345,"featured_media":0,"parent":0,"menu_order":0,"comment_status":"closed","ping_status":"closed","template":"","meta":{"footnotes":""},"class_list":["post-62","page","type-page","status-publish","hentry"],"_links":{"self":[{"href":"https:\/\/blog.ube.fr\/droit-du-travail\/wp-json\/wp\/v2\/pages\/62","targetHints":{"allow":["GET"]}}],"collection":[{"href":"https:\/\/blog.ube.fr\/droit-du-travail\/wp-json\/wp\/v2\/pages"}],"about":[{"href":"https:\/\/blog.ube.fr\/droit-du-travail\/wp-json\/wp\/v2\/types\/page"}],"author":[{"embeddable":true,"href":"https:\/\/blog.ube.fr\/droit-du-travail\/wp-json\/wp\/v2\/users\/345"}],"replies":[{"embeddable":true,"href":"https:\/\/blog.ube.fr\/droit-du-travail\/wp-json\/wp\/v2\/comments?post=62"}],"version-history":[{"count":23,"href":"https:\/\/blog.ube.fr\/droit-du-travail\/wp-json\/wp\/v2\/pages\/62\/revisions"}],"predecessor-version":[{"id":942,"href":"https:\/\/blog.ube.fr\/droit-du-travail\/wp-json\/wp\/v2\/pages\/62\/revisions\/942"}],"wp:attachment":[{"href":"https:\/\/blog.ube.fr\/droit-du-travail\/wp-json\/wp\/v2\/media?parent=62"}],"curies":[{"name":"wp","href":"https:\/\/api.w.org\/{rel}","templated":true}]}}