{"id":22,"date":"2022-11-18T16:31:06","date_gmt":"2022-11-18T15:31:06","guid":{"rendered":"https:\/\/blog.u-bourgogne.fr\/doctorantsduledi\/?page_id=22"},"modified":"2023-12-12T09:50:17","modified_gmt":"2023-12-12T08:50:17","slug":"a-la-une","status":"publish","type":"page","link":"https:\/\/blog.ube.fr\/doctorantsduledi\/a-la-une\/","title":{"rendered":"\u00c0 LA UNE"},"content":{"rendered":"<p><strong>Journ\u00e9e Inter-Doctorale, Cesaer, Crese et LEDi, Dijon, 12 D\u00e9cembre 2023.<\/strong><\/p>\n<p>Une journ\u00e9e organis\u00e9e \u00e0 la Maison des Sciences de l&#8217;Homme, \u00e0 l&#8217;Universit\u00e9 de Bourgogne, \u00e0 Dijon propose une rencontre exceptionnelle et une mise \u00e0 l&#8217;honneur des doctorants des Laboratoires CRESE, CESAER et LEDi. Cette journ\u00e9e a pour objectif de valoriser les travaux de chaque doctorant ainsi que d&#8217;une diffusion des connaissances et comp\u00e9tences acquises au cours des nombreuses ann\u00e9es de th\u00e8ses de chacun. Les \u00e9changes entre doctorants promeut des \u00e9changes scientifiques \u00e9conomiques, \u00e9conom\u00e9triques, statistiques et math\u00e9matiques sur de nombreux champs \u00e9conomiques (\u00e9conomie urbaine et biodiversit\u00e9, processus de Markov, innovation et productivit\u00e9, r\u00e9gulation environnementale, &#8230;). Cette journ\u00e9e encourage les \u00e9changes entre doctorants mais aussi entre professeur et enseignant-chercheur.<\/p>\n<p>&nbsp;<\/p>\n<p><img loading=\"lazy\" decoding=\"async\" class=\"alignnone size-medium wp-image-239\" src=\"https:\/\/blog.ube.fr\/doctorantsduledi\/wp-content\/uploads\/sites\/180\/2023\/12\/JID-300x111.png\" alt=\"\" width=\"300\" height=\"111\" srcset=\"https:\/\/blog.ube.fr\/doctorantsduledi\/wp-content\/uploads\/sites\/180\/2023\/12\/JID-300x111.png 300w, https:\/\/blog.ube.fr\/doctorantsduledi\/wp-content\/uploads\/sites\/180\/2023\/12\/JID.png 324w\" sizes=\"auto, (max-width: 300px) 100vw, 300px\" \/><\/p>\n<p>&nbsp;<\/p>\n<p>&nbsp;<\/p>\n<p><!--nextpage--><\/p>\n<p><strong>The 21st International Workshop in Spatial Econometrics and Statistics (<span id=\"DWT241\" class=\"ZmSearchResult\"><span id=\"DWT252\" class=\"ZmSearchResult\">SEW<\/span><\/span> 2023)<\/strong> is planned to be held stationary in Dijon, France on 25-26 May 2023.<\/p>\n<p>The aim of this international workshop is to promote and to develop scientific exchanges between economists, econometricians, statisticians and mathematicians on spatial econometrics and statistics and their applications in several fields of economics. The workshop reinforces and encourages exchanges between senior and junior researchers involved in spatial statistics and econometrics.<\/p>\n<p>All submissions in the fields of spatial statistics and spatial econometrics are welcome (theory, methodology, applications) and it will be of special interest those contributions that are within the scope of environmental issues and public policy evaluation.<\/p>\n<p>During the workshop, the <strong>Cem Ertur Prize<\/strong> will be given to honor outstanding research by a junior researcher related to spatial statistics and spatial econometrics.<\/p>\n<p>&nbsp;<\/p>\n<p><img loading=\"lazy\" decoding=\"async\" class=\"alignnone wp-image-30 \" src=\"https:\/\/blog.ube.fr\/doctorantsduledi\/wp-content\/uploads\/sites\/180\/2023\/01\/logo-Ledi-2.jpg\" alt=\"\" width=\"168\" height=\"84\" srcset=\"https:\/\/blog.ube.fr\/doctorantsduledi\/wp-content\/uploads\/sites\/180\/2023\/01\/logo-Ledi-2.jpg 945w, https:\/\/blog.ube.fr\/doctorantsduledi\/wp-content\/uploads\/sites\/180\/2023\/01\/logo-Ledi-2-768x384.jpg 768w\" sizes=\"auto, (max-width: 168px) 100vw, 168px\" \/><\/p>\n","protected":false},"excerpt":{"rendered":"<p>Journ\u00e9e Inter-Doctorale, Cesaer, Crese et LEDi, Dijon, 12 D\u00e9cembre 2023. Une journ\u00e9e organis\u00e9e \u00e0 la Maison des Sciences de l&#8217;Homme, \u00e0 l&#8217;Universit\u00e9 de Bourgogne, \u00e0 Dijon propose une rencontre exceptionnelle et une mise \u00e0 l&#8217;honneur des doctorants des Laboratoires CRESE, CESAER et LEDi. Cette journ\u00e9e a pour objectif de valoriser les travaux de chaque doctorant&hellip;<\/p>\n<p class=\"more-link-p\"><a class=\"btn btn-primary\" href=\"https:\/\/blog.ube.fr\/doctorantsduledi\/a-la-une\/\">Voir plus &rarr;<\/a><\/p>\n","protected":false},"author":4406,"featured_media":0,"parent":0,"menu_order":0,"comment_status":"closed","ping_status":"closed","template":"","meta":{"footnotes":""},"class_list":["post-22","page","type-page","status-publish","hentry"],"_links":{"self":[{"href":"https:\/\/blog.ube.fr\/doctorantsduledi\/wp-json\/wp\/v2\/pages\/22","targetHints":{"allow":["GET"]}}],"collection":[{"href":"https:\/\/blog.ube.fr\/doctorantsduledi\/wp-json\/wp\/v2\/pages"}],"about":[{"href":"https:\/\/blog.ube.fr\/doctorantsduledi\/wp-json\/wp\/v2\/types\/page"}],"author":[{"embeddable":true,"href":"https:\/\/blog.ube.fr\/doctorantsduledi\/wp-json\/wp\/v2\/users\/4406"}],"replies":[{"embeddable":true,"href":"https:\/\/blog.ube.fr\/doctorantsduledi\/wp-json\/wp\/v2\/comments?post=22"}],"version-history":[{"count":5,"href":"https:\/\/blog.ube.fr\/doctorantsduledi\/wp-json\/wp\/v2\/pages\/22\/revisions"}],"predecessor-version":[{"id":241,"href":"https:\/\/blog.ube.fr\/doctorantsduledi\/wp-json\/wp\/v2\/pages\/22\/revisions\/241"}],"wp:attachment":[{"href":"https:\/\/blog.ube.fr\/doctorantsduledi\/wp-json\/wp\/v2\/media?parent=22"}],"curies":[{"name":"wp","href":"https:\/\/api.w.org\/{rel}","templated":true}]}}

À LA UNE

<p><strong>Journée Inter-Doctorale, Cesaer, Crese et LEDi, Dijon, 12 Décembre 2023.</strong></p>
<p>Une journée organisée à la Maison des Sciences de l&#8217;Homme, à l&#8217;Université de Bourgogne, à Dijon propose une rencontre exceptionnelle et une mise à l&#8217;honneur des doctorants des Laboratoires CRESE, CESAER et LEDi. Cette journée a pour objectif de valoriser les travaux de chaque doctorant ainsi que d&#8217;une diffusion des connaissances et compétences acquises au cours des nombreuses années de thèses de chacun. Les échanges entre doctorants promeut des échanges scientifiques économiques, économétriques, statistiques et mathématiques sur de nombreux champs économiques (économie urbaine et biodiversité, processus de Markov, innovation et productivité, régulation environnementale, &#8230;). Cette journée encourage les échanges entre doctorants mais aussi entre professeur et enseignant-chercheur.</p>
<p>&nbsp;</p>
<p><img loading="lazy" decoding="async" class="alignnone size-medium wp-image-239" src="https://blog.ube.fr/doctorantsduledi/wp-content/uploads/sites/180/2023/12/JID-300x111.png" alt="" width="300" height="111" srcset="https://blog.ube.fr/doctorantsduledi/wp-content/uploads/sites/180/2023/12/JID-300x111.png 300w, https://blog.ube.fr/doctorantsduledi/wp-content/uploads/sites/180/2023/12/JID.png 324w" sizes="auto, (max-width: 300px) 100vw, 300px" /></p>
<p>&nbsp;</p>
<p>&nbsp;</p>
<p><!--nextpage--></p>
<p><strong>The 21st International Workshop in Spatial Econometrics and Statistics (<span id="DWT241" class="ZmSearchResult"><span id="DWT252" class="ZmSearchResult">SEW</span></span> 2023)</strong> is planned to be held stationary in Dijon, France on 25-26 May 2023.</p>
<p>The aim of this international workshop is to promote and to develop scientific exchanges between economists, econometricians, statisticians and mathematicians on spatial econometrics and statistics and their applications in several fields of economics. The workshop reinforces and encourages exchanges between senior and junior researchers involved in spatial statistics and econometrics.</p>
<p>All submissions in the fields of spatial statistics and spatial econometrics are welcome (theory, methodology, applications) and it will be of special interest those contributions that are within the scope of environmental issues and public policy evaluation.</p>
<p>During the workshop, the <strong>Cem Ertur Prize</strong> will be given to honor outstanding research by a junior researcher related to spatial statistics and spatial econometrics.</p>
<p>&nbsp;</p>
<p><img loading="lazy" decoding="async" class="alignnone wp-image-30 " src="https://blog.ube.fr/doctorantsduledi/wp-content/uploads/sites/180/2023/01/logo-Ledi-2.jpg" alt="" width="168" height="84" srcset="https://blog.ube.fr/doctorantsduledi/wp-content/uploads/sites/180/2023/01/logo-Ledi-2.jpg 945w, https://blog.ube.fr/doctorantsduledi/wp-content/uploads/sites/180/2023/01/logo-Ledi-2-768x384.jpg 768w" sizes="auto, (max-width: 168px) 100vw, 168px" /></p>

<p>Journée Inter-Doctorale, Cesaer, Crese et LEDi, Dijon, 12 Décembre 2023. Une journée organisée à la Maison des Sciences de l&#8217;Homme, à l&#8217;Université de Bourgogne, à Dijon propose une rencontre exceptionnelle et une mise à l&#8217;honneur des doctorants des Laboratoires CRESE, CESAER et LEDi. Cette journée a pour objectif de valoriser les travaux de chaque doctorant&hellip;</p>
<p class="more-link-p"><a class="btn btn-primary" href="https://blog.ube.fr/doctorantsduledi/a-la-une/">Voir plus &rarr;</a></p>
