{"id":15,"date":"2022-11-18T16:26:31","date_gmt":"2022-11-18T15:26:31","guid":{"rendered":"https:\/\/blog.u-bourgogne.fr\/doctorantsduledi\/?page_id=15"},"modified":"2022-11-18T16:49:18","modified_gmt":"2022-11-18T15:49:18","slug":"communication","status":"publish","type":"page","link":"https:\/\/blog.ube.fr\/doctorantsduledi\/communication\/","title":{"rendered":"Atelier et Forum doctoral"},"content":{"rendered":"<p class=\"intertitre\">L&#8217;atelier de recherche doctorale<\/p>\n<p><strong>L&#8217;Atelier de recherche doctorale<\/strong> permet aux doctorants de <strong>pr\u00e9senter leurs travaux devant un public<\/strong> r\u00e9unissant les enseignants-chercheurs et les doctorants \u00e9conomistes, dans des conditions similaires \u00e0 celles d&#8217;un colloque. Les ateliers sont <strong>ouverts \u00e0 tous les doctorants de sciences \u00e9conomiques<\/strong>, qu\u2019ils soient int\u00e9gr\u00e9s au LEDi ou aux autres laboratoires du Grand Campus (CESAER, Ideru, ESC).<\/p>\n<p>&nbsp;<\/p>\n<p class=\"intertitre\">Le forum doctoral<\/p>\n<p><strong>Le Forum doctoral<\/strong>, organis\u00e9 <strong>par les doctorants pour les doctorants<\/strong> a une double vocation. Il s&#8217;agit tout d&#8217;abord de favoriser les <strong>\u00e9changes scientifiques<\/strong> entre doctorants, au-del\u00e0 de leur \u00e9quipe ou de leur th\u00e9matique de recherche, par des s\u00e9minaires r\u00e9guliers qui leur sont r\u00e9serv\u00e9s pour pr\u00e9senter leurs travaux \u00ab en interne \u00bb, avec l&#8217;accord de leur directeur de th\u00e8se<\/p>\n<p>&nbsp;<\/p>\n","protected":false},"excerpt":{"rendered":"<p>L&#8217;atelier de recherche doctorale L&#8217;Atelier de recherche doctorale permet aux doctorants de pr\u00e9senter leurs travaux devant un public r\u00e9unissant les enseignants-chercheurs et les doctorants \u00e9conomistes, dans des conditions similaires \u00e0 celles d&#8217;un colloque. Les ateliers sont ouverts \u00e0 tous les doctorants de sciences \u00e9conomiques, qu\u2019ils soient int\u00e9gr\u00e9s au LEDi ou aux autres laboratoires du Grand&hellip;<\/p>\n<p class=\"more-link-p\"><a class=\"btn btn-primary\" href=\"https:\/\/blog.ube.fr\/doctorantsduledi\/communication\/\">Voir plus &rarr;<\/a><\/p>\n","protected":false},"author":4406,"featured_media":0,"parent":0,"menu_order":0,"comment_status":"closed","ping_status":"closed","template":"","meta":{"footnotes":""},"class_list":["post-15","page","type-page","status-publish","hentry"],"_links":{"self":[{"href":"https:\/\/blog.ube.fr\/doctorantsduledi\/wp-json\/wp\/v2\/pages\/15","targetHints":{"allow":["GET"]}}],"collection":[{"href":"https:\/\/blog.ube.fr\/doctorantsduledi\/wp-json\/wp\/v2\/pages"}],"about":[{"href":"https:\/\/blog.ube.fr\/doctorantsduledi\/wp-json\/wp\/v2\/types\/page"}],"author":[{"embeddable":true,"href":"https:\/\/blog.ube.fr\/doctorantsduledi\/wp-json\/wp\/v2\/users\/4406"}],"replies":[{"embeddable":true,"href":"https:\/\/blog.ube.fr\/doctorantsduledi\/wp-json\/wp\/v2\/comments?post=15"}],"version-history":[{"count":4,"href":"https:\/\/blog.ube.fr\/doctorantsduledi\/wp-json\/wp\/v2\/pages\/15\/revisions"}],"predecessor-version":[{"id":26,"href":"https:\/\/blog.ube.fr\/doctorantsduledi\/wp-json\/wp\/v2\/pages\/15\/revisions\/26"}],"wp:attachment":[{"href":"https:\/\/blog.ube.fr\/doctorantsduledi\/wp-json\/wp\/v2\/media?parent=15"}],"curies":[{"name":"wp","href":"https:\/\/api.w.org\/{rel}","templated":true}]}}

<p class="intertitre">L&#8217;atelier de recherche doctorale</p>
<p><strong>L&#8217;Atelier de recherche doctorale</strong> permet aux doctorants de <strong>présenter leurs travaux devant un public</strong> réunissant les enseignants-chercheurs et les doctorants économistes, dans des conditions similaires à celles d&#8217;un colloque. Les ateliers sont <strong>ouverts à tous les doctorants de sciences économiques</strong>, qu’ils soient intégrés au LEDi ou aux autres laboratoires du Grand Campus (CESAER, Ideru, ESC).</p>
<p>&nbsp;</p>
<p class="intertitre">Le forum doctoral</p>
<p><strong>Le Forum doctoral</strong>, organisé <strong>par les doctorants pour les doctorants</strong> a une double vocation. Il s&#8217;agit tout d&#8217;abord de favoriser les <strong>échanges scientifiques</strong> entre doctorants, au-delà de leur équipe ou de leur thématique de recherche, par des séminaires réguliers qui leur sont réservés pour présenter leurs travaux « en interne », avec l&#8217;accord de leur directeur de thèse</p>
<p>&nbsp;</p>

<p>L&#8217;atelier de recherche doctorale L&#8217;Atelier de recherche doctorale permet aux doctorants de présenter leurs travaux devant un public réunissant les enseignants-chercheurs et les doctorants économistes, dans des conditions similaires à celles d&#8217;un colloque. Les ateliers sont ouverts à tous les doctorants de sciences économiques, qu’ils soient intégrés au LEDi ou aux autres laboratoires du Grand&hellip;</p>
<p class="more-link-p"><a class="btn btn-primary" href="https://blog.ube.fr/doctorantsduledi/communication/">Voir plus &rarr;</a></p>
