{"id":2,"date":"2018-06-25T14:22:56","date_gmt":"2018-06-25T12:22:56","guid":{"rendered":"http:\/\/blog.u-bourgogne.fr\/chorale-u\/?page_id=2"},"modified":"2025-08-19T15:58:04","modified_gmt":"2025-08-19T13:58:04","slug":"page-d-exemple","status":"publish","type":"page","link":"https:\/\/blog.ube.fr\/chorale-u\/page-d-exemple\/","title":{"rendered":"Historique"},"content":{"rendered":"<h1>Aventures Vocales&#8230;<\/h1>\n<p>Depuis 2012, la Chorale Universitaire de Bourgogne a d\u00e9velopp\u00e9 le projet\u00a0<strong><em>Aventures Vocales.<\/em><\/strong>\u00a0Le but : de mieux \u00e9voquer le travail que les choristes y effectuent. En effet, chaque ann\u00e9e est l&#8217;occasion pour les choristes amateurs ou exp\u00e9riment\u00e9s de se former au chant. Et ceci gr\u00e2ce \u00e0 notre chef de ch\u0153ur, <strong>Fr\u00e9d\u00e9rique Magnien<\/strong>, et \u00e0 des intervenants occasionnels qui sont des professionnels de diff\u00e9rents aspects de la technique vocale. Cette formation incite les choristes volontaires \u00e0 s&#8217;engager dans des chants \u00e0 un par voix ou des solis. Cette exp\u00e9rience leur donnent l&#8217;occasion de s&#8217;assumer et de progresser rapidement. D&#8217;autre part, ce travail de recherche vocale est poursuivi par l&#8217;\u00e9laboration d&#8217;une mise en espace adapt\u00e9e qui favorise le chant et son interpr\u00e9tation. Cette dimension de recherche et de formation permet aux choristes de trouver une coh\u00e9sion, qui permet \u00e0 la fois l&#8217;efficacit\u00e9 et la convivialit\u00e9. <strong>Yves Mory<\/strong> nous a accompagn\u00e9s au piano jusqu&#8217;en 2021, puis <strong>Estelle Dattin,<\/strong> \u00e9tudiante \u00e0 l&#8217;\u00e9cole sup\u00e9rieur de musique de Dijon, nous accompagne jusqu&#8217;en juin 2024. <strong>Caroline Schmid<\/strong> a repris le flambeau depuis la rentr\u00e9e 2024 et nous apporte sa riche exp\u00e9rience en Jazz, musiques traditionnelles du monde et en tant qu&#8217;enseignante de piano et accompagnatrice de chorales.<\/p>\n<h1>Quelques souvenirs&#8230;<\/h1>\n<p>Durant les ann\u00e9es pr\u00e9c\u00e9dentes, la formation a \u00e9t\u00e9 centr\u00e9e sur l\u2019aspect <strong>stylistique<\/strong> :\u00a0<em>Baroqueries \u00e0 la cour !\u00a0<\/em>, en 2009-2010 avec l\u2019ensemble <strong>\u00ab La Salamandre \u00bb<\/strong>, dirig\u00e9 par <strong>Benoit Tainturier<\/strong>. Et th\u00e9matique : programmes\u00a0<em>Guerre et Paix\u00a0<\/em>, en 2010-2011,\u00a0<em>La Ronde des saisons\u00a0<\/em>, en 2011-2012 et\u00a0<em>Virevoltes\u00a0<\/em>, sur le th\u00e8me de la danse en 2012-2013. L&#8217;ann\u00e9e 2013-2014 a \u00e9t\u00e9 l&#8217;occasion de travailler autour de l&#8217;\u0153uvre <strong>Didon et En\u00e9e<\/strong>, de Purcell, avec le programme\u00a0<em>T\u00eates de bois &amp; C\u0153urs de Pierre\u00a0<\/em>. En 2014-2015, autour du programme\u00a0<em>Le Cru et le Cuit\u00a0<\/em>, nous avons chant\u00e9 le go\u00fbt, le vin et les climats de Bourgogne.<\/p>\n<p>En 2015-2016, nous vous avons <strong>invit\u00e9 au voyage<\/strong>&#8230; Puis en 2016-2017, nous vous avons parl\u00e9 d&#8217;<strong>illusions et de r\u00e9alit\u00e9s<\/strong> avec l&#8217;aide d&#8217;un prestidigitateur&#8230; En 2017-2018, notre programme &#8220;<strong>Women in Love<\/strong>&#8221; a pr\u00e9sent\u00e9 la palette des sentiments amoureux ! En 2018-2019, nous vous avons <strong>cont\u00e9 la nuit<\/strong>. De 2019 \u00e0 2021, nous avons chant\u00e9 <strong>le vin et ses plaisirs<\/strong> ! En 2021-2022, nous avons plong\u00e9 dans le th\u00e8me &#8220;<strong>A l&#8217;eau, j&#8217;\u00e9coute !<\/strong>&#8221; En 2022-2023, nous avons d\u00e9couvert &#8220;<strong>Le d\u00e9saccord en musique<\/strong>&#8221; ; en 2023-2024, nous avons distingu\u00e9 &#8220;<strong>Nature vs Technologie<\/strong>&#8221; et en 2024-2025, nous avons abord\u00e9 la relation entre &#8220;<strong>Saisons et \u00e9motions&#8221;.<\/strong><\/p>\n<p><img loading=\"lazy\" decoding=\"async\" class=\"alignnone size-medium wp-image-238\" src=\"http:\/\/blog.ube.fr\/chorale-u\/wp-content\/uploads\/sites\/116\/2025\/08\/31344F82-41BA-4391-B541-534F5471AE01-212x300.png\" alt=\"\" width=\"212\" height=\"300\" srcset=\"https:\/\/blog.ube.fr\/chorale-u\/wp-content\/uploads\/sites\/116\/2025\/08\/31344F82-41BA-4391-B541-534F5471AE01-212x300.png 212w, https:\/\/blog.ube.fr\/chorale-u\/wp-content\/uploads\/sites\/116\/2025\/08\/31344F82-41BA-4391-B541-534F5471AE01.png 453w\" sizes=\"auto, (max-width: 212px) 100vw, 212px\" \/><\/p>\n<p><img loading=\"lazy\" decoding=\"async\" class=\"alignnone wp-image-224\" src=\"http:\/\/blog.ube.fr\/chorale-u\/wp-content\/uploads\/sites\/116\/2025\/08\/affiche-vogue-2024-1-213x300.jpg\" alt=\"\" width=\"215\" height=\"303\" srcset=\"https:\/\/blog.ube.fr\/chorale-u\/wp-content\/uploads\/sites\/116\/2025\/08\/affiche-vogue-2024-1-213x300.jpg 213w, https:\/\/blog.ube.fr\/chorale-u\/wp-content\/uploads\/sites\/116\/2025\/08\/affiche-vogue-2024-1-727x1024.jpg 727w, https:\/\/blog.ube.fr\/chorale-u\/wp-content\/uploads\/sites\/116\/2025\/08\/affiche-vogue-2024-1-768x1082.jpg 768w, https:\/\/blog.ube.fr\/chorale-u\/wp-content\/uploads\/sites\/116\/2025\/08\/affiche-vogue-2024-1.jpg 828w\" sizes=\"auto, (max-width: 215px) 100vw, 215px\" \/> <img loading=\"lazy\" decoding=\"async\" class=\"alignnone wp-image-223\" src=\"http:\/\/blog.ube.fr\/chorale-u\/wp-content\/uploads\/sites\/116\/2025\/08\/Affiche-athe-2023-1-212x300.jpg\" alt=\"\" width=\"216\" height=\"305\" srcset=\"https:\/\/blog.ube.fr\/chorale-u\/wp-content\/uploads\/sites\/116\/2025\/08\/Affiche-athe-2023-1-212x300.jpg 212w, https:\/\/blog.ube.fr\/chorale-u\/wp-content\/uploads\/sites\/116\/2025\/08\/Affiche-athe-2023-1-724x1024.jpg 724w, https:\/\/blog.ube.fr\/chorale-u\/wp-content\/uploads\/sites\/116\/2025\/08\/Affiche-athe-2023-1-768x1086.jpg 768w, https:\/\/blog.ube.fr\/chorale-u\/wp-content\/uploads\/sites\/116\/2025\/08\/Affiche-athe-2023-1-1086x1536.jpg 1086w, https:\/\/blog.ube.fr\/chorale-u\/wp-content\/uploads\/sites\/116\/2025\/08\/Affiche-athe-2023-1.jpg 1448w\" sizes=\"auto, (max-width: 216px) 100vw, 216px\" \/><\/p>\n<p><img loading=\"lazy\" decoding=\"async\" class=\"alignnone wp-image-187\" src=\"http:\/\/blog.ube.fr\/chorale-u\/wp-content\/uploads\/sites\/116\/2022\/08\/affiche-vogue-2022-212x300.jpg\" alt=\"\" width=\"219\" height=\"309\" srcset=\"https:\/\/blog.ube.fr\/chorale-u\/wp-content\/uploads\/sites\/116\/2022\/08\/affiche-vogue-2022-212x300.jpg 212w, https:\/\/blog.ube.fr\/chorale-u\/wp-content\/uploads\/sites\/116\/2022\/08\/affiche-vogue-2022-724x1024.jpg 724w, https:\/\/blog.ube.fr\/chorale-u\/wp-content\/uploads\/sites\/116\/2022\/08\/affiche-vogue-2022-768x1086.jpg 768w, https:\/\/blog.ube.fr\/chorale-u\/wp-content\/uploads\/sites\/116\/2022\/08\/affiche-vogue-2022-1086x1536.jpg 1086w, https:\/\/blog.ube.fr\/chorale-u\/wp-content\/uploads\/sites\/116\/2022\/08\/affiche-vogue-2022-1448x2048.jpg 1448w, https:\/\/blog.ube.fr\/chorale-u\/wp-content\/uploads\/sites\/116\/2022\/08\/affiche-vogue-2022-scaled.jpg 1810w\" sizes=\"auto, (max-width: 219px) 100vw, 219px\" \/> <img loading=\"lazy\" decoding=\"async\" class=\"alignnone wp-image-186\" src=\"http:\/\/blog.ube.fr\/chorale-u\/wp-content\/uploads\/sites\/116\/2022\/08\/Affiche-rentree-2019-213x300.png\" alt=\"\" width=\"217\" height=\"305\" srcset=\"https:\/\/blog.ube.fr\/chorale-u\/wp-content\/uploads\/sites\/116\/2022\/08\/Affiche-rentree-2019-213x300.png 213w, https:\/\/blog.ube.fr\/chorale-u\/wp-content\/uploads\/sites\/116\/2022\/08\/Affiche-rentree-2019.png 677w\" sizes=\"auto, (max-width: 217px) 100vw, 217px\" \/> <img loading=\"lazy\" decoding=\"async\" class=\"alignnone wp-image-184\" src=\"http:\/\/blog.ube.fr\/chorale-u\/wp-content\/uploads\/sites\/116\/2022\/08\/Affiche-rentree-2018-rouge-208x300.jpeg\" alt=\"\" width=\"213\" height=\"307\" srcset=\"https:\/\/blog.ube.fr\/chorale-u\/wp-content\/uploads\/sites\/116\/2022\/08\/Affiche-rentree-2018-rouge-208x300.jpeg 208w, https:\/\/blog.ube.fr\/chorale-u\/wp-content\/uploads\/sites\/116\/2022\/08\/Affiche-rentree-2018-rouge-711x1024.jpeg 711w, https:\/\/blog.ube.fr\/chorale-u\/wp-content\/uploads\/sites\/116\/2022\/08\/Affiche-rentree-2018-rouge-768x1106.jpeg 768w, https:\/\/blog.ube.fr\/chorale-u\/wp-content\/uploads\/sites\/116\/2022\/08\/Affiche-rentree-2018-rouge-1066x1536.jpeg 1066w, https:\/\/blog.ube.fr\/chorale-u\/wp-content\/uploads\/sites\/116\/2022\/08\/Affiche-rentree-2018-rouge.jpeg 1080w\" sizes=\"auto, (max-width: 213px) 100vw, 213px\" \/><img loading=\"lazy\" decoding=\"async\" class=\"alignnone wp-image-51\" src=\"http:\/\/blog.ube.fr\/chorale-u\/wp-content\/uploads\/sites\/116\/2018\/06\/Affiche-Hotel-Vogu\u00e9-210x300.jpg\" alt=\"\" width=\"212\" height=\"303\" srcset=\"https:\/\/blog.ube.fr\/chorale-u\/wp-content\/uploads\/sites\/116\/2018\/06\/Affiche-Hotel-Vogu\u00e9-210x300.jpg 210w, https:\/\/blog.ube.fr\/chorale-u\/wp-content\/uploads\/sites\/116\/2018\/06\/Affiche-Hotel-Vogu\u00e9.jpg 605w\" sizes=\"auto, (max-width: 212px) 100vw, 212px\" \/><\/p>\n<h1>Notre philosophie<\/h1>\n<p>En 50 ans de pr\u00e9sence sur le campus, la Chorale Universitaire de Bourgogne \u00e9vite toute sp\u00e9cialisation dans un genre musical particulier. Bien au contraire, notre cheffe de ch\u0153ur a le souci d&#8217;aborder des \u0153uvres de styles, de genres et d&#8217;\u00e9poques diff\u00e9rents.\u00a0R\u00e9guli\u00e8rement, nous faisons appel \u00e0 des intervenants ext\u00e9rieurs pour former les choristes. Nous faisons ainsi des acquisitions fondamentales qui permettent le \u00ab sonner ensemble \u00bb. Elles aident chaque chanteur \u00e0 faire le lien entre ce que l\u2019oreille per\u00e7oit et ce que le corps peut faire en chantant, par exemple avec le travail men\u00e9 par <strong>Da\u00efnouri Choque<\/strong>. Ce travail s&#8217;est prolong\u00e9 sur le lien voix\/corps dans une exp\u00e9rience de mise en espace avec <strong>Alain Maucci.<\/strong> Puis <strong>Marie-Pierre Labrune<\/strong> nous a aid\u00e9s \u00e0 faire le lien entre le corps et l&#8217;\u00e9coute. <strong>Claire Simard<\/strong> de la compagnie dijonnaise <strong>&#8220;L&#8217;\u00e9claircie&#8221;<\/strong> nous a aid\u00e9 \u00e0 mettre en sc\u00e8ne nos concerts. Puis c&#8217;est le br\u00e9silien <strong>Eduardo Lopes<\/strong> qui nous a form\u00e9 \u00e0 la m\u00e9thode rythmique &#8220;O Passo&#8221;. Plus r\u00e9cemment nous avons travaill\u00e9 avec <strong>Isma\u00ebl Gutierrez<\/strong> et <strong>Caroline Figuiera<\/strong> sur la mise en espace. Et derni\u00e8rement avec <strong>Marie-Lyne Aubry <\/strong>afin de travailler le son du ch\u0153ur et homog\u00e9n\u00e9iser les voix<strong>.<\/strong><\/p>\n","protected":false},"excerpt":{"rendered":"<p>Aventures Vocales&#8230; Depuis 2012, la Chorale Universitaire de Bourgogne a d\u00e9velopp\u00e9 le projet\u00a0Aventures Vocales.\u00a0Le but : de mieux \u00e9voquer le travail que les choristes y effectuent. En effet, chaque ann\u00e9e est l&#8217;occasion pour les choristes amateurs ou exp\u00e9riment\u00e9s de se former au chant. Et ceci gr\u00e2ce \u00e0 notre chef de ch\u0153ur, Fr\u00e9d\u00e9rique Magnien, et \u00e0&hellip;<\/p>\n<p class=\"more-link-p\"><a class=\"btn btn-primary\" href=\"https:\/\/blog.ube.fr\/chorale-u\/page-d-exemple\/\">Voir plus &rarr;<\/a><\/p>\n","protected":false},"author":379,"featured_media":45,"parent":0,"menu_order":2,"comment_status":"closed","ping_status":"closed","template":"","meta":{"footnotes":""},"class_list":["post-2","page","type-page","status-publish","has-post-thumbnail","hentry"],"_links":{"self":[{"href":"https:\/\/blog.ube.fr\/chorale-u\/wp-json\/wp\/v2\/pages\/2","targetHints":{"allow":["GET"]}}],"collection":[{"href":"https:\/\/blog.ube.fr\/chorale-u\/wp-json\/wp\/v2\/pages"}],"about":[{"href":"https:\/\/blog.ube.fr\/chorale-u\/wp-json\/wp\/v2\/types\/page"}],"author":[{"embeddable":true,"href":"https:\/\/blog.ube.fr\/chorale-u\/wp-json\/wp\/v2\/users\/379"}],"replies":[{"embeddable":true,"href":"https:\/\/blog.ube.fr\/chorale-u\/wp-json\/wp\/v2\/comments?post=2"}],"version-history":[{"count":30,"href":"https:\/\/blog.ube.fr\/chorale-u\/wp-json\/wp\/v2\/pages\/2\/revisions"}],"predecessor-version":[{"id":240,"href":"https:\/\/blog.ube.fr\/chorale-u\/wp-json\/wp\/v2\/pages\/2\/revisions\/240"}],"wp:featuredmedia":[{"embeddable":true,"href":"https:\/\/blog.ube.fr\/chorale-u\/wp-json\/wp\/v2\/media\/45"}],"wp:attachment":[{"href":"https:\/\/blog.ube.fr\/chorale-u\/wp-json\/wp\/v2\/media?parent=2"}],"curies":[{"name":"wp","href":"https:\/\/api.w.org\/{rel}","templated":true}]}}

<h1>Aventures Vocales&#8230;</h1>
<p>Depuis 2012, la Chorale Universitaire de Bourgogne a développé le projet <strong><em>Aventures Vocales.</em></strong> Le but : de mieux évoquer le travail que les choristes y effectuent. En effet, chaque année est l&#8217;occasion pour les choristes amateurs ou expérimentés de se former au chant. Et ceci grâce à notre chef de chœur, <strong>Frédérique Magnien</strong>, et à des intervenants occasionnels qui sont des professionnels de différents aspects de la technique vocale. Cette formation incite les choristes volontaires à s&#8217;engager dans des chants à un par voix ou des solis. Cette expérience leur donnent l&#8217;occasion de s&#8217;assumer et de progresser rapidement. D&#8217;autre part, ce travail de recherche vocale est poursuivi par l&#8217;élaboration d&#8217;une mise en espace adaptée qui favorise le chant et son interprétation. Cette dimension de recherche et de formation permet aux choristes de trouver une cohésion, qui permet à la fois l&#8217;efficacité et la convivialité. <strong>Yves Mory</strong> nous a accompagnés au piano jusqu&#8217;en 2021, puis <strong>Estelle Dattin,</strong> étudiante à l&#8217;école supérieur de musique de Dijon, nous accompagne jusqu&#8217;en juin 2024. <strong>Caroline Schmid</strong> a repris le flambeau depuis la rentrée 2024 et nous apporte sa riche expérience en Jazz, musiques traditionnelles du monde et en tant qu&#8217;enseignante de piano et accompagnatrice de chorales.</p>
<h1>Quelques souvenirs&#8230;</h1>
<p>Durant les années précédentes, la formation a été centrée sur l’aspect <strong>stylistique</strong> : <em>Baroqueries à la cour ! </em>, en 2009-2010 avec l’ensemble <strong>« La Salamandre »</strong>, dirigé par <strong>Benoit Tainturier</strong>. Et thématique : programmes <em>Guerre et Paix </em>, en 2010-2011, <em>La Ronde des saisons </em>, en 2011-2012 et <em>Virevoltes </em>, sur le thème de la danse en 2012-2013. L&#8217;année 2013-2014 a été l&#8217;occasion de travailler autour de l&#8217;œuvre <strong>Didon et Enée</strong>, de Purcell, avec le programme <em>Têtes de bois &amp; Cœurs de Pierre </em>. En 2014-2015, autour du programme <em>Le Cru et le Cuit </em>, nous avons chanté le goût, le vin et les climats de Bourgogne.</p>
<p>En 2015-2016, nous vous avons <strong>invité au voyage</strong>&#8230; Puis en 2016-2017, nous vous avons parlé d&#8217;<strong>illusions et de réalités</strong> avec l&#8217;aide d&#8217;un prestidigitateur&#8230; En 2017-2018, notre programme &#8220;<strong>Women in Love</strong>&#8221; a présenté la palette des sentiments amoureux ! En 2018-2019, nous vous avons <strong>conté la nuit</strong>. De 2019 à 2021, nous avons chanté <strong>le vin et ses plaisirs</strong> ! En 2021-2022, nous avons plongé dans le thème &#8220;<strong>A l&#8217;eau, j&#8217;écoute !</strong>&#8221; En 2022-2023, nous avons découvert &#8220;<strong>Le désaccord en musique</strong>&#8221; ; en 2023-2024, nous avons distingué &#8220;<strong>Nature vs Technologie</strong>&#8221; et en 2024-2025, nous avons abordé la relation entre &#8220;<strong>Saisons et émotions&#8221;.</strong></p>
<p><img loading="lazy" decoding="async" class="alignnone size-medium wp-image-238" src="http://blog.ube.fr/chorale-u/wp-content/uploads/sites/116/2025/08/31344F82-41BA-4391-B541-534F5471AE01-212x300.png" alt="" width="212" height="300" srcset="https://blog.ube.fr/chorale-u/wp-content/uploads/sites/116/2025/08/31344F82-41BA-4391-B541-534F5471AE01-212x300.png 212w, https://blog.ube.fr/chorale-u/wp-content/uploads/sites/116/2025/08/31344F82-41BA-4391-B541-534F5471AE01.png 453w" sizes="auto, (max-width: 212px) 100vw, 212px" /></p>
<p><img loading="lazy" decoding="async" class="alignnone wp-image-224" src="http://blog.ube.fr/chorale-u/wp-content/uploads/sites/116/2025/08/affiche-vogue-2024-1-213x300.jpg" alt="" width="215" height="303" srcset="https://blog.ube.fr/chorale-u/wp-content/uploads/sites/116/2025/08/affiche-vogue-2024-1-213x300.jpg 213w, https://blog.ube.fr/chorale-u/wp-content/uploads/sites/116/2025/08/affiche-vogue-2024-1-727x1024.jpg 727w, https://blog.ube.fr/chorale-u/wp-content/uploads/sites/116/2025/08/affiche-vogue-2024-1-768x1082.jpg 768w, https://blog.ube.fr/chorale-u/wp-content/uploads/sites/116/2025/08/affiche-vogue-2024-1.jpg 828w" sizes="auto, (max-width: 215px) 100vw, 215px" /> <img loading="lazy" decoding="async" class="alignnone wp-image-223" src="http://blog.ube.fr/chorale-u/wp-content/uploads/sites/116/2025/08/Affiche-athe-2023-1-212x300.jpg" alt="" width="216" height="305" srcset="https://blog.ube.fr/chorale-u/wp-content/uploads/sites/116/2025/08/Affiche-athe-2023-1-212x300.jpg 212w, https://blog.ube.fr/chorale-u/wp-content/uploads/sites/116/2025/08/Affiche-athe-2023-1-724x1024.jpg 724w, https://blog.ube.fr/chorale-u/wp-content/uploads/sites/116/2025/08/Affiche-athe-2023-1-768x1086.jpg 768w, https://blog.ube.fr/chorale-u/wp-content/uploads/sites/116/2025/08/Affiche-athe-2023-1-1086x1536.jpg 1086w, https://blog.ube.fr/chorale-u/wp-content/uploads/sites/116/2025/08/Affiche-athe-2023-1.jpg 1448w" sizes="auto, (max-width: 216px) 100vw, 216px" /></p>
<p><img loading="lazy" decoding="async" class="alignnone wp-image-187" src="http://blog.ube.fr/chorale-u/wp-content/uploads/sites/116/2022/08/affiche-vogue-2022-212x300.jpg" alt="" width="219" height="309" srcset="https://blog.ube.fr/chorale-u/wp-content/uploads/sites/116/2022/08/affiche-vogue-2022-212x300.jpg 212w, https://blog.ube.fr/chorale-u/wp-content/uploads/sites/116/2022/08/affiche-vogue-2022-724x1024.jpg 724w, https://blog.ube.fr/chorale-u/wp-content/uploads/sites/116/2022/08/affiche-vogue-2022-768x1086.jpg 768w, https://blog.ube.fr/chorale-u/wp-content/uploads/sites/116/2022/08/affiche-vogue-2022-1086x1536.jpg 1086w, https://blog.ube.fr/chorale-u/wp-content/uploads/sites/116/2022/08/affiche-vogue-2022-1448x2048.jpg 1448w, https://blog.ube.fr/chorale-u/wp-content/uploads/sites/116/2022/08/affiche-vogue-2022-scaled.jpg 1810w" sizes="auto, (max-width: 219px) 100vw, 219px" /> <img loading="lazy" decoding="async" class="alignnone wp-image-186" src="http://blog.ube.fr/chorale-u/wp-content/uploads/sites/116/2022/08/Affiche-rentree-2019-213x300.png" alt="" width="217" height="305" srcset="https://blog.ube.fr/chorale-u/wp-content/uploads/sites/116/2022/08/Affiche-rentree-2019-213x300.png 213w, https://blog.ube.fr/chorale-u/wp-content/uploads/sites/116/2022/08/Affiche-rentree-2019.png 677w" sizes="auto, (max-width: 217px) 100vw, 217px" /> <img loading="lazy" decoding="async" class="alignnone wp-image-184" src="http://blog.ube.fr/chorale-u/wp-content/uploads/sites/116/2022/08/Affiche-rentree-2018-rouge-208x300.jpeg" alt="" width="213" height="307" srcset="https://blog.ube.fr/chorale-u/wp-content/uploads/sites/116/2022/08/Affiche-rentree-2018-rouge-208x300.jpeg 208w, https://blog.ube.fr/chorale-u/wp-content/uploads/sites/116/2022/08/Affiche-rentree-2018-rouge-711x1024.jpeg 711w, https://blog.ube.fr/chorale-u/wp-content/uploads/sites/116/2022/08/Affiche-rentree-2018-rouge-768x1106.jpeg 768w, https://blog.ube.fr/chorale-u/wp-content/uploads/sites/116/2022/08/Affiche-rentree-2018-rouge-1066x1536.jpeg 1066w, https://blog.ube.fr/chorale-u/wp-content/uploads/sites/116/2022/08/Affiche-rentree-2018-rouge.jpeg 1080w" sizes="auto, (max-width: 213px) 100vw, 213px" /><img loading="lazy" decoding="async" class="alignnone wp-image-51" src="http://blog.ube.fr/chorale-u/wp-content/uploads/sites/116/2018/06/Affiche-Hotel-Vogué-210x300.jpg" alt="" width="212" height="303" srcset="https://blog.ube.fr/chorale-u/wp-content/uploads/sites/116/2018/06/Affiche-Hotel-Vogué-210x300.jpg 210w, https://blog.ube.fr/chorale-u/wp-content/uploads/sites/116/2018/06/Affiche-Hotel-Vogué.jpg 605w" sizes="auto, (max-width: 212px) 100vw, 212px" /></p>
<h1>Notre philosophie</h1>
<p>En 50 ans de présence sur le campus, la Chorale Universitaire de Bourgogne évite toute spécialisation dans un genre musical particulier. Bien au contraire, notre cheffe de chœur a le souci d&#8217;aborder des œuvres de styles, de genres et d&#8217;époques différents. Régulièrement, nous faisons appel à des intervenants extérieurs pour former les choristes. Nous faisons ainsi des acquisitions fondamentales qui permettent le « sonner ensemble ». Elles aident chaque chanteur à faire le lien entre ce que l’oreille perçoit et ce que le corps peut faire en chantant, par exemple avec le travail mené par <strong>Daïnouri Choque</strong>. Ce travail s&#8217;est prolongé sur le lien voix/corps dans une expérience de mise en espace avec <strong>Alain Maucci.</strong> Puis <strong>Marie-Pierre Labrune</strong> nous a aidés à faire le lien entre le corps et l&#8217;écoute. <strong>Claire Simard</strong> de la compagnie dijonnaise <strong>&#8220;L&#8217;éclaircie&#8221;</strong> nous a aidé à mettre en scène nos concerts. Puis c&#8217;est le brésilien <strong>Eduardo Lopes</strong> qui nous a formé à la méthode rythmique &#8220;O Passo&#8221;. Plus récemment nous avons travaillé avec <strong>Ismaël Gutierrez</strong> et <strong>Caroline Figuiera</strong> sur la mise en espace. Et dernièrement avec <strong>Marie-Lyne Aubry </strong>afin de travailler le son du chœur et homogénéiser les voix<strong>.</strong></p>

<p>Aventures Vocales&#8230; Depuis 2012, la Chorale Universitaire de Bourgogne a développé le projet Aventures Vocales. Le but : de mieux évoquer le travail que les choristes y effectuent. En effet, chaque année est l&#8217;occasion pour les choristes amateurs ou expérimentés de se former au chant. Et ceci grâce à notre chef de chœur, Frédérique Magnien, et à&hellip;</p>
<p class="more-link-p"><a class="btn btn-primary" href="https://blog.ube.fr/chorale-u/page-d-exemple/">Voir plus &rarr;</a></p>
