{"id":2347,"date":"2025-09-03T11:02:59","date_gmt":"2025-09-03T09:02:59","guid":{"rendered":"https:\/\/blog.u-bourgogne.fr\/chaire-smart-city\/?page_id=2347"},"modified":"2025-09-03T11:10:41","modified_gmt":"2025-09-03T09:10:41","slug":"axe-1-transitions-intelligentes-sciences-des-techniques-de-lenvironnement-ia","status":"publish","type":"page","link":"https:\/\/blog.ube.fr\/chaire-smart-city\/axe-1-transitions-intelligentes-sciences-des-techniques-de-lenvironnement-ia\/","title":{"rendered":"Axe 1 : Transitions Intelligentes &#8211; Sciences des techniques, de l&#8217;environnement &#038; IA"},"content":{"rendered":"<p><strong>Contexte<\/strong><br \/>\nL&#8217;axe du p\u00f4le IA de l\u2019UBE sur les transitions intelligentes cherche \u00e0 f\u00e9d\u00e9rer les recherches de pointe<br \/>\ndans les domaines de l\u2019\u00e9cologie, de la science des mat\u00e9riaux ou de l\u2019am\u00e9nagement du territoire pour<br \/>\nmod\u00e9liser, comprendre et pr\u00e9dire la transformation des milieux urbains, industriels ou ruraux et la<br \/>\nd\u00e9clinaison r\u00e9gionale des changements globaux, ceci pour mieux adresser les adaptations futures du<br \/>\nterritoire. En d\u00e9veloppant des recherches int\u00e9gr\u00e9es, proposant des solutions fond\u00e9es sur l\u2019IA, cet axe<br \/>\nparticipera par exemple \u00e0 la mutation des environnements urbains vers des villes intelligentes,<br \/>\ndurables et d\u00e9carbon\u00e9es, mutation n\u00e9cessaire pour amorcer la transition \u00e9nerg\u00e9tique et l\u2019adaptation<br \/>\nau changement climatique.<br \/>\nCes recherches innovantes croiseront des recherches sur le climat, l&#8217;\u00e9cologie, les sciences de<br \/>\nl&#8217;\u00e9volution, les nanosciences, les mat\u00e9riaux intelligents, l&#8217;architecture et la construction, la robotique<br \/>\net l\u2019\u00e9lectronique ou encore le traitement du signal et des images en temps r\u00e9el avec l\u2019\u00e9conomie, les<br \/>\npolitiques publiques, l\u2019am\u00e9nagement urbain et l\u2019\u00e9co-conception. En se fondant sur le potentiel de l\u2019IA<br \/>\npour int\u00e9grer, interop\u00e9rer et augmenter des donn\u00e9es complexes, h\u00e9t\u00e9rog\u00e8nes, ainsi qu&#8217;asseoir des<br \/>\nraisonnements sur ces donn\u00e9es, elles permettront une r\u00e9flexion sur les impacts environnementaux<br \/>\ndes mat\u00e9riaux et des formes dans l\u2019espace urbain, plus g\u00e9n\u00e9ralement sur nos soci\u00e9t\u00e9s et les<br \/>\npopulations animales et v\u00e9g\u00e9tales, ainsi que l\u2019accompagnement des acteurs socio-\u00e9conomiques pour<br \/>\nla mise en \u0153uvre des transitions technologiques comme l\u2019Industrie 4.0 ou les nanotechnologies.<\/p>\n<p>&nbsp;<\/p>\n<p><strong>D\u00e9fi 1. Des donn\u00e9es int\u00e9gr\u00e9es pour une compr\u00e9hension globale de la transition<\/strong><br \/>\nL\u2019expertise interdisciplinaire pr\u00e9sente au sein de l\u2019UBE, dans les domaines vari\u00e9s des sciences de<br \/>\nl\u2019environnement (\u00e9cologie, climat, \u2026), des sciences humaines et sociales ainsi que des sciences des<br \/>\ndonn\u00e9es, permet \u00e0 l\u2019UBE, et gr\u00e2ce \u00e0 l\u2019IA, de relever le d\u00e9fi complexe de synth\u00e9tiser et mettre en<br \/>\nrelation\/interaction des donn\u00e9es diverses et h\u00e9t\u00e9rog\u00e8nes, permettant une compr\u00e9hension holistique<br \/>\nde la transition et de la transformation des milieux, et de la r\u00e9gionalisation des changements globaux.<\/p>\n<p><strong>D\u00e9fi 2. Mod\u00e9lisation pr\u00e9dictive pour la gestion des environnements et l\u2019adaptation aux<\/strong><br \/>\n<strong>changements climatiques<\/strong><br \/>\nCe d\u00e9fi a pour finalit\u00e9 le d\u00e9veloppement d\u2019outils fond\u00e9s sur l\u2019IA pour mod\u00e9liser les impacts des<br \/>\nmodifications et am\u00e9nagements de l&#8217;espace (r\u00e9seau de transports, densifications, artificialisation,<br \/>\ntrame verte et bleue) sur le climat local, la connectivit\u00e9 des paysages, le cycle de vie des organismes.<br \/>\nPour cela, l\u2019IA permet de pr\u00e9dire les adaptations des populations et des soci\u00e9t\u00e9s aux d\u00e9clinaisons<br \/>\nr\u00e9gionales des changements globaux.<br \/>\nCe d\u00e9fi s\u2019int\u00e9resse \u00e0 la mani\u00e8re avec laquelle l\u2019IA permet de mod\u00e9liser le d\u00e9veloppement de la<br \/>\nbio\u00e9conomie structurant les flux de biomasse \u00e0 l&#8217;\u00e9chelle d&#8217;un territoire et fait \u00e9merger de nouvelles<br \/>\nrelations entre les diff\u00e9rents acteurs, afin d&#8217;identifier des \u00e9quilibres gagnant-gagnant.<\/p>\n<p><strong>D\u00e9fi 3. Des am\u00e9nagements intelligents (BIM) pour la gestion de villes intelligentes (Smart Cities)<\/strong><br \/>\nL&#8217;objectif est de contribuer \u00e0 la transformation des espaces urbains en int\u00e9grant des technologies et<br \/>\ndes mat\u00e9riaux intelligents pour faire \u00e9voluer les infrastructures et des b\u00e2timents tout au long de leur<br \/>\ncycle de vie. Il s&#8217;agit d&#8217;exploiter les outils d\u2019intelligence artificielle pour d\u00e9velopper et g\u00e9rer des villes<br \/>\nintelligentes, optimisant ainsi l&#8217;efficacit\u00e9 \u00e9nerg\u00e9tique et r\u00e9duisant l&#8217;empreinte environnementale.<br \/>\nLes objets d\u2019\u00e9tude se concentrent \u00e0 la fois sur l\u2019interop\u00e9rabilit\u00e9 s\u00e9mantique entre le BIM (Building<br \/>\nInformation Modeling), le CIM (City Information Modeling) et les SIG (Syst\u00e8mes d\u2019Information<br \/>\nG\u00e9ographique), sur des domaines applicatifs tels la gestion des PLU (Plans Locaux d\u2019Urbanisme) ou la<br \/>\nv\u00e9rification de maquettes num\u00e9riques par rapport \u00e0 des r\u00e8gles d\u2019am\u00e9nagement, des r\u00e9f\u00e9rentiels de<br \/>\nconstruction et des r\u00e9glementations.<\/p>\n<p><strong>D\u00e9fi 4. Industrie 4.0<\/strong><br \/>\nL\u2019industrie 4.0 constitue une r\u00e9volution majeure dans le secteur industriel, caract\u00e9ris\u00e9e par<br \/>\nl\u2019int\u00e9gration des technologies num\u00e9riques et de la robotique. L\u2019intelligence artificielle y occupe une<br \/>\nplace centrale, en permettant d\u2019optimiser les syst\u00e8mes de production gr\u00e2ce \u00e0 l\u2019automatisation des<br \/>\nprocessus, \u00e0 la d\u00e9tection proactive des anomalies via la maintenance pr\u00e9dictive et l\u2019ajustement en<br \/>\ntemps r\u00e9el des flux de production.<br \/>\nDans ce contexte, la robotique et la vision par ordinateur jouent un r\u00f4le essentiel, avec un focus<br \/>\nparticulier sur le d\u00e9veloppement d\u2019IA avanc\u00e9es pour les robots collaboratifs capables de percevoir leur<br \/>\nenvironnement et travailler en harmonie avec les op\u00e9rateurs humains, ainsi que pour les robots<br \/>\nautonomes \u00e9voluant dans des environnements dynamiques et complexes. Ce d\u00e9fi s\u2019appuie sur des<br \/>\nintelligences artificielles distribu\u00e9es et embarqu\u00e9es, renforc\u00e9es par la sp\u00e9cification de connaissances<br \/>\npour les robots, la conception de capteurs innovants et l\u2019utilisation de jumeaux num\u00e9riques, offrant<br \/>\nune vision pr\u00e9cise et interactive des syst\u00e8mes physiques.<\/p>\n","protected":false},"excerpt":{"rendered":"<p>Contexte L&#8217;axe du p\u00f4le IA de l\u2019UBE sur les transitions intelligentes cherche \u00e0 f\u00e9d\u00e9rer les recherches de pointe dans les domaines de l\u2019\u00e9cologie, de la science des mat\u00e9riaux ou de l\u2019am\u00e9nagement du territoire pour mod\u00e9liser, comprendre et pr\u00e9dire la transformation des milieux urbains, industriels ou ruraux et la d\u00e9clinaison r\u00e9gionale des changements globaux, ceci pour&hellip;<\/p>\n<p class=\"more-link-p\"><a class=\"btn btn-primary\" href=\"https:\/\/blog.ube.fr\/chaire-smart-city\/axe-1-transitions-intelligentes-sciences-des-techniques-de-lenvironnement-ia\/\">Voir plus &rarr;<\/a><\/p>\n","protected":false},"author":7968,"featured_media":0,"parent":0,"menu_order":0,"comment_status":"closed","ping_status":"closed","template":"","meta":{"_exactmetrics_skip_tracking":false,"_exactmetrics_sitenote_active":false,"_exactmetrics_sitenote_note":"","_exactmetrics_sitenote_category":0,"footnotes":""},"class_list":["post-2347","page","type-page","status-publish","hentry"],"_links":{"self":[{"href":"https:\/\/blog.ube.fr\/chaire-smart-city\/wp-json\/wp\/v2\/pages\/2347","targetHints":{"allow":["GET"]}}],"collection":[{"href":"https:\/\/blog.ube.fr\/chaire-smart-city\/wp-json\/wp\/v2\/pages"}],"about":[{"href":"https:\/\/blog.ube.fr\/chaire-smart-city\/wp-json\/wp\/v2\/types\/page"}],"author":[{"embeddable":true,"href":"https:\/\/blog.ube.fr\/chaire-smart-city\/wp-json\/wp\/v2\/users\/7968"}],"replies":[{"embeddable":true,"href":"https:\/\/blog.ube.fr\/chaire-smart-city\/wp-json\/wp\/v2\/comments?post=2347"}],"version-history":[{"count":2,"href":"https:\/\/blog.ube.fr\/chaire-smart-city\/wp-json\/wp\/v2\/pages\/2347\/revisions"}],"predecessor-version":[{"id":2357,"href":"https:\/\/blog.ube.fr\/chaire-smart-city\/wp-json\/wp\/v2\/pages\/2347\/revisions\/2357"}],"wp:attachment":[{"href":"https:\/\/blog.ube.fr\/chaire-smart-city\/wp-json\/wp\/v2\/media?parent=2347"}],"curies":[{"name":"wp","href":"https:\/\/api.w.org\/{rel}","templated":true}]}}