{"id":2315,"date":"2025-08-18T11:25:49","date_gmt":"2025-08-18T09:25:49","guid":{"rendered":"https:\/\/blog.u-bourgogne.fr\/chaire-smart-city\/?page_id=2315"},"modified":"2025-08-18T11:25:49","modified_gmt":"2025-08-18T09:25:49","slug":"futur-programmes-de-recherche","status":"publish","type":"page","link":"https:\/\/blog.ube.fr\/chaire-smart-city\/futur-programmes-de-recherche\/","title":{"rendered":"Futur programmes de recherche"},"content":{"rendered":"<p><b>Cr\u00e9ation d\u2019un p\u00f4le IP\/IT et d\u2019un p\u00f4le IA \u00e0 l\u2019Universit\u00e9<\/b><\/p>\n<ul>\n<li>Mise en commun des moyens des diff\u00e9rents laboratoires<\/li>\n<li>Accroissement des travaux multidisciplinaires<\/li>\n<\/ul>\n<p>&nbsp;<\/p>\n<p><b>Projets de recherche communs avec une chaire IUF (2025-2028)<\/b><\/p>\n<ul>\n<li>Travaux en mati\u00e8re d\u2019intelligence artificielle (ex : Assises nationales de l\u2019\u00e9thique du num\u00e9rique \u00e0 Nevers, 10 et 11 avril 2025)<\/li>\n<li>Travaux en mati\u00e8re de technologie quantique (CEVOTEQ, lundi quantique)<\/li>\n<\/ul>\n","protected":false},"excerpt":{"rendered":"<p>Cr\u00e9ation d\u2019un p\u00f4le IP\/IT et d\u2019un p\u00f4le IA \u00e0 l\u2019Universit\u00e9 Mise en commun des moyens des diff\u00e9rents laboratoires Accroissement des travaux multidisciplinaires &nbsp; Projets de recherche communs avec une chaire IUF (2025-2028) Travaux en mati\u00e8re d\u2019intelligence artificielle (ex : Assises nationales de l\u2019\u00e9thique du num\u00e9rique \u00e0 Nevers, 10 et 11 avril 2025) Travaux en mati\u00e8re&hellip;<\/p>\n<p class=\"more-link-p\"><a class=\"btn btn-primary\" href=\"https:\/\/blog.ube.fr\/chaire-smart-city\/futur-programmes-de-recherche\/\">Voir plus &rarr;<\/a><\/p>\n","protected":false},"author":7968,"featured_media":0,"parent":0,"menu_order":0,"comment_status":"closed","ping_status":"closed","template":"","meta":{"_exactmetrics_skip_tracking":false,"_exactmetrics_sitenote_active":false,"_exactmetrics_sitenote_note":"","_exactmetrics_sitenote_category":0,"footnotes":""},"class_list":["post-2315","page","type-page","status-publish","hentry"],"_links":{"self":[{"href":"https:\/\/blog.ube.fr\/chaire-smart-city\/wp-json\/wp\/v2\/pages\/2315","targetHints":{"allow":["GET"]}}],"collection":[{"href":"https:\/\/blog.ube.fr\/chaire-smart-city\/wp-json\/wp\/v2\/pages"}],"about":[{"href":"https:\/\/blog.ube.fr\/chaire-smart-city\/wp-json\/wp\/v2\/types\/page"}],"author":[{"embeddable":true,"href":"https:\/\/blog.ube.fr\/chaire-smart-city\/wp-json\/wp\/v2\/users\/7968"}],"replies":[{"embeddable":true,"href":"https:\/\/blog.ube.fr\/chaire-smart-city\/wp-json\/wp\/v2\/comments?post=2315"}],"version-history":[{"count":1,"href":"https:\/\/blog.ube.fr\/chaire-smart-city\/wp-json\/wp\/v2\/pages\/2315\/revisions"}],"predecessor-version":[{"id":2316,"href":"https:\/\/blog.ube.fr\/chaire-smart-city\/wp-json\/wp\/v2\/pages\/2315\/revisions\/2316"}],"wp:attachment":[{"href":"https:\/\/blog.ube.fr\/chaire-smart-city\/wp-json\/wp\/v2\/media?parent=2315"}],"curies":[{"name":"wp","href":"https:\/\/api.w.org\/{rel}","templated":true}]}}