{"id":1929,"date":"2021-05-26T16:03:18","date_gmt":"2021-05-26T14:03:18","guid":{"rendered":"https:\/\/blog.u-bourgogne.fr\/chaire-smart-city\/?page_id=1929"},"modified":"2021-11-03T11:21:10","modified_gmt":"2021-11-03T10:21:10","slug":"journee-detude-2021","status":"publish","type":"page","link":"https:\/\/blog.ube.fr\/chaire-smart-city\/journee-detude-2021\/","title":{"rendered":"Journ\u00e9e d&#8217;\u00e9tude 2021 &#8211; &#8220;Smart city et prise de d\u00e9cision&#8221;"},"content":{"rendered":"<h3><img loading=\"lazy\" decoding=\"async\" class=\"alignright wp-image-1911 size-medium\" src=\"https:\/\/blog.ube.fr\/chaire-smart-city\/wp-content\/uploads\/sites\/149\/2021\/03\/Affiche_Smart-City-et-prise-decision-212x300.jpg\" alt=\"\" width=\"212\" height=\"300\" srcset=\"https:\/\/blog.ube.fr\/chaire-smart-city\/wp-content\/uploads\/sites\/149\/2021\/03\/Affiche_Smart-City-et-prise-decision-212x300.jpg 212w, https:\/\/blog.ube.fr\/chaire-smart-city\/wp-content\/uploads\/sites\/149\/2021\/03\/Affiche_Smart-City-et-prise-decision-724x1024.jpg 724w, https:\/\/blog.ube.fr\/chaire-smart-city\/wp-content\/uploads\/sites\/149\/2021\/03\/Affiche_Smart-City-et-prise-decision-768x1086.jpg 768w, https:\/\/blog.ube.fr\/chaire-smart-city\/wp-content\/uploads\/sites\/149\/2021\/03\/Affiche_Smart-City-et-prise-decision-1086x1536.jpg 1086w, https:\/\/blog.ube.fr\/chaire-smart-city\/wp-content\/uploads\/sites\/149\/2021\/03\/Affiche_Smart-City-et-prise-decision-1448x2048.jpg 1448w, https:\/\/blog.ube.fr\/chaire-smart-city\/wp-content\/uploads\/sites\/149\/2021\/03\/Affiche_Smart-City-et-prise-decision.jpg 1587w\" sizes=\"auto, (max-width: 212px) 100vw, 212px\" \/>Le vendredi 9 juillet 2021, la Chaire Smart city et gouvernance de la donn\u00e9e a organis\u00e9 sa journ\u00e9e d&#8217;\u00e9tude 2021 : &#8220;Smart City et prise de d\u00e9cision&#8221;<\/h3>\n<p>Direction scientifique: Emmanuel PY, ma\u00eetre de conf\u00e9rence, Centre Innovation et Droit (U.B) Maximilien LANNA, post-doc sur le projet europ\u00e9en RESPONSE, CID\/Comue UBFC<\/p>\n<p><em>La ville intelligente, pour permettre la transformation et la rationalisation de certains services publics, se nourrit de donn\u00e9es. Donn\u00e9es \u00e0 caract\u00e8re personnel ou donn\u00e9es techniques, ces informations ont vocation \u00e0 appuyer le processus d\u00e9cisionnaire au sein des villes\u00a0: elles en deviennent le principal carburant et permettent ainsi d\u2019alimenter certaines techniques d\u2019analyse. La journ\u00e9e d\u2019\u00e9tude organis\u00e9e par la Chaire Smart City et gouvernance de la donn\u00e9e, qui se tiendra \u00e0 l\u2019Universit\u00e9 de Bourgogne le 9 juillet prochain, entend proposer des pistes de r\u00e9flexion sur les diff\u00e9rents temps de la prise de d\u00e9cision. Outre les fondements permettant sa mise en \u0153uvre, les diff\u00e9rentes interventions auront vocation \u00e0 analyser les outils permettant la prise de d\u00e9cision ainsi que les cons\u00e9quences qui en r\u00e9sultent.<\/em><\/p>\n<p><a href=\"https:\/\/blog.ube.fr\/chaire-smart-city\/wp-content\/uploads\/sites\/149\/2021\/06\/Programme_FR_JE2021.pdf\" target=\"_blank\" rel=\"noopener\">Retrouver le programme en fran\u00e7ais : Programme_FR_JE2021<\/a><\/p>\n<p><a href=\"https:\/\/blog.ube.fr\/chaire-smart-city\/wp-content\/uploads\/sites\/149\/2021\/06\/Programme-EN_JE2021.pdf\" target=\"_blank\" rel=\"noopener\">Retrouver le programme en anglais: Programme-EN_JE2021<\/a><\/p>\n","protected":false},"excerpt":{"rendered":"<p>Le vendredi 9 juillet 2021, la Chaire Smart city et gouvernance de la donn\u00e9e a organis\u00e9 sa journ\u00e9e d&#8217;\u00e9tude 2021 : &#8220;Smart City et prise de d\u00e9cision&#8221; Direction scientifique: Emmanuel PY, ma\u00eetre de conf\u00e9rence, Centre Innovation et Droit (U.B) Maximilien LANNA, post-doc sur le projet europ\u00e9en RESPONSE, CID\/Comue UBFC La ville intelligente, pour permettre la&hellip;<\/p>\n<p class=\"more-link-p\"><a class=\"btn btn-primary\" href=\"https:\/\/blog.ube.fr\/chaire-smart-city\/journee-detude-2021\/\">Voir plus &rarr;<\/a><\/p>\n","protected":false},"author":3332,"featured_media":0,"parent":0,"menu_order":0,"comment_status":"closed","ping_status":"closed","template":"","meta":{"_exactmetrics_skip_tracking":false,"_exactmetrics_sitenote_active":false,"_exactmetrics_sitenote_note":"","_exactmetrics_sitenote_category":0,"footnotes":""},"class_list":["post-1929","page","type-page","status-publish","hentry"],"_links":{"self":[{"href":"https:\/\/blog.ube.fr\/chaire-smart-city\/wp-json\/wp\/v2\/pages\/1929","targetHints":{"allow":["GET"]}}],"collection":[{"href":"https:\/\/blog.ube.fr\/chaire-smart-city\/wp-json\/wp\/v2\/pages"}],"about":[{"href":"https:\/\/blog.ube.fr\/chaire-smart-city\/wp-json\/wp\/v2\/types\/page"}],"author":[{"embeddable":true,"href":"https:\/\/blog.ube.fr\/chaire-smart-city\/wp-json\/wp\/v2\/users\/3332"}],"replies":[{"embeddable":true,"href":"https:\/\/blog.ube.fr\/chaire-smart-city\/wp-json\/wp\/v2\/comments?post=1929"}],"version-history":[{"count":29,"href":"https:\/\/blog.ube.fr\/chaire-smart-city\/wp-json\/wp\/v2\/pages\/1929\/revisions"}],"predecessor-version":[{"id":2169,"href":"https:\/\/blog.ube.fr\/chaire-smart-city\/wp-json\/wp\/v2\/pages\/1929\/revisions\/2169"}],"wp:attachment":[{"href":"https:\/\/blog.ube.fr\/chaire-smart-city\/wp-json\/wp\/v2\/media?parent=1929"}],"curies":[{"name":"wp","href":"https:\/\/api.w.org\/{rel}","templated":true}]}}