{"id":626,"date":"2023-02-06T11:53:37","date_gmt":"2023-02-06T10:53:37","guid":{"rendered":"https:\/\/blog.u-bourgogne.fr\/b2ipme\/?page_id=626"},"modified":"2025-03-20T11:03:58","modified_gmt":"2025-03-20T10:03:58","slug":"master-2","status":"publish","type":"page","link":"https:\/\/blog.ube.fr\/b2ipme\/master-2\/","title":{"rendered":"Master 2"},"content":{"rendered":"<p><strong>La deuxi\u00e8me ann\u00e9e du Master B2IPME est organis\u00e9e comme suit :<\/strong><\/p>\n<p><strong>Semestre 3<\/strong><\/p>\n<p><strong>UE1<\/strong> I<strong>nteractions biotiques: signalisation<\/strong> (partiellement mutualis\u00e9 avec Master 2 Signalisation Cellulaire Mol\u00e9culaire, SCM; 5 cr\u00e9dits ECTS)<\/p>\n<p><strong>UE2 Interactions biotiques : agro\u00e9cologie et ing\u00e9nierie \u00e9cologique<\/strong> (5 cr\u00e9dits ECTS)<\/p>\n<p><strong>UE3<\/strong> <strong>Valorisation biotechnologique des ressources v\u00e9g\u00e9tales et microbiennes pour la sant\u00e9 et le bien-\u00eatre humains<\/strong> (5 cr\u00e9dits ECTS)<\/p>\n<p><strong>UE4 Acquisition et analyse de donn\u00e9es<\/strong> (partiellement mutualis\u00e9 avec Master 2 SCM ; 5 cr\u00e9dits ECTS)<\/p>\n<p><strong>UE5 Conception et analyse de projets<\/strong> <strong>\/ Pr\u00e9paration \u00e0 la vie professionnelle<\/strong> (partiellement mutualis\u00e9 avec les Masters 2 NS, MIB; 5 cr\u00e9dits ECTS)<\/p>\n<p>&nbsp;<\/p>\n<p><strong>Semestre 4<\/strong><\/p>\n<p><strong>UE6<\/strong> Stage de 6 mois en laboratoire de recherche ou en entreprise (30 ECTS)<\/p>\n<p style=\"text-align: right;\"><em>R\u00e9daction D. Wipf<\/em><\/p>\n","protected":false},"excerpt":{"rendered":"<p>La deuxi\u00e8me ann\u00e9e du Master B2IPME est organis\u00e9e comme suit : Semestre 3 UE1 Interactions biotiques: signalisation (partiellement mutualis\u00e9 avec Master 2 Signalisation Cellulaire Mol\u00e9culaire, SCM; 5 cr\u00e9dits ECTS) UE2 Interactions biotiques : agro\u00e9cologie et ing\u00e9nierie \u00e9cologique (5 cr\u00e9dits ECTS) UE3 Valorisation biotechnologique des ressources v\u00e9g\u00e9tales et microbiennes pour la sant\u00e9 et le bien-\u00eatre humains&hellip;<\/p>\n<p class=\"more-link-p\"><a class=\"btn btn-primary\" href=\"https:\/\/blog.ube.fr\/b2ipme\/master-2\/\">Voir plus &rarr;<\/a><\/p>\n","protected":false},"author":4293,"featured_media":0,"parent":0,"menu_order":0,"comment_status":"closed","ping_status":"closed","template":"","meta":{"_exactmetrics_skip_tracking":false,"_exactmetrics_sitenote_active":false,"_exactmetrics_sitenote_note":"","_exactmetrics_sitenote_category":0,"footnotes":""},"class_list":["post-626","page","type-page","status-publish","hentry"],"_links":{"self":[{"href":"https:\/\/blog.ube.fr\/b2ipme\/wp-json\/wp\/v2\/pages\/626","targetHints":{"allow":["GET"]}}],"collection":[{"href":"https:\/\/blog.ube.fr\/b2ipme\/wp-json\/wp\/v2\/pages"}],"about":[{"href":"https:\/\/blog.ube.fr\/b2ipme\/wp-json\/wp\/v2\/types\/page"}],"author":[{"embeddable":true,"href":"https:\/\/blog.ube.fr\/b2ipme\/wp-json\/wp\/v2\/users\/4293"}],"replies":[{"embeddable":true,"href":"https:\/\/blog.ube.fr\/b2ipme\/wp-json\/wp\/v2\/comments?post=626"}],"version-history":[{"count":8,"href":"https:\/\/blog.ube.fr\/b2ipme\/wp-json\/wp\/v2\/pages\/626\/revisions"}],"predecessor-version":[{"id":1064,"href":"https:\/\/blog.ube.fr\/b2ipme\/wp-json\/wp\/v2\/pages\/626\/revisions\/1064"}],"wp:attachment":[{"href":"https:\/\/blog.ube.fr\/b2ipme\/wp-json\/wp\/v2\/media?parent=626"}],"curies":[{"name":"wp","href":"https:\/\/api.w.org\/{rel}","templated":true}]}}