{"id":3396,"date":"2019-09-30T10:23:59","date_gmt":"2019-09-30T09:23:59","guid":{"rendered":"http:\/\/blog.u-bourgogne.fr\/apreslang\/?page_id=3396"},"modified":"2023-09-17T22:42:13","modified_gmt":"2023-09-17T21:42:13","slug":"calendrier","status":"publish","type":"page","link":"https:\/\/blog.ube.fr\/apreslang\/calendrier\/","title":{"rendered":"Apr\u00e8sLang&#8217; &#8211; Calendrier"},"content":{"rendered":"<h1>Ev\u00e9nements \u00e0 venir<\/h1>\n<p><a href=\"https:\/\/blog.ube.fr\/apreslang\/events\/\" target=\"_blank\" rel=\"noopener noreferrer\" style=\"font-weight: 300;\">Cliquez ici pour un calendrier &#8220;mois par mois&#8221;<\/a><\/p>\n<div id=\"ect-no-events\"><p>There are no upcoming events at this time<\/p><\/div>\n<p>&nbsp;<\/p>\n<p>&nbsp;<\/p>\n","protected":false},"excerpt":{"rendered":"<p>Ev\u00e9nements \u00e0 venir Cliquez ici pour un calendrier &#8220;mois par mois&#8221; &nbsp; &nbsp;&hellip;<\/p>\n","protected":false},"author":23,"featured_media":0,"parent":0,"menu_order":0,"comment_status":"closed","ping_status":"closed","template":"","meta":{"_acf_changed":false,"_exactmetrics_skip_tracking":false,"_exactmetrics_sitenote_active":false,"_exactmetrics_sitenote_note":"","_exactmetrics_sitenote_category":0,"footnotes":""},"class_list":["post-3396","page","type-page","status-publish","hentry"],"acf":[],"yoast_head":"<!-- This site is optimized with the Yoast SEO plugin v21.6 - https:\/\/yoast.com\/wordpress\/plugins\/seo\/ -->\n<title>Apr\u00e8sLang&#039; - Calendrier - Apr\u00e8sLang&#039;<\/title>\n<meta name=\"robots\" content=\"index, follow, max-snippet:-1, max-image-preview:large, max-video-preview:-1\" \/>\n<link rel=\"canonical\" href=\"https:\/\/blog.u-bourgogne.fr\/apreslang\/calendrier\/\" \/>\n<meta property=\"og:locale\" content=\"fr_FR\" \/>\n<meta property=\"og:type\" content=\"article\" \/>\n<meta property=\"og:title\" content=\"Apr\u00e8sLang&#039; - Calendrier - Apr\u00e8sLang&#039;\" \/>\n<meta property=\"og:description\" content=\"Ev\u00e9nements \u00e0 venir Cliquez ici pour un calendrier &#8220;mois par mois&#8221; &nbsp; &nbsp;&hellip;\" \/>\n<meta property=\"og:url\" content=\"https:\/\/blog.u-bourgogne.fr\/apreslang\/calendrier\/\" \/>\n<meta property=\"og:site_name\" content=\"Apr\u00e8sLang&#039;\" \/>\n<meta property=\"article:modified_time\" content=\"2023-09-17T21:42:13+00:00\" \/>\n<meta name=\"twitter:card\" content=\"summary_large_image\" \/>\n<meta name=\"twitter:label1\" content=\"Dur\u00e9e de lecture estim\u00e9e\" \/>\n\t<meta name=\"twitter:data1\" content=\"1 minute\" \/>\n<script type=\"application\/ld+json\" class=\"yoast-schema-graph\">{\"@context\":\"https:\/\/schema.org\",\"@graph\":[{\"@type\":\"WebPage\",\"@id\":\"https:\/\/blog.u-bourgogne.fr\/apreslang\/calendrier\/\",\"url\":\"https:\/\/blog.u-bourgogne.fr\/apreslang\/calendrier\/\",\"name\":\"Apr\u00e8sLang' - Calendrier - Apr\u00e8sLang&#039;\",\"isPartOf\":{\"@id\":\"https:\/\/blog.u-bourgogne.fr\/apreslang\/#website\"},\"datePublished\":\"2019-09-30T09:23:59+00:00\",\"dateModified\":\"2023-09-17T21:42:13+00:00\",\"breadcrumb\":{\"@id\":\"https:\/\/blog.u-bourgogne.fr\/apreslang\/calendrier\/#breadcrumb\"},\"inLanguage\":\"fr-FR\",\"potentialAction\":[{\"@type\":\"ReadAction\",\"target\":[\"https:\/\/blog.u-bourgogne.fr\/apreslang\/calendrier\/\"]}]},{\"@type\":\"BreadcrumbList\",\"@id\":\"https:\/\/blog.u-bourgogne.fr\/apreslang\/calendrier\/#breadcrumb\",\"itemListElement\":[{\"@type\":\"ListItem\",\"position\":1,\"name\":\"Accueil\",\"item\":\"https:\/\/blog.u-bourgogne.fr\/apreslang\/\"},{\"@type\":\"ListItem\",\"position\":2,\"name\":\"Apr\u00e8sLang&rsquo; &#8211; Calendrier\"}]},{\"@type\":\"WebSite\",\"@id\":\"https:\/\/blog.u-bourgogne.fr\/apreslang\/#website\",\"url\":\"https:\/\/blog.u-bourgogne.fr\/apreslang\/\",\"name\":\"Apr\u00e8sLang&#039;\",\"description\":\"Projet d&#039;innovation p\u00e9dagogique\",\"potentialAction\":[{\"@type\":\"SearchAction\",\"target\":{\"@type\":\"EntryPoint\",\"urlTemplate\":\"https:\/\/blog.u-bourgogne.fr\/apreslang\/?s={search_term_string}\"},\"query-input\":\"required name=search_term_string\"}],\"inLanguage\":\"fr-FR\"}]}<\/script>\n<!-- \/ Yoast SEO plugin. -->","yoast_head_json":{"title":"Apr\u00e8sLang' - Calendrier - Apr\u00e8sLang&#039;","robots":{"index":"index","follow":"follow","max-snippet":"max-snippet:-1","max-image-preview":"max-image-preview:large","max-video-preview":"max-video-preview:-1"},"canonical":"https:\/\/blog.u-bourgogne.fr\/apreslang\/calendrier\/","og_locale":"fr_FR","og_type":"article","og_title":"Apr\u00e8sLang' - Calendrier - Apr\u00e8sLang&#039;","og_description":"Ev\u00e9nements \u00e0 venir Cliquez ici pour un calendrier &#8220;mois par mois&#8221; &nbsp; &nbsp;&hellip;","og_url":"https:\/\/blog.u-bourgogne.fr\/apreslang\/calendrier\/","og_site_name":"Apr\u00e8sLang&#039;","article_modified_time":"2023-09-17T21:42:13+00:00","twitter_card":"summary_large_image","twitter_misc":{"Dur\u00e9e de lecture estim\u00e9e":"1 minute"},"schema":{"@context":"https:\/\/schema.org","@graph":[{"@type":"WebPage","@id":"https:\/\/blog.u-bourgogne.fr\/apreslang\/calendrier\/","url":"https:\/\/blog.u-bourgogne.fr\/apreslang\/calendrier\/","name":"Apr\u00e8sLang' - Calendrier - Apr\u00e8sLang&#039;","isPartOf":{"@id":"https:\/\/blog.u-bourgogne.fr\/apreslang\/#website"},"datePublished":"2019-09-30T09:23:59+00:00","dateModified":"2023-09-17T21:42:13+00:00","breadcrumb":{"@id":"https:\/\/blog.u-bourgogne.fr\/apreslang\/calendrier\/#breadcrumb"},"inLanguage":"fr-FR","potentialAction":[{"@type":"ReadAction","target":["https:\/\/blog.u-bourgogne.fr\/apreslang\/calendrier\/"]}]},{"@type":"BreadcrumbList","@id":"https:\/\/blog.u-bourgogne.fr\/apreslang\/calendrier\/#breadcrumb","itemListElement":[{"@type":"ListItem","position":1,"name":"Accueil","item":"https:\/\/blog.u-bourgogne.fr\/apreslang\/"},{"@type":"ListItem","position":2,"name":"Apr\u00e8sLang&rsquo; &#8211; Calendrier"}]},{"@type":"WebSite","@id":"https:\/\/blog.u-bourgogne.fr\/apreslang\/#website","url":"https:\/\/blog.u-bourgogne.fr\/apreslang\/","name":"Apr\u00e8sLang&#039;","description":"Projet d&#039;innovation p\u00e9dagogique","potentialAction":[{"@type":"SearchAction","target":{"@type":"EntryPoint","urlTemplate":"https:\/\/blog.u-bourgogne.fr\/apreslang\/?s={search_term_string}"},"query-input":"required name=search_term_string"}],"inLanguage":"fr-FR"}]}},"_links":{"self":[{"href":"https:\/\/blog.ube.fr\/apreslang\/wp-json\/wp\/v2\/pages\/3396","targetHints":{"allow":["GET"]}}],"collection":[{"href":"https:\/\/blog.ube.fr\/apreslang\/wp-json\/wp\/v2\/pages"}],"about":[{"href":"https:\/\/blog.ube.fr\/apreslang\/wp-json\/wp\/v2\/types\/page"}],"author":[{"embeddable":true,"href":"https:\/\/blog.ube.fr\/apreslang\/wp-json\/wp\/v2\/users\/23"}],"replies":[{"embeddable":true,"href":"https:\/\/blog.ube.fr\/apreslang\/wp-json\/wp\/v2\/comments?post=3396"}],"version-history":[{"count":13,"href":"https:\/\/blog.ube.fr\/apreslang\/wp-json\/wp\/v2\/pages\/3396\/revisions"}],"predecessor-version":[{"id":3682,"href":"https:\/\/blog.ube.fr\/apreslang\/wp-json\/wp\/v2\/pages\/3396\/revisions\/3682"}],"wp:attachment":[{"href":"https:\/\/blog.ube.fr\/apreslang\/wp-json\/wp\/v2\/media?parent=3396"}],"curies":[{"name":"wp","href":"https:\/\/api.w.org\/{rel}","templated":true}]}}

AprèsLang&#8217; &#8211; Calendrier

<h1>Evénements à venir</h1>
<p><a href="https://blog.ube.fr/apreslang/events/" target="_blank" rel="noopener noreferrer" style="font-weight: 300;">Cliquez ici pour un calendrier &#8220;mois par mois&#8221;</a></p>
<div id="ect-no-events"><p>There are no upcoming events at this time</p></div>
<p>&nbsp;</p>
<p>&nbsp;</p>

<p>Evénements à venir Cliquez ici pour un calendrier &#8220;mois par mois&#8221; &nbsp; &nbsp;&hellip;</p>

<!-- This site is optimized with the Yoast SEO plugin v21.6 - https://yoast.com/wordpress/plugins/seo/ -->
<title>AprèsLang&#039; - Calendrier - AprèsLang&#039;</title>
<meta name="robots" content="index, follow, max-snippet:-1, max-image-preview:large, max-video-preview:-1" />
<link rel="canonical" href="https://blog.u-bourgogne.fr/apreslang/calendrier/" />
<meta property="og:locale" content="fr_FR" />
<meta property="og:type" content="article" />
<meta property="og:title" content="AprèsLang&#039; - Calendrier - AprèsLang&#039;" />
<meta property="og:description" content="Evénements à venir Cliquez ici pour un calendrier &#8220;mois par mois&#8221; &nbsp; &nbsp;&hellip;" />
<meta property="og:url" content="https://blog.u-bourgogne.fr/apreslang/calendrier/" />
<meta property="og:site_name" content="AprèsLang&#039;" />
<meta property="article:modified_time" content="2023-09-17T21:42:13+00:00" />
<meta name="twitter:card" content="summary_large_image" />
<meta name="twitter:label1" content="Durée de lecture estimée" />
	<meta name="twitter:data1" content="1 minute" />
<script type="application/ld+json" class="yoast-schema-graph">{"@context":"https://schema.org","@graph":[{"@type":"WebPage","@id":"https://blog.u-bourgogne.fr/apreslang/calendrier/","url":"https://blog.u-bourgogne.fr/apreslang/calendrier/","name":"AprèsLang' - Calendrier - AprèsLang&#039;","isPartOf":{"@id":"https://blog.u-bourgogne.fr/apreslang/#website"},"datePublished":"2019-09-30T09:23:59+00:00","dateModified":"2023-09-17T21:42:13+00:00","breadcrumb":{"@id":"https://blog.u-bourgogne.fr/apreslang/calendrier/#breadcrumb"},"inLanguage":"fr-FR","potentialAction":[{"@type":"ReadAction","target":["https://blog.u-bourgogne.fr/apreslang/calendrier/"]}]},{"@type":"BreadcrumbList","@id":"https://blog.u-bourgogne.fr/apreslang/calendrier/#breadcrumb","itemListElement":[{"@type":"ListItem","position":1,"name":"Accueil","item":"https://blog.u-bourgogne.fr/apreslang/"},{"@type":"ListItem","position":2,"name":"AprèsLang&rsquo; &#8211; Calendrier"}]},{"@type":"WebSite","@id":"https://blog.u-bourgogne.fr/apreslang/#website","url":"https://blog.u-bourgogne.fr/apreslang/","name":"AprèsLang&#039;","description":"Projet d&#039;innovation pédagogique","potentialAction":[{"@type":"SearchAction","target":{"@type":"EntryPoint","urlTemplate":"https://blog.u-bourgogne.fr/apreslang/?s={search_term_string}"},"query-input":"required name=search_term_string"}],"inLanguage":"fr-FR"}]}</script>
<!-- / Yoast SEO plugin. -->

AprèsLang' - Calendrier - AprèsLang&#039;

Evénements à venir Cliquez ici pour un calendrier &#8220;mois par mois&#8221; &nbsp; &nbsp;&hellip;

AprèsLang&#039;

AprèsLang&rsquo; &#8211; Calendrier

Projet d&#039;innovation pédagogique
