{"id":19,"date":"2016-09-21T13:58:55","date_gmt":"2016-09-21T12:58:55","guid":{"rendered":"http:\/\/blog.u-bourgogne.fr\/cfoad\/?page_id=19"},"modified":"2021-09-16T23:26:27","modified_gmt":"2021-09-16T22:26:27","slug":"apreslang","status":"publish","type":"page","link":"https:\/\/blog.ube.fr\/apreslang\/","title":{"rendered":"Apr\u00e8sLang&#8217; &#8211; accueil"},"content":{"rendered":"<section class=\"kc-elm kc-css-750196 kc_row\"><div class=\"kc-row-container  kc-container\"><div class=\"kc-wrap-columns\"><div class=\"kc-elm kc-css-796347 kc_col-sm-12 kc_column kc_col-sm-12\"><div class=\"kc-col-container\"><div class=\"kc-elm kc-css-754522 kc_text_block\"><\/p>\n<div class=\"ControlZone--position\">\n<div class=\"ControlZone-control\" data-sp-a11y-checker-user-controllable=\"true\">\n<div data-sp-feature-tag=\"Rich Text Editor\" class=\"rte-webpart\" data-sp-feature-instance-id=\"728733f0-2d6b-4821-9079-a58c662b5bbe\">\n<div>\n<div data-automation-id=\"textBox\" class=\"cke_editable rte--read cke_editable rteEmphasis root-82\">\n<h2 id=\"apr\u00e8slang\">Apr\u00e8sLang&#8217;<\/h2>\n<p>est un projet d&#8217;innovation p\u00e9dagogique financ\u00e9 par le <a data-interception=\"off\" href=\"http:\/\/www.ubfc.fr\/excellence\/ritm-bfc\/\" target=\"_blank\" rel=\"noopener\">dispositif RITM-BFC<\/a>&nbsp; et soutenu par l&#8217;<a data-interception=\"off\" href=\"http:\/\/langues-communication.u-bourgogne.fr\/\" target=\"_blank\" rel=\"noopener\">UFR Langues et communication<\/a>. Initialement financ\u00e9 pour la p\u00e9riode septembre 2019-ao\u00fbt 2022, le projet a \u00e9t\u00e9 prolong\u00e9 jusqu&#8217;en ao\u00fbt 2023.<\/p>\n<p>Son objectif est de faire r\u00e9fl\u00e9chir des \u00e9tudiants.e.s de Licence LEA et LLCER aux enjeux et aux d\u00e9bouch\u00e9s possibles suite \u00e0 un dipl\u00f4me en langues \u00e9trang\u00e8res en leur proposant notamment :<\/p>\n<ul>\n<li>un programme de conf\u00e9rences-rencontres &#8220;grand public\", avec des organismes professionnels et autres acteurs<\/li>\n<li>des ateliers participatifs sur des sujets sp\u00e9cialis\u00e9s, anim\u00e9s par des intervenants ext\u00e9rieurs et\/ou des personnels de l&#8217;UB<\/li>\n<li>des projets tuteur\u00e9s pratiques en groupe avec un encadrement p\u00e9dagogique, dans certains cas en collaboration avec des \u00e9tudiants en cycle de Master et de Doctorat et des laboratoires de recherche.<\/li>\n<\/ul>\n<p>Les \u00e9tudiant.e.s participant au programme &#8211; et notamment aux ateliers et aux projets tuteur\u00e9s &#8211; pourront b\u00e9n\u00e9ficier d&#8217;un bonus sur leurs notes de Licence, mais aussi et surtout d&#8217;une exp\u00e9rience enrichissante permettant de r\u00e9fl\u00e9chir \u00e0 leur avenir en approfondissant leurs connaissances et comp\u00e9tences.<\/p>\n<p>La participation aux actions est sur base de volontariat et dans une optique d&#8217;extension pour les \u00e9tudiant.e.s motiv\u00e9.e.s. Apr\u00e8sLang&#8217; fonctionne en parall\u00e8le (et non en remplacement) des enseignements pr\u00e9vus par les maquettes. Le dispositif vise n\u00e9anmoins \u00e0 aider les \u00e9quipes enseignantes \u00e0 r\u00e9fl\u00e9chur \u00e0 l&#8217;\u00e9volution des formations \u00e0 l&#8217;horizon 2023, raison pour laquelle il est demand\u00e9 aux \u00e9tudiants de <a data-interception=\"off\" href=\"https:\/\/forms.office.com\/Pages\/ResponsePage.aspx?id=r4-lL7F-uUiZZKkmWdHFuLomj85oDW5CrmvEqV4Sp-dURUtLSkRSV0pMRU42TUFHTjlGQVA2VzBEUCQlQCN0PWcu\" target=\"_blank\" rel=\"noopener\">remplir un sondage en ligne destin\u00e9 \u00e0 recenser les ressentis, les besoins et les bonnes id\u00e9es<\/a>.<\/p>\n<h2 id=\"ce-site\">Ce site<\/h2>\n<p>est la vitrine principale pour le projet Apr\u00e8sLang&#8217;. Vous y retrouverez des informations concernant les actions \u00e0 venir, un calendrier, et des liens pour s&#8217;inscrire et pour s&#8217;informer. Si vous souhaitez \u00eatre tenu.e au courant des nouvelles et recevoir les propositions d&#8217;inscription en avant-premi\u00e8re, merci de vous inscrire sur la <a data-interception=\"off\" href=\"https:\/\/forms.office.com\/Pages\/ResponsePage.aspx?id=r4-lL7F-uUiZZKkmWdHFuLomj85oDW5CrmvEqV4Sp-dUMjZWSERMUFBaT1E5QU8wQTA4UjgxS1JOVSQlQCN0PWcu\" target=\"_blank\" rel=\"noopener\">liste de diffusion<\/a>.<\/p>\n<\/div>\n<\/div>\n<\/div>\n<\/div>\n<\/div>\n<p>\n<\/div><\/div><\/div><\/div><\/div><\/section>\n","protected":false},"excerpt":{"rendered":"<p>&hellip;<\/p>\n","protected":false},"author":364,"featured_media":0,"parent":0,"menu_order":0,"comment_status":"closed","ping_status":"closed","template":"","meta":{"_acf_changed":false,"_exactmetrics_skip_tracking":false,"_exactmetrics_sitenote_active":false,"_exactmetrics_sitenote_note":"","_exactmetrics_sitenote_category":0,"footnotes":""},"class_list":["post-19","page","type-page","status-publish","hentry"],"acf":[],"yoast_head":"<!-- This site is optimized with the Yoast SEO plugin v21.6 - https:\/\/yoast.com\/wordpress\/plugins\/seo\/ -->\n<title>Apr\u00e8sLang&#039; - accueil - Apr\u00e8sLang&#039;<\/title>\n<meta name=\"description\" content=\"Apr\u00e8sLang&#039; est un projet d&#039;innovation p\u00e9dagogique financ\u00e9 par le\u00a0dispositif RITM-BFC\u00a0pour la p\u00e9riode septembre 2019-ao\u00fbt 2022 et soutenu par l&#039;UFR Langues et Communication.\" \/>\n<meta name=\"robots\" content=\"index, follow, max-snippet:-1, max-image-preview:large, max-video-preview:-1\" \/>\n<link rel=\"canonical\" href=\"https:\/\/blog.u-bourgogne.fr\/apreslang\/\" \/>\n<meta property=\"og:locale\" content=\"fr_FR\" \/>\n<meta property=\"og:type\" content=\"article\" \/>\n<meta property=\"og:title\" content=\"Apr\u00e8sLang&#039; - accueil - Apr\u00e8sLang&#039;\" \/>\n<meta property=\"og:description\" content=\"Apr\u00e8sLang&#039; est un projet d&#039;innovation p\u00e9dagogique financ\u00e9 par le\u00a0dispositif RITM-BFC\u00a0pour la p\u00e9riode septembre 2019-ao\u00fbt 2022 et soutenu par l&#039;UFR Langues et Communication.\" \/>\n<meta property=\"og:url\" content=\"https:\/\/blog.u-bourgogne.fr\/apreslang\/\" \/>\n<meta property=\"og:site_name\" content=\"Apr\u00e8sLang&#039;\" \/>\n<meta property=\"article:modified_time\" content=\"2021-09-16T22:26:27+00:00\" \/>\n<meta name=\"twitter:card\" content=\"summary_large_image\" \/>\n<meta name=\"twitter:label1\" content=\"Dur\u00e9e de lecture estim\u00e9e\" \/>\n\t<meta name=\"twitter:data1\" content=\"2 minutes\" \/>\n<script type=\"application\/ld+json\" class=\"yoast-schema-graph\">{\"@context\":\"https:\/\/schema.org\",\"@graph\":[{\"@type\":\"WebPage\",\"@id\":\"https:\/\/blog.u-bourgogne.fr\/apreslang\/\",\"url\":\"https:\/\/blog.u-bourgogne.fr\/apreslang\/\",\"name\":\"Apr\u00e8sLang' - accueil - Apr\u00e8sLang&#039;\",\"isPartOf\":{\"@id\":\"https:\/\/blog.u-bourgogne.fr\/apreslang\/#website\"},\"datePublished\":\"2016-09-21T12:58:55+00:00\",\"dateModified\":\"2021-09-16T22:26:27+00:00\",\"description\":\"Apr\u00e8sLang' est un projet d'innovation p\u00e9dagogique financ\u00e9 par le\u00a0dispositif RITM-BFC\u00a0pour la p\u00e9riode septembre 2019-ao\u00fbt 2022 et soutenu par l'UFR Langues et Communication.\",\"breadcrumb\":{\"@id\":\"https:\/\/blog.u-bourgogne.fr\/apreslang\/#breadcrumb\"},\"inLanguage\":\"fr-FR\",\"potentialAction\":[{\"@type\":\"ReadAction\",\"target\":[\"https:\/\/blog.u-bourgogne.fr\/apreslang\/\"]}]},{\"@type\":\"BreadcrumbList\",\"@id\":\"https:\/\/blog.u-bourgogne.fr\/apreslang\/#breadcrumb\",\"itemListElement\":[{\"@type\":\"ListItem\",\"position\":1,\"name\":\"Accueil\",\"item\":\"https:\/\/blog.u-bourgogne.fr\/apreslang\/\"},{\"@type\":\"ListItem\",\"position\":2,\"name\":\"Apr\u00e8sLang&rsquo; &#8211; accueil\"}]},{\"@type\":\"WebSite\",\"@id\":\"https:\/\/blog.u-bourgogne.fr\/apreslang\/#website\",\"url\":\"https:\/\/blog.u-bourgogne.fr\/apreslang\/\",\"name\":\"Apr\u00e8sLang&#039;\",\"description\":\"Projet d&#039;innovation p\u00e9dagogique\",\"potentialAction\":[{\"@type\":\"SearchAction\",\"target\":{\"@type\":\"EntryPoint\",\"urlTemplate\":\"https:\/\/blog.u-bourgogne.fr\/apreslang\/?s={search_term_string}\"},\"query-input\":\"required name=search_term_string\"}],\"inLanguage\":\"fr-FR\"}]}<\/script>\n<!-- \/ Yoast SEO plugin. -->","yoast_head_json":{"title":"Apr\u00e8sLang' - accueil - Apr\u00e8sLang&#039;","description":"Apr\u00e8sLang' est un projet d'innovation p\u00e9dagogique financ\u00e9 par le\u00a0dispositif RITM-BFC\u00a0pour la p\u00e9riode septembre 2019-ao\u00fbt 2022 et soutenu par l'UFR Langues et Communication.","robots":{"index":"index","follow":"follow","max-snippet":"max-snippet:-1","max-image-preview":"max-image-preview:large","max-video-preview":"max-video-preview:-1"},"canonical":"https:\/\/blog.u-bourgogne.fr\/apreslang\/","og_locale":"fr_FR","og_type":"article","og_title":"Apr\u00e8sLang' - accueil - Apr\u00e8sLang&#039;","og_description":"Apr\u00e8sLang' est un projet d'innovation p\u00e9dagogique financ\u00e9 par le\u00a0dispositif RITM-BFC\u00a0pour la p\u00e9riode septembre 2019-ao\u00fbt 2022 et soutenu par l'UFR Langues et Communication.","og_url":"https:\/\/blog.u-bourgogne.fr\/apreslang\/","og_site_name":"Apr\u00e8sLang&#039;","article_modified_time":"2021-09-16T22:26:27+00:00","twitter_card":"summary_large_image","twitter_misc":{"Dur\u00e9e de lecture estim\u00e9e":"2 minutes"},"schema":{"@context":"https:\/\/schema.org","@graph":[{"@type":"WebPage","@id":"https:\/\/blog.u-bourgogne.fr\/apreslang\/","url":"https:\/\/blog.u-bourgogne.fr\/apreslang\/","name":"Apr\u00e8sLang' - accueil - Apr\u00e8sLang&#039;","isPartOf":{"@id":"https:\/\/blog.u-bourgogne.fr\/apreslang\/#website"},"datePublished":"2016-09-21T12:58:55+00:00","dateModified":"2021-09-16T22:26:27+00:00","description":"Apr\u00e8sLang' est un projet d'innovation p\u00e9dagogique financ\u00e9 par le\u00a0dispositif RITM-BFC\u00a0pour la p\u00e9riode septembre 2019-ao\u00fbt 2022 et soutenu par l'UFR Langues et Communication.","breadcrumb":{"@id":"https:\/\/blog.u-bourgogne.fr\/apreslang\/#breadcrumb"},"inLanguage":"fr-FR","potentialAction":[{"@type":"ReadAction","target":["https:\/\/blog.u-bourgogne.fr\/apreslang\/"]}]},{"@type":"BreadcrumbList","@id":"https:\/\/blog.u-bourgogne.fr\/apreslang\/#breadcrumb","itemListElement":[{"@type":"ListItem","position":1,"name":"Accueil","item":"https:\/\/blog.u-bourgogne.fr\/apreslang\/"},{"@type":"ListItem","position":2,"name":"Apr\u00e8sLang&rsquo; &#8211; accueil"}]},{"@type":"WebSite","@id":"https:\/\/blog.u-bourgogne.fr\/apreslang\/#website","url":"https:\/\/blog.u-bourgogne.fr\/apreslang\/","name":"Apr\u00e8sLang&#039;","description":"Projet d&#039;innovation p\u00e9dagogique","potentialAction":[{"@type":"SearchAction","target":{"@type":"EntryPoint","urlTemplate":"https:\/\/blog.u-bourgogne.fr\/apreslang\/?s={search_term_string}"},"query-input":"required name=search_term_string"}],"inLanguage":"fr-FR"}]}},"_links":{"self":[{"href":"https:\/\/blog.ube.fr\/apreslang\/wp-json\/wp\/v2\/pages\/19","targetHints":{"allow":["GET"]}}],"collection":[{"href":"https:\/\/blog.ube.fr\/apreslang\/wp-json\/wp\/v2\/pages"}],"about":[{"href":"https:\/\/blog.ube.fr\/apreslang\/wp-json\/wp\/v2\/types\/page"}],"author":[{"embeddable":true,"href":"https:\/\/blog.ube.fr\/apreslang\/wp-json\/wp\/v2\/users\/364"}],"replies":[{"embeddable":true,"href":"https:\/\/blog.ube.fr\/apreslang\/wp-json\/wp\/v2\/comments?post=19"}],"version-history":[{"count":34,"href":"https:\/\/blog.ube.fr\/apreslang\/wp-json\/wp\/v2\/pages\/19\/revisions"}],"predecessor-version":[{"id":3612,"href":"https:\/\/blog.ube.fr\/apreslang\/wp-json\/wp\/v2\/pages\/19\/revisions\/3612"}],"wp:attachment":[{"href":"https:\/\/blog.ube.fr\/apreslang\/wp-json\/wp\/v2\/media?parent=19"}],"curies":[{"name":"wp","href":"https:\/\/api.w.org\/{rel}","templated":true}]}}

AprèsLang&#8217; &#8211; accueil

<section class="kc-elm kc-css-750196 kc_row"><div class="kc-row-container  kc-container"><div class="kc-wrap-columns"><div class="kc-elm kc-css-796347 kc_col-sm-12 kc_column kc_col-sm-12"><div class="kc-col-container"><div class="kc-elm kc-css-754522 kc_text_block"></p>
<div class="ControlZone--position">
<div class="ControlZone-control" data-sp-a11y-checker-user-controllable="true">
<div data-sp-feature-tag="Rich Text Editor" class="rte-webpart" data-sp-feature-instance-id="728733f0-2d6b-4821-9079-a58c662b5bbe">
<div>
<div data-automation-id="textBox" class="cke_editable rte--read cke_editable rteEmphasis root-82">
<h2 id="aprèslang">AprèsLang&#8217;</h2>
<p>est un projet d&#8217;innovation pédagogique financé par le <a data-interception="off" href="http://www.ubfc.fr/excellence/ritm-bfc/" target="_blank" rel="noopener">dispositif RITM-BFC</a>&nbsp; et soutenu par l&#8217;<a data-interception="off" href="http://langues-communication.u-bourgogne.fr/" target="_blank" rel="noopener">UFR Langues et communication</a>. Initialement financé pour la période septembre 2019-août 2022, le projet a été prolongé jusqu&#8217;en août 2023.</p>
<p>Son objectif est de faire réfléchir des étudiants.e.s de Licence LEA et LLCER aux enjeux et aux débouchés possibles suite à un diplôme en langues étrangères en leur proposant notamment :</p>
<ul>
<li>un programme de conférences-rencontres &#8220;grand public", avec des organismes professionnels et autres acteurs</li>
<li>des ateliers participatifs sur des sujets spécialisés, animés par des intervenants extérieurs et/ou des personnels de l&#8217;UB</li>
<li>des projets tuteurés pratiques en groupe avec un encadrement pédagogique, dans certains cas en collaboration avec des étudiants en cycle de Master et de Doctorat et des laboratoires de recherche.</li>
</ul>
<p>Les étudiant.e.s participant au programme &#8211; et notamment aux ateliers et aux projets tuteurés &#8211; pourront bénéficier d&#8217;un bonus sur leurs notes de Licence, mais aussi et surtout d&#8217;une expérience enrichissante permettant de réfléchir à leur avenir en approfondissant leurs connaissances et compétences.</p>
<p>La participation aux actions est sur base de volontariat et dans une optique d&#8217;extension pour les étudiant.e.s motivé.e.s. AprèsLang&#8217; fonctionne en parallèle (et non en remplacement) des enseignements prévus par les maquettes. Le dispositif vise néanmoins à aider les équipes enseignantes à réfléchur à l&#8217;évolution des formations à l&#8217;horizon 2023, raison pour laquelle il est demandé aux étudiants de <a data-interception="off" href="https://forms.office.com/Pages/ResponsePage.aspx?id=r4-lL7F-uUiZZKkmWdHFuLomj85oDW5CrmvEqV4Sp-dURUtLSkRSV0pMRU42TUFHTjlGQVA2VzBEUCQlQCN0PWcu" target="_blank" rel="noopener">remplir un sondage en ligne destiné à recenser les ressentis, les besoins et les bonnes idées</a>.</p>
<h2 id="ce-site">Ce site</h2>
<p>est la vitrine principale pour le projet AprèsLang&#8217;. Vous y retrouverez des informations concernant les actions à venir, un calendrier, et des liens pour s&#8217;inscrire et pour s&#8217;informer. Si vous souhaitez être tenu.e au courant des nouvelles et recevoir les propositions d&#8217;inscription en avant-première, merci de vous inscrire sur la <a data-interception="off" href="https://forms.office.com/Pages/ResponsePage.aspx?id=r4-lL7F-uUiZZKkmWdHFuLomj85oDW5CrmvEqV4Sp-dUMjZWSERMUFBaT1E5QU8wQTA4UjgxS1JOVSQlQCN0PWcu" target="_blank" rel="noopener">liste de diffusion</a>.</p>
</div>
</div>
</div>
</div>
</div>
<p>
</div></div></div></div></div></section>

<!-- This site is optimized with the Yoast SEO plugin v21.6 - https://yoast.com/wordpress/plugins/seo/ -->
<title>AprèsLang&#039; - accueil - AprèsLang&#039;</title>
<meta name="description" content="AprèsLang&#039; est un projet d&#039;innovation pédagogique financé par le dispositif RITM-BFC pour la période septembre 2019-août 2022 et soutenu par l&#039;UFR Langues et Communication." />
<meta name="robots" content="index, follow, max-snippet:-1, max-image-preview:large, max-video-preview:-1" />
<link rel="canonical" href="https://blog.u-bourgogne.fr/apreslang/" />
<meta property="og:locale" content="fr_FR" />
<meta property="og:type" content="article" />
<meta property="og:title" content="AprèsLang&#039; - accueil - AprèsLang&#039;" />
<meta property="og:description" content="AprèsLang&#039; est un projet d&#039;innovation pédagogique financé par le dispositif RITM-BFC pour la période septembre 2019-août 2022 et soutenu par l&#039;UFR Langues et Communication." />
<meta property="og:url" content="https://blog.u-bourgogne.fr/apreslang/" />
<meta property="og:site_name" content="AprèsLang&#039;" />
<meta property="article:modified_time" content="2021-09-16T22:26:27+00:00" />
<meta name="twitter:card" content="summary_large_image" />
<meta name="twitter:label1" content="Durée de lecture estimée" />
	<meta name="twitter:data1" content="2 minutes" />
<script type="application/ld+json" class="yoast-schema-graph">{"@context":"https://schema.org","@graph":[{"@type":"WebPage","@id":"https://blog.u-bourgogne.fr/apreslang/","url":"https://blog.u-bourgogne.fr/apreslang/","name":"AprèsLang' - accueil - AprèsLang&#039;","isPartOf":{"@id":"https://blog.u-bourgogne.fr/apreslang/#website"},"datePublished":"2016-09-21T12:58:55+00:00","dateModified":"2021-09-16T22:26:27+00:00","description":"AprèsLang' est un projet d'innovation pédagogique financé par le dispositif RITM-BFC pour la période septembre 2019-août 2022 et soutenu par l'UFR Langues et Communication.","breadcrumb":{"@id":"https://blog.u-bourgogne.fr/apreslang/#breadcrumb"},"inLanguage":"fr-FR","potentialAction":[{"@type":"ReadAction","target":["https://blog.u-bourgogne.fr/apreslang/"]}]},{"@type":"BreadcrumbList","@id":"https://blog.u-bourgogne.fr/apreslang/#breadcrumb","itemListElement":[{"@type":"ListItem","position":1,"name":"Accueil","item":"https://blog.u-bourgogne.fr/apreslang/"},{"@type":"ListItem","position":2,"name":"AprèsLang&rsquo; &#8211; accueil"}]},{"@type":"WebSite","@id":"https://blog.u-bourgogne.fr/apreslang/#website","url":"https://blog.u-bourgogne.fr/apreslang/","name":"AprèsLang&#039;","description":"Projet d&#039;innovation pédagogique","potentialAction":[{"@type":"SearchAction","target":{"@type":"EntryPoint","urlTemplate":"https://blog.u-bourgogne.fr/apreslang/?s={search_term_string}"},"query-input":"required name=search_term_string"}],"inLanguage":"fr-FR"}]}</script>
<!-- / Yoast SEO plugin. -->

AprèsLang' - accueil - AprèsLang&#039;

AprèsLang' est un projet d'innovation pédagogique financé par le dispositif RITM-BFC pour la période septembre 2019-août 2022 et soutenu par l'UFR Langues et Communication.

AprèsLang&#039;

AprèsLang&rsquo; &#8211; accueil

Projet d&#039;innovation pédagogique
