{"id":996,"date":"2025-03-14T17:42:46","date_gmt":"2025-03-14T16:42:46","guid":{"rendered":"https:\/\/blog.u-bourgogne.fr\/ajmgb\/?page_id=996"},"modified":"2025-03-14T17:49:49","modified_gmt":"2025-03-14T16:49:49","slug":"conges-annuels","status":"publish","type":"page","link":"https:\/\/blog.ube.fr\/ajmgb\/conges-annuels\/","title":{"rendered":"Cong\u00e9s annuels"},"content":{"rendered":"<p>L\u2019interne a droit \u00e0 un cong\u00e9 annuel de <strong>trente jours ouvrables<\/strong>, soit 5 semaines de cong\u00e9s annuels, le samedi \u00e9tant d\u00e9compt\u00e9 comme jour ouvrable.<\/p>\n<p><q>La dur\u00e9e des cong\u00e9s pouvant \u00eatre pris en une seule fois ne peut exc\u00e9der vingt-quatre jours ouvrables<\/q>\u00a0comme le pr\u00e9cise <a href=\"https:\/\/www.legifrance.gouv.fr\/codes\/article_lc\/LEGIARTI000020751978\/2023-04-16\/\" target=\"_blank\" rel=\"noopener noreferrer\">l\u2019article R6153-12 du Code de la sant\u00e9 publique<\/a>.<\/p>\n<p>Afin d&#8217;\u00e9tablir une preuve de d\u00e9claration de cong\u00e9 annuel pour les internes en ambulatoire, le CHU a r\u00e9dig\u00e9 \u00e0 notre demande un<b> formulaire de d\u00e9claration type (ci-dessous).<\/b><\/p>\n<p>Cette attestation est :<\/p>\n<p>o \u00a0 A compl\u00e9ter par les internes et signer par le ma\u00eetre de stage ;<\/p>\n<p>o \u00a0 A transmettre d\u00fbment compl\u00e9t\u00e9e par mail \u00e0 affaires.medicales@chu-dijon.fr<\/p>\n<p>Nous vous rappelons qu&#8217;il est important de d\u00e9clarer vos cong\u00e9s annuels et <b>qu&#8217;en l&#8217;absence d&#8217;attestation sign\u00e9e et envoy\u00e9e il est \u00e9tabli de mani\u00e8re arbitraire par le CHU que vous avez pos\u00e9 15 jours de cong\u00e9s annuels par semestre !<\/b><\/p>\n<p><a href=\"https:\/\/blog.ube.fr\/ajmgb\/wp-content\/uploads\/sites\/188\/2025\/03\/Attestation-Conge-hors-CHU-003-1.pdf\">Attestation Cong\u00e9 Annuels Stage ambulatoire<\/a><\/p>\n","protected":false},"excerpt":{"rendered":"<p>L\u2019interne a droit \u00e0 un cong\u00e9 annuel de trente jours ouvrables, soit 5 semaines de cong\u00e9s annuels, le samedi \u00e9tant d\u00e9compt\u00e9 comme jour ouvrable. La dur\u00e9e des cong\u00e9s pouvant \u00eatre pris en une seule fois ne peut exc\u00e9der vingt-quatre jours ouvrables\u00a0comme le pr\u00e9cise l\u2019article R6153-12 du Code de la sant\u00e9 publique. Afin d&#8217;\u00e9tablir une preuve&hellip;<\/p>\n<p class=\"more-link-p\"><a class=\"btn btn-primary\" href=\"https:\/\/blog.ube.fr\/ajmgb\/conges-annuels\/\">Voir plus &rarr;<\/a><\/p>\n","protected":false},"author":4924,"featured_media":0,"parent":0,"menu_order":0,"comment_status":"closed","ping_status":"closed","template":"","meta":{"_exactmetrics_skip_tracking":false,"_exactmetrics_sitenote_active":false,"_exactmetrics_sitenote_note":"","_exactmetrics_sitenote_category":0,"footnotes":""},"class_list":["post-996","page","type-page","status-publish","hentry"],"_links":{"self":[{"href":"https:\/\/blog.ube.fr\/ajmgb\/wp-json\/wp\/v2\/pages\/996","targetHints":{"allow":["GET"]}}],"collection":[{"href":"https:\/\/blog.ube.fr\/ajmgb\/wp-json\/wp\/v2\/pages"}],"about":[{"href":"https:\/\/blog.ube.fr\/ajmgb\/wp-json\/wp\/v2\/types\/page"}],"author":[{"embeddable":true,"href":"https:\/\/blog.ube.fr\/ajmgb\/wp-json\/wp\/v2\/users\/4924"}],"replies":[{"embeddable":true,"href":"https:\/\/blog.ube.fr\/ajmgb\/wp-json\/wp\/v2\/comments?post=996"}],"version-history":[{"count":3,"href":"https:\/\/blog.ube.fr\/ajmgb\/wp-json\/wp\/v2\/pages\/996\/revisions"}],"predecessor-version":[{"id":1007,"href":"https:\/\/blog.ube.fr\/ajmgb\/wp-json\/wp\/v2\/pages\/996\/revisions\/1007"}],"wp:attachment":[{"href":"https:\/\/blog.ube.fr\/ajmgb\/wp-json\/wp\/v2\/media?parent=996"}],"curies":[{"name":"wp","href":"https:\/\/api.w.org\/{rel}","templated":true}]}}

Congés annuels

<p>L’interne a droit à un congé annuel de <strong>trente jours ouvrables</strong>, soit 5 semaines de congés annuels, le samedi étant décompté comme jour ouvrable.</p>
<p><q>La durée des congés pouvant être pris en une seule fois ne peut excéder vingt-quatre jours ouvrables</q> comme le précise <a href="https://www.legifrance.gouv.fr/codes/article_lc/LEGIARTI000020751978/2023-04-16/" target="_blank" rel="noopener noreferrer">l’article R6153-12 du Code de la santé publique</a>.</p>
<p>Afin d&#8217;établir une preuve de déclaration de congé annuel pour les internes en ambulatoire, le CHU a rédigé à notre demande un<b> formulaire de déclaration type (ci-dessous).</b></p>
<p>Cette attestation est :</p>
<p>o   A compléter par les internes et signer par le maître de stage ;</p>
<p>o   A transmettre dûment complétée par mail à affaires.medicales@chu-dijon.fr</p>
<p>Nous vous rappelons qu&#8217;il est important de déclarer vos congés annuels et <b>qu&#8217;en l&#8217;absence d&#8217;attestation signée et envoyée il est établi de manière arbitraire par le CHU que vous avez posé 15 jours de congés annuels par semestre !</b></p>
<p><a href="https://blog.ube.fr/ajmgb/wp-content/uploads/sites/188/2025/03/Attestation-Conge-hors-CHU-003-1.pdf">Attestation Congé Annuels Stage ambulatoire</a></p>

<p>L’interne a droit à un congé annuel de trente jours ouvrables, soit 5 semaines de congés annuels, le samedi étant décompté comme jour ouvrable. La durée des congés pouvant être pris en une seule fois ne peut excéder vingt-quatre jours ouvrables comme le précise l’article R6153-12 du Code de la santé publique. Afin d&#8217;établir une preuve&hellip;</p>
<p class="more-link-p"><a class="btn btn-primary" href="https://blog.ube.fr/ajmgb/conges-annuels/">Voir plus &rarr;</a></p>
