{"id":995,"date":"2025-03-14T17:42:46","date_gmt":"2025-03-14T16:42:46","guid":{"rendered":"https:\/\/blog.u-bourgogne.fr\/ajmgb\/?page_id=995"},"modified":"2025-03-14T17:51:38","modified_gmt":"2025-03-14T16:51:38","slug":"droit-de-greve","status":"publish","type":"page","link":"https:\/\/blog.ube.fr\/ajmgb\/droit-de-greve\/","title":{"rendered":"Droit de gr\u00e8ve"},"content":{"rendered":"<p>Comme tout salari\u00e9, selon le Code du travail, l\u2019interne dispose du droit de gr\u00e8ve, sous couvert d\u2019un pr\u00e9avis qui doit \u00eatre remis 5 jours francs avant le d\u00e9clenchement de la gr\u00e8ve, \u00e0 la direction de l\u2019\u00e9tablissement.<\/p>\n<p>La n\u00e9gociation est obligatoire pendant toute la dur\u00e9e du pr\u00e9avis.<\/p>\n<p>&nbsp;<\/p>\n<p>Le pr\u00e9avis est d\u00e9pos\u00e9 par le syndicat national repr\u00e9sentatif des internes de m\u00e9decine g\u00e9n\u00e9rale, l&#8217;ISNAR-IMG et la d\u00e9claration de gr\u00e8ve est \u00e0 faire par l&#8217;interne aupr\u00e8s de la direction des affaires m\u00e9dicales de son service d&#8217;affectation.<\/p>\n<p>&nbsp;<\/p>\n","protected":false},"excerpt":{"rendered":"<p>Comme tout salari\u00e9, selon le Code du travail, l\u2019interne dispose du droit de gr\u00e8ve, sous couvert d\u2019un pr\u00e9avis qui doit \u00eatre remis 5 jours francs avant le d\u00e9clenchement de la gr\u00e8ve, \u00e0 la direction de l\u2019\u00e9tablissement. La n\u00e9gociation est obligatoire pendant toute la dur\u00e9e du pr\u00e9avis. &nbsp; Le pr\u00e9avis est d\u00e9pos\u00e9 par le syndicat national&hellip;<\/p>\n<p class=\"more-link-p\"><a class=\"btn btn-primary\" href=\"https:\/\/blog.ube.fr\/ajmgb\/droit-de-greve\/\">Voir plus &rarr;<\/a><\/p>\n","protected":false},"author":4924,"featured_media":0,"parent":0,"menu_order":0,"comment_status":"closed","ping_status":"closed","template":"","meta":{"_exactmetrics_skip_tracking":false,"_exactmetrics_sitenote_active":false,"_exactmetrics_sitenote_note":"","_exactmetrics_sitenote_category":0,"footnotes":""},"class_list":["post-995","page","type-page","status-publish","hentry"],"_links":{"self":[{"href":"https:\/\/blog.ube.fr\/ajmgb\/wp-json\/wp\/v2\/pages\/995","targetHints":{"allow":["GET"]}}],"collection":[{"href":"https:\/\/blog.ube.fr\/ajmgb\/wp-json\/wp\/v2\/pages"}],"about":[{"href":"https:\/\/blog.ube.fr\/ajmgb\/wp-json\/wp\/v2\/types\/page"}],"author":[{"embeddable":true,"href":"https:\/\/blog.ube.fr\/ajmgb\/wp-json\/wp\/v2\/users\/4924"}],"replies":[{"embeddable":true,"href":"https:\/\/blog.ube.fr\/ajmgb\/wp-json\/wp\/v2\/comments?post=995"}],"version-history":[{"count":3,"href":"https:\/\/blog.ube.fr\/ajmgb\/wp-json\/wp\/v2\/pages\/995\/revisions"}],"predecessor-version":[{"id":1009,"href":"https:\/\/blog.ube.fr\/ajmgb\/wp-json\/wp\/v2\/pages\/995\/revisions\/1009"}],"wp:attachment":[{"href":"https:\/\/blog.ube.fr\/ajmgb\/wp-json\/wp\/v2\/media?parent=995"}],"curies":[{"name":"wp","href":"https:\/\/api.w.org\/{rel}","templated":true}]}}

Droit de grève

<p>Comme tout salarié, selon le Code du travail, l’interne dispose du droit de grève, sous couvert d’un préavis qui doit être remis 5 jours francs avant le déclenchement de la grève, à la direction de l’établissement.</p>
<p>La négociation est obligatoire pendant toute la durée du préavis.</p>
<p>&nbsp;</p>
<p>Le préavis est déposé par le syndicat national représentatif des internes de médecine générale, l&#8217;ISNAR-IMG et la déclaration de grève est à faire par l&#8217;interne auprès de la direction des affaires médicales de son service d&#8217;affectation.</p>
<p>&nbsp;</p>

<p>Comme tout salarié, selon le Code du travail, l’interne dispose du droit de grève, sous couvert d’un préavis qui doit être remis 5 jours francs avant le déclenchement de la grève, à la direction de l’établissement. La négociation est obligatoire pendant toute la durée du préavis. &nbsp; Le préavis est déposé par le syndicat national&hellip;</p>
<p class="more-link-p"><a class="btn btn-primary" href="https://blog.ube.fr/ajmgb/droit-de-greve/">Voir plus &rarr;</a></p>
