{"id":84,"date":"2023-05-20T16:06:13","date_gmt":"2023-05-20T14:06:13","guid":{"rendered":"https:\/\/blog.u-bourgogne.fr\/ajmgb\/?page_id=84"},"modified":"2023-08-25T14:19:40","modified_gmt":"2023-08-25T12:19:40","slug":"evenements","status":"publish","type":"page","link":"https:\/\/blog.ube.fr\/ajmgb\/evenements\/","title":{"rendered":"Ev\u00e8nements"},"content":{"rendered":"<p><span style=\"font-size: 18pt;\"><b>\ud83e\udd71\ud83e\udeab <\/b><\/span>L&#8217;internat de M\u00e9decine G\u00e9n\u00e9rale peut nous \u00e9loigner les uns des autres lors de nos stages respectifs, notamment en nous retrouvant seuls en cabinet lib\u00e9ral.<\/p>\n<p>&nbsp;<\/p>\n<p><span style=\"font-size: 18pt;\"><b>\ud83d\ude32\u2754<\/b><\/span>Mais quoi de mieux apr\u00e8s une longue journ\u00e9e de dur labeur, que de se retrouver ses co-internes \u00e0 l&#8217;occasion de <span style=\"color: #0000ff;\">nombreux \u00e9v\u00e8nements organis\u00e9s tout au long de l&#8217;ann\u00e9e par nos soins ou coorganis\u00e9s avec l&#8217;AIHD<\/span> (Association des Internes des H\u00f4pitaux de Dijon).<\/p>\n<p>&nbsp;<\/p>\n<p><span style=\"font-size: 18pt;\"><b> \ud83e\udd73\ud83d\udd0b<\/b><\/span>Vous trouverez dans cette cat\u00e9gorie tous les \u00e9v\u00e8nements que votre association pr\u00e9f\u00e9r\u00e9e a le plaisir d&#8217;organiser pour tous les internes Bourguignons : <span style=\"color: #0000ff;\">Week-End d&#8217;Int\u00e9gration<\/span>, <span style=\"color: #0000ff;\">Week-end Ski<\/span>, <span style=\"color: #0000ff;\">Grand Gala des Internes<\/span>, <span style=\"color: #0000ff;\">Afterworks<\/span>, <span style=\"color: #0000ff;\">Activit\u00e9s sportives<\/span>, etc.<\/p>\n","protected":false},"excerpt":{"rendered":"<p>\ud83e\udd71\ud83e\udeab L&#8217;internat de M\u00e9decine G\u00e9n\u00e9rale peut nous \u00e9loigner les uns des autres lors de nos stages respectifs, notamment en nous retrouvant seuls en cabinet lib\u00e9ral. &nbsp; \ud83d\ude32\u2754Mais quoi de mieux apr\u00e8s une longue journ\u00e9e de dur labeur, que de se retrouver ses co-internes \u00e0 l&#8217;occasion de nombreux \u00e9v\u00e8nements organis\u00e9s tout au long de l&#8217;ann\u00e9e par&hellip;<\/p>\n<p class=\"more-link-p\"><a class=\"btn btn-primary\" href=\"https:\/\/blog.ube.fr\/ajmgb\/evenements\/\">Voir plus &rarr;<\/a><\/p>\n","protected":false},"author":4923,"featured_media":0,"parent":0,"menu_order":0,"comment_status":"closed","ping_status":"closed","template":"","meta":{"_exactmetrics_skip_tracking":false,"_exactmetrics_sitenote_active":false,"_exactmetrics_sitenote_note":"","_exactmetrics_sitenote_category":0,"footnotes":""},"class_list":["post-84","page","type-page","status-publish","hentry"],"_links":{"self":[{"href":"https:\/\/blog.ube.fr\/ajmgb\/wp-json\/wp\/v2\/pages\/84","targetHints":{"allow":["GET"]}}],"collection":[{"href":"https:\/\/blog.ube.fr\/ajmgb\/wp-json\/wp\/v2\/pages"}],"about":[{"href":"https:\/\/blog.ube.fr\/ajmgb\/wp-json\/wp\/v2\/types\/page"}],"author":[{"embeddable":true,"href":"https:\/\/blog.ube.fr\/ajmgb\/wp-json\/wp\/v2\/users\/4923"}],"replies":[{"embeddable":true,"href":"https:\/\/blog.ube.fr\/ajmgb\/wp-json\/wp\/v2\/comments?post=84"}],"version-history":[{"count":11,"href":"https:\/\/blog.ube.fr\/ajmgb\/wp-json\/wp\/v2\/pages\/84\/revisions"}],"predecessor-version":[{"id":466,"href":"https:\/\/blog.ube.fr\/ajmgb\/wp-json\/wp\/v2\/pages\/84\/revisions\/466"}],"wp:attachment":[{"href":"https:\/\/blog.ube.fr\/ajmgb\/wp-json\/wp\/v2\/media?parent=84"}],"curies":[{"name":"wp","href":"https:\/\/api.w.org\/{rel}","templated":true}]}}

Evènements

<p><span style="font-size: 18pt;"><b>🥱🪫 </b></span>L&#8217;internat de Médecine Générale peut nous éloigner les uns des autres lors de nos stages respectifs, notamment en nous retrouvant seuls en cabinet libéral.</p>
<p>&nbsp;</p>
<p><span style="font-size: 18pt;"><b>😲❔</b></span>Mais quoi de mieux après une longue journée de dur labeur, que de se retrouver ses co-internes à l&#8217;occasion de <span style="color: #0000ff;">nombreux évènements organisés tout au long de l&#8217;année par nos soins ou coorganisés avec l&#8217;AIHD</span> (Association des Internes des Hôpitaux de Dijon).</p>
<p>&nbsp;</p>
<p><span style="font-size: 18pt;"><b> 🥳🔋</b></span>Vous trouverez dans cette catégorie tous les évènements que votre association préférée a le plaisir d&#8217;organiser pour tous les internes Bourguignons : <span style="color: #0000ff;">Week-End d&#8217;Intégration</span>, <span style="color: #0000ff;">Week-end Ski</span>, <span style="color: #0000ff;">Grand Gala des Internes</span>, <span style="color: #0000ff;">Afterworks</span>, <span style="color: #0000ff;">Activités sportives</span>, etc.</p>

<p>🥱🪫 L&#8217;internat de Médecine Générale peut nous éloigner les uns des autres lors de nos stages respectifs, notamment en nous retrouvant seuls en cabinet libéral. &nbsp; 😲❔Mais quoi de mieux après une longue journée de dur labeur, que de se retrouver ses co-internes à l&#8217;occasion de nombreux évènements organisés tout au long de l&#8217;année par&hellip;</p>
<p class="more-link-p"><a class="btn btn-primary" href="https://blog.ube.fr/ajmgb/evenements/">Voir plus &rarr;</a></p>
