{"id":807,"date":"2024-03-15T22:07:28","date_gmt":"2024-03-15T21:07:28","guid":{"rendered":"https:\/\/blog.u-bourgogne.fr\/ajmgb\/?page_id=807"},"modified":"2024-03-26T23:57:47","modified_gmt":"2024-03-26T22:57:47","slug":"post-internat","status":"publish","type":"page","link":"https:\/\/blog.ube.fr\/ajmgb\/post-internat\/","title":{"rendered":"Post-internat"},"content":{"rendered":"<p>\u2049 Comment faire pour s&#8217;installer ? Peur d&#8217;\u00eatre noy\u00e9 par toutes les d\u00e9marches ?<\/p>\n<p>Pour vous aider, l&#8217;ARS a pr\u00e9par\u00e9 un guide qui synth\u00e9tise des aides et d\u00e9marches d\u2019installation pour un m\u00e9decin dans l\u2019Yonne :\u00a0<a href=\"https:\/\/blog.ube.fr\/ajmgb\/wp-content\/uploads\/sites\/188\/2024\/03\/Document-installation-MG-ARS-Yonne.pdf\">Document installation MG ARS Yonne<\/a><\/p>\n<p>&nbsp;<\/p>\n<p>\ud83d\udc4a ReAGJIR et son antenne locale BFC :<\/p>\n<p>Le syndicat ReAGJIR-BFC, Regroupement Autonome des G\u00e9n\u00e9ralistes Jeunes Install\u00e9s et Rempla\u00e7ants, repr\u00e9sente les jeunes install\u00e9s, les rempla\u00e7ants et les chefs de clinique de M\u00e9decine G\u00e9n\u00e9rale pour la Bourgogne-Franche-Comt\u00e9, en relais de Reagjir au national.<\/p>\n<p><a href=\"https:\/\/www.facebook.com\/profile.php?id=61557625865793\">Page FB<\/a> &#8211; contact@bfc.reagjir.org &#8211; <a href=\"https:\/\/reagjir.org\/syndicat\/bourgogne-franche-comte\/?fbclid=IwAR0U8ZgzJxoBJ5_vwTlu1PdRgFHBAx7STHC1E3ZWbqzyV86xRIBrAI69f5A_aem_Aaj9aw9SGWXWSLMTveSALaAjXAvBoTMkh7OSxTbC6h56etY65lkmc_2vcs1vUCm-6mraVwJHfGgEns2CwxdZIIB-\">Informations et adh\u00e9sions\u00a0<\/a><\/p>\n","protected":false},"excerpt":{"rendered":"<p>\u2049 Comment faire pour s&#8217;installer ? Peur d&#8217;\u00eatre noy\u00e9 par toutes les d\u00e9marches ? Pour vous aider, l&#8217;ARS a pr\u00e9par\u00e9 un guide qui synth\u00e9tise des aides et d\u00e9marches d\u2019installation pour un m\u00e9decin dans l\u2019Yonne :\u00a0Document installation MG ARS Yonne &nbsp; \ud83d\udc4a ReAGJIR et son antenne locale BFC : Le syndicat ReAGJIR-BFC, Regroupement Autonome des G\u00e9n\u00e9ralistes&hellip;<\/p>\n<p class=\"more-link-p\"><a class=\"btn btn-primary\" href=\"https:\/\/blog.ube.fr\/ajmgb\/post-internat\/\">Voir plus &rarr;<\/a><\/p>\n","protected":false},"author":4814,"featured_media":0,"parent":0,"menu_order":0,"comment_status":"closed","ping_status":"closed","template":"","meta":{"_exactmetrics_skip_tracking":false,"_exactmetrics_sitenote_active":false,"_exactmetrics_sitenote_note":"","_exactmetrics_sitenote_category":0,"footnotes":""},"class_list":["post-807","page","type-page","status-publish","hentry"],"_links":{"self":[{"href":"https:\/\/blog.ube.fr\/ajmgb\/wp-json\/wp\/v2\/pages\/807","targetHints":{"allow":["GET"]}}],"collection":[{"href":"https:\/\/blog.ube.fr\/ajmgb\/wp-json\/wp\/v2\/pages"}],"about":[{"href":"https:\/\/blog.ube.fr\/ajmgb\/wp-json\/wp\/v2\/types\/page"}],"author":[{"embeddable":true,"href":"https:\/\/blog.ube.fr\/ajmgb\/wp-json\/wp\/v2\/users\/4814"}],"replies":[{"embeddable":true,"href":"https:\/\/blog.ube.fr\/ajmgb\/wp-json\/wp\/v2\/comments?post=807"}],"version-history":[{"count":5,"href":"https:\/\/blog.ube.fr\/ajmgb\/wp-json\/wp\/v2\/pages\/807\/revisions"}],"predecessor-version":[{"id":822,"href":"https:\/\/blog.ube.fr\/ajmgb\/wp-json\/wp\/v2\/pages\/807\/revisions\/822"}],"wp:attachment":[{"href":"https:\/\/blog.ube.fr\/ajmgb\/wp-json\/wp\/v2\/media?parent=807"}],"curies":[{"name":"wp","href":"https:\/\/api.w.org\/{rel}","templated":true}]}}

<p>⁉ Comment faire pour s&#8217;installer ? Peur d&#8217;être noyé par toutes les démarches ?</p>
<p>Pour vous aider, l&#8217;ARS a préparé un guide qui synthétise des aides et démarches d’installation pour un médecin dans l’Yonne : <a href="https://blog.ube.fr/ajmgb/wp-content/uploads/sites/188/2024/03/Document-installation-MG-ARS-Yonne.pdf">Document installation MG ARS Yonne</a></p>
<p>&nbsp;</p>
<p>👊 ReAGJIR et son antenne locale BFC :</p>
<p>Le syndicat ReAGJIR-BFC, Regroupement Autonome des Généralistes Jeunes Installés et Remplaçants, représente les jeunes installés, les remplaçants et les chefs de clinique de Médecine Générale pour la Bourgogne-Franche-Comté, en relais de Reagjir au national.</p>
<p><a href="https://www.facebook.com/profile.php?id=61557625865793">Page FB</a> &#8211; contact@bfc.reagjir.org &#8211; <a href="https://reagjir.org/syndicat/bourgogne-franche-comte/?fbclid=IwAR0U8ZgzJxoBJ5_vwTlu1PdRgFHBAx7STHC1E3ZWbqzyV86xRIBrAI69f5A_aem_Aaj9aw9SGWXWSLMTveSALaAjXAvBoTMkh7OSxTbC6h56etY65lkmc_2vcs1vUCm-6mraVwJHfGgEns2CwxdZIIB-">Informations et adhésions </a></p>

<p>⁉ Comment faire pour s&#8217;installer ? Peur d&#8217;être noyé par toutes les démarches ? Pour vous aider, l&#8217;ARS a préparé un guide qui synthétise des aides et démarches d’installation pour un médecin dans l’Yonne : Document installation MG ARS Yonne &nbsp; 👊 ReAGJIR et son antenne locale BFC : Le syndicat ReAGJIR-BFC, Regroupement Autonome des Généralistes&hellip;</p>
<p class="more-link-p"><a class="btn btn-primary" href="https://blog.ube.fr/ajmgb/post-internat/">Voir plus &rarr;</a></p>
