{"id":467,"date":"2023-08-25T14:24:01","date_gmt":"2023-08-25T12:24:01","guid":{"rendered":"https:\/\/blog.u-bourgogne.fr\/ajmgb\/?page_id=467"},"modified":"2025-10-01T10:02:18","modified_gmt":"2025-10-01T08:02:18","slug":"week-end-dintegration","status":"publish","type":"page","link":"https:\/\/blog.ube.fr\/ajmgb\/evenements\/week-end-dintegration\/","title":{"rendered":"Week-end de Rentr\u00e9e"},"content":{"rendered":"<p><span style=\"font-size: 18pt;\"><b>\ud83e\udec2 <\/b><\/span>Nous souhaitons accueillir comme il se doit chaque n\u00e9o-interne ayant choisi notre belle subdivision, dans le but de cr\u00e9er du lien entre toutes et tous, d\u00e8s le d\u00e9but de l&#8217;internat.<\/p>\n<p>C&#8217;est aussi l&#8217;occasion de leur faire d\u00e9couvrir des territoires, des h\u00f4tes et des activit\u00e9s <span style=\"color: #0000ff;\">100% Bourgogne<\/span> !<\/p>\n<h3><span style=\"font-size: 18pt;\"><b>\ud83d\uddd3\ufe0f <\/b><\/span>Quand a-t-il lieu<b>\u2753<\/b><\/h3>\n<p>Le WER se d\u00e9roule autour de la date des <span style=\"color: #0000ff;\">des choix de stage du semestre d&#8217;hiver<\/span> (d\u00e9but octobre de chaque ann\u00e9e facultaire).<\/p>\n<h3><span style=\"font-size: 18pt;\"><b>\ud83d\uddfa\ufe0f <\/b><\/span>O\u00f9 se d\u00e9roule-t-il<b>\u2753<\/b><\/h3>\n<p>Nous tenons \u00e0 c\u0153ur \u00e0 ce que le Week-end d&#8217;Int\u00e9gration des Internes Bourguignons se tienne totalement, ou en partie, en <span style=\"color: #0000ff;\">p\u00e9riph\u00e9rie de Dijon<\/span> afin de permettre aux communes et d\u00e9partements d&#8217;accueil de montrer aux n\u00e9o-internes toutes leurs<span style=\"color: #0000ff;\"> richesses culturelles<\/span>, <span style=\"color: #0000ff;\">naturelles<\/span>, <span style=\"color: #0000ff;\">gastronomiques<\/span>, <span style=\"color: #0000ff;\">humaines<\/span>, etc.<\/p>\n<p>La suite, \u00e0 venir&#8230;<\/p>\n<h3><span style=\"font-size: 18pt;\"><b>\ud83c\udf1f <\/b><\/span>En quoi consiste-t-il<b>\u2753<\/b><\/h3>\n<p>Les n\u00e9o-internes sont <span style=\"color: #0000ff;\">transport\u00e9s<\/span>, <span style=\"color: #0000ff;\">nourris<\/span>, <span style=\"color: #0000ff;\">log\u00e9s<\/span>, <span style=\"color: #0000ff;\">chouchout\u00e9s<\/span> et <span style=\"color: #0000ff;\">cocoon\u00e9s<\/span> durant tout le s\u00e9jour.<\/p>\n<p>Au programme : d\u00e9couverte des territoires, activit\u00e9s culturelles et\/ou sportives, rencontre des acteurs et actrices de sant\u00e9 locaux, verres et assiettes de l&#8217;amiti\u00e9, et bien plus encore.<\/p>\n<h3><span style=\"font-size: 18pt;\"><b>\ud83d\ude80 <\/b><\/span>Je veux y aller<b>\u2757<\/b><\/h3>\n<p>Patience, nous vous informerons en temps voulu, d\u00e8s votre prise de poste effective. Alors, restez connect\u00e9s sur nos r\u00e9seaux sociaux et vos <span style=\"color: #0000ff;\">murs Facebook de promotion<\/span> !<\/p>\n<p>&nbsp;<\/p>\n<p style=\"text-align: center;\"><strong><span style=\"font-size: 18pt;\">WER 2025 &#8211; Nevers<\/span><\/strong><\/p>\n<p><img loading=\"lazy\" decoding=\"async\" class=\"aligncenter size-large wp-image-1024\" src=\"https:\/\/blog.ube.fr\/ajmgb\/wp-content\/uploads\/sites\/188\/2025\/10\/Affiche-WER-2025-WEI-819x1024.png\" alt=\"\" width=\"656\" height=\"820\" srcset=\"https:\/\/blog.ube.fr\/ajmgb\/wp-content\/uploads\/sites\/188\/2025\/10\/Affiche-WER-2025-WEI-819x1024.png 819w, https:\/\/blog.ube.fr\/ajmgb\/wp-content\/uploads\/sites\/188\/2025\/10\/Affiche-WER-2025-WEI-240x300.png 240w, https:\/\/blog.ube.fr\/ajmgb\/wp-content\/uploads\/sites\/188\/2025\/10\/Affiche-WER-2025-WEI-768x960.png 768w, https:\/\/blog.ube.fr\/ajmgb\/wp-content\/uploads\/sites\/188\/2025\/10\/Affiche-WER-2025-WEI.png 907w\" sizes=\"auto, (max-width: 656px) 100vw, 656px\" \/><\/p>\n<hr \/>\n<p style=\"text-align: center;\"><strong><span style=\"font-size: 18pt;\">WEI 2024 &#8211; Paray le Monial<\/span><\/strong><\/p>\n<p><img loading=\"lazy\" decoding=\"async\" class=\" wp-image-940 aligncenter\" src=\"https:\/\/blog.ube.fr\/ajmgb\/wp-content\/uploads\/sites\/188\/2024\/09\/Affiche-decorative-nuances-de-vins-palette-de-couleurs.jpg\" alt=\"\" width=\"588\" height=\"588\" srcset=\"https:\/\/blog.ube.fr\/ajmgb\/wp-content\/uploads\/sites\/188\/2024\/09\/Affiche-decorative-nuances-de-vins-palette-de-couleurs.jpg 1080w, https:\/\/blog.ube.fr\/ajmgb\/wp-content\/uploads\/sites\/188\/2024\/09\/Affiche-decorative-nuances-de-vins-palette-de-couleurs-300x300.jpg 300w, https:\/\/blog.ube.fr\/ajmgb\/wp-content\/uploads\/sites\/188\/2024\/09\/Affiche-decorative-nuances-de-vins-palette-de-couleurs-1024x1024.jpg 1024w, https:\/\/blog.ube.fr\/ajmgb\/wp-content\/uploads\/sites\/188\/2024\/09\/Affiche-decorative-nuances-de-vins-palette-de-couleurs-150x150.jpg 150w, https:\/\/blog.ube.fr\/ajmgb\/wp-content\/uploads\/sites\/188\/2024\/09\/Affiche-decorative-nuances-de-vins-palette-de-couleurs-768x768.jpg 768w\" sizes=\"auto, (max-width: 588px) 100vw, 588px\" \/><\/p>\n<hr \/>\n<h4 style=\"text-align: center;\"><strong><span style=\"font-size: 18pt;\">WEI 2023 &#8211; Sens<\/span><\/strong><\/h4>\n<p><img loading=\"lazy\" decoding=\"async\" class=\"wp-image-633 size-large aligncenter\" src=\"https:\/\/blog.ube.fr\/ajmgb\/wp-content\/uploads\/sites\/188\/2023\/09\/WEI-FB-1024x577.png\" alt=\"\" width=\"656\" height=\"370\" srcset=\"https:\/\/blog.ube.fr\/ajmgb\/wp-content\/uploads\/sites\/188\/2023\/09\/WEI-FB-1024x577.png 1024w, https:\/\/blog.ube.fr\/ajmgb\/wp-content\/uploads\/sites\/188\/2023\/09\/WEI-FB-300x169.png 300w, https:\/\/blog.ube.fr\/ajmgb\/wp-content\/uploads\/sites\/188\/2023\/09\/WEI-FB-768x433.png 768w, https:\/\/blog.ube.fr\/ajmgb\/wp-content\/uploads\/sites\/188\/2023\/09\/WEI-FB-1536x865.png 1536w, https:\/\/blog.ube.fr\/ajmgb\/wp-content\/uploads\/sites\/188\/2023\/09\/WEI-FB.png 1640w\" sizes=\"auto, (max-width: 656px) 100vw, 656px\" \/><\/p>\n<p>\ud83d\udcc5 du 5 au 8 octobre 20023<\/p>\n<hr \/>\n<h4 style=\"text-align: center;\"><span style=\"font-size: 18pt;\"><strong>WEI 2022 &#8211; Autun<\/strong><\/span><\/h4>\n<p><iframe loading=\"lazy\" style=\"border: none; overflow: hidden;\" frameborder=\"0\" height=\"314\" scrolling=\"no\" src=\"https:\/\/www.facebook.com\/plugins\/video.php?height=314&amp;href=https%3A%2F%2Fwww.facebook.com%2Fajmgb.dijon%2Fvideos%2F1826999984327376%2F%3Fidorvanity%3D822023782146157&amp;show_text=false&amp;width=560&amp;t=0\" width=\"560\"><\/iframe><\/p>\n<div id='gallery-1' class='gallery galleryid-467 gallery-columns-3 gallery-size-thumbnail'><dl class='gallery-item'>\n\t\t\t<dt class='gallery-icon portrait'>\n\t\t\t\t<a href='https:\/\/blog.ube.fr\/ajmgb\/evenements\/week-end-dintegration\/wei-3\/'><img loading=\"lazy\" decoding=\"async\" width=\"150\" height=\"150\" src=\"https:\/\/blog.ube.fr\/ajmgb\/wp-content\/uploads\/sites\/188\/2023\/08\/WEI-3-150x150.jpg\" class=\"attachment-thumbnail size-thumbnail\" alt=\"\" \/><\/a>\n\t\t\t<\/dt><\/dl><dl class='gallery-item'>\n\t\t\t<dt class='gallery-icon landscape'>\n\t\t\t\t<a href='https:\/\/blog.ube.fr\/ajmgb\/evenements\/week-end-dintegration\/logo-wei-2022\/'><img loading=\"lazy\" decoding=\"async\" width=\"150\" height=\"150\" src=\"https:\/\/blog.ube.fr\/ajmgb\/wp-content\/uploads\/sites\/188\/2023\/08\/Logo-WEI-2022-150x150.jpg\" class=\"attachment-thumbnail size-thumbnail\" alt=\"\" srcset=\"https:\/\/blog.ube.fr\/ajmgb\/wp-content\/uploads\/sites\/188\/2023\/08\/Logo-WEI-2022-150x150.jpg 150w, https:\/\/blog.ube.fr\/ajmgb\/wp-content\/uploads\/sites\/188\/2023\/08\/Logo-WEI-2022-300x300.jpg 300w, https:\/\/blog.ube.fr\/ajmgb\/wp-content\/uploads\/sites\/188\/2023\/08\/Logo-WEI-2022.jpg 500w\" sizes=\"auto, (max-width: 150px) 100vw, 150px\" \/><\/a>\n\t\t\t<\/dt><\/dl>\n\t\t\t<br style='clear: both' \/>\n\t\t<\/div>\n\n<p>&nbsp;<\/p>\n","protected":false},"excerpt":{"rendered":"<p>\ud83e\udec2 Nous souhaitons accueillir comme il se doit chaque n\u00e9o-interne ayant choisi notre belle subdivision, dans le but de cr\u00e9er du lien entre toutes et tous, d\u00e8s le d\u00e9but de l&#8217;internat. C&#8217;est aussi l&#8217;occasion de leur faire d\u00e9couvrir des territoires, des h\u00f4tes et des activit\u00e9s 100% Bourgogne ! \ud83d\uddd3\ufe0f Quand a-t-il lieu\u2753 Le WER se&hellip;<\/p>\n<p class=\"more-link-p\"><a class=\"btn btn-primary\" href=\"https:\/\/blog.ube.fr\/ajmgb\/evenements\/week-end-dintegration\/\">Voir plus &rarr;<\/a><\/p>\n","protected":false},"author":4923,"featured_media":0,"parent":84,"menu_order":1,"comment_status":"closed","ping_status":"closed","template":"","meta":{"_exactmetrics_skip_tracking":false,"_exactmetrics_sitenote_active":false,"_exactmetrics_sitenote_note":"","_exactmetrics_sitenote_category":0,"footnotes":""},"class_list":["post-467","page","type-page","status-publish","hentry"],"_links":{"self":[{"href":"https:\/\/blog.ube.fr\/ajmgb\/wp-json\/wp\/v2\/pages\/467","targetHints":{"allow":["GET"]}}],"collection":[{"href":"https:\/\/blog.ube.fr\/ajmgb\/wp-json\/wp\/v2\/pages"}],"about":[{"href":"https:\/\/blog.ube.fr\/ajmgb\/wp-json\/wp\/v2\/types\/page"}],"author":[{"embeddable":true,"href":"https:\/\/blog.ube.fr\/ajmgb\/wp-json\/wp\/v2\/users\/4923"}],"replies":[{"embeddable":true,"href":"https:\/\/blog.ube.fr\/ajmgb\/wp-json\/wp\/v2\/comments?post=467"}],"version-history":[{"count":15,"href":"https:\/\/blog.ube.fr\/ajmgb\/wp-json\/wp\/v2\/pages\/467\/revisions"}],"predecessor-version":[{"id":1025,"href":"https:\/\/blog.ube.fr\/ajmgb\/wp-json\/wp\/v2\/pages\/467\/revisions\/1025"}],"up":[{"embeddable":true,"href":"https:\/\/blog.ube.fr\/ajmgb\/wp-json\/wp\/v2\/pages\/84"}],"wp:attachment":[{"href":"https:\/\/blog.ube.fr\/ajmgb\/wp-json\/wp\/v2\/media?parent=467"}],"curies":[{"name":"wp","href":"https:\/\/api.w.org\/{rel}","templated":true}]}}