{"id":152,"date":"2023-05-26T17:26:52","date_gmt":"2023-05-26T15:26:52","guid":{"rendered":"https:\/\/blog.u-bourgogne.fr\/ajmgb\/?page_id=152"},"modified":"2024-12-14T17:19:59","modified_gmt":"2024-12-14T16:19:59","slug":"lieux-de-stage","status":"publish","type":"page","link":"https:\/\/blog.ube.fr\/ajmgb\/stages\/lieux-de-stage\/","title":{"rendered":"Lieux de stage et logements"},"content":{"rendered":"<p><span style=\"font-family: arial, helvetica, sans-serif; color: #000000;\"><a id=\"intro\"><\/a>Vous trouverez une <a href=\"#liste\">liste d&#8217;articles<\/a> de <strong>chaque Centre Hospitalier accueillant des<\/strong> <strong>internes<\/strong> et contenant les informations dont vous aurez grandement besoin pour <span style=\"color: #3366ff;\">faciliter vos choix de stage\u00a0<\/span>ainsi qu&#8217;une <a href=\"#carte\">carte interactive<\/a>, quelques <a href=\"#pratique\">informations pratiques<\/a> et les <a href=\"#contacts\">adresses mail<\/a> des Directions des Affaires M\u00e9dicales.<\/span><\/p>\n<div id=\"attachment_169\" style=\"width: 579px\" class=\"wp-caption aligncenter\"><img loading=\"lazy\" decoding=\"async\" aria-describedby=\"caption-attachment-169\" class=\"wp-image-169\" src=\"https:\/\/blog.ube.fr\/ajmgb\/wp-content\/uploads\/sites\/188\/2023\/05\/Carte-CH-Bourgogne.png\" alt=\"\" width=\"569\" height=\"517\" srcset=\"https:\/\/blog.ube.fr\/ajmgb\/wp-content\/uploads\/sites\/188\/2023\/05\/Carte-CH-Bourgogne.png 1401w, https:\/\/blog.ube.fr\/ajmgb\/wp-content\/uploads\/sites\/188\/2023\/05\/Carte-CH-Bourgogne-300x273.png 300w, https:\/\/blog.ube.fr\/ajmgb\/wp-content\/uploads\/sites\/188\/2023\/05\/Carte-CH-Bourgogne-1024x930.png 1024w, https:\/\/blog.ube.fr\/ajmgb\/wp-content\/uploads\/sites\/188\/2023\/05\/Carte-CH-Bourgogne-768x698.png 768w\" sizes=\"auto, (max-width: 569px) 100vw, 569px\" \/><p id=\"caption-attachment-169\" class=\"wp-caption-text\">Carte des CH de Bourgogne (terrains et hors terrains de stage)<\/p><\/div>\n<p style=\"text-align: justify;\"><span style=\"font-family: arial, helvetica, sans-serif;\"><strong>\ud83d\udccc <a id=\"carte\"><\/a>Carte interactive des stages ambulatoires et hospitaliers<\/strong> (faites attention, cette carte pourrait ne plus \u00eatre \u00e0 jour en fonction de l&#8217;ajout ou la suppression de certains terrains) :<\/span><\/p>\n<p style=\"padding-left: 120px;\"><iframe loading=\"lazy\" height=\"480\" src=\"https:\/\/www.google.com\/maps\/d\/embed?mid=1R5MQi2eXILwdTA8BA7XRSKA9nV943bM&amp;ehbc=2E312F\" width=\"640\"><\/iframe><\/p>\n<h4><span style=\"font-family: arial, helvetica, sans-serif; font-size: 12pt;\"><a href=\"#intro\"><span style=\"font-size: 10pt; color: #0000ff;\">Retour en haut de page<\/span><\/a><\/span><\/h4>\n<hr \/>\n<h4 style=\"text-align: justify;\"><span style=\"font-family: arial, helvetica, sans-serif; font-size: 12pt;\"> <span style=\"text-decoration: underline;\"><a id=\"pratique\"><\/a>Le CHU<\/span> :<br \/>\n<\/span><span style=\"font-family: arial, helvetica, sans-serif; font-size: 12pt;\">R\u00e9aliser un stage au CHU de Dijon n&#8217;est pas obligatoire.<\/span><br \/>\n<span style=\"font-family: arial, helvetica, sans-serif; font-size: 12pt;\">Il y a quelques autres stages sur la ville de Dijon et alentours en hospitalier ou ambulatoire, il est possible cependant difficile de faire un internat entier sur la ville, il faut pour cela \u00eatre assez bien class\u00e9(e) dans la promo (dans la premi\u00e8re moiti\u00e9 notamment). <\/span><br \/>\n<span style=\"font-family: arial, helvetica, sans-serif; font-size: 12pt;\">Pour celles et ceux qui souhaitent rester log\u00e9s sur Dijon, en \u00e9tant bien class\u00e9 il y a cependant possibilit\u00e9 d&#8217;avoir des stages dans des p\u00e9riph\u00e9ries proches \u00e0 condition d&#8217;accepter de faire de la route.<\/span><\/h4>\n<p class=\"p1\" style=\"text-align: justify;\">\ud83c\udfe2 <span style=\"font-family: arial, helvetica, sans-serif;\"><span style=\"text-decoration: underline;\">Les p\u00e9riphs<\/span> :<\/span><br \/>\n<span style=\"font-family: arial, helvetica, sans-serif;\">Notre r\u00e9gion est grande ! Les p\u00e9riphs sont pour les plus lointaines \u00e0 2h45-3h de Dijon. Le point positif : on est souvent tr\u00e8s bien accueilli dans ces internats du bout de la r\u00e9gion (Nevers, Sens).<\/span><br \/>\n<span style=\"font-family: arial, helvetica, sans-serif;\">L&#8217;ARS de la r\u00e9gion tient beaucoup \u00e0 ce que les internes soient r\u00e9partis sur toute la r\u00e9gion, donc dans la Ni\u00e8vre et dans l\u2019Yonne \u00e9galement. La r\u00e9partition des stages ambulatoires est \u00e9galement assez ubiquitaire sur l\u2019ensemble de la r\u00e9gion.<\/span><\/p>\n<p style=\"text-align: justify;\"><span style=\"font-family: arial, helvetica, sans-serif;\">Pour ceux qui seront class\u00e9.e.s dans la deuxi\u00e8me moiti\u00e9 du classement (\u00e7a d\u00e9pend cependant beaucoup des ann\u00e9es), il faut imp\u00e9rativement pr\u00e9voir une voiture : les diff\u00e9rents Ma\u00eetres de Stage Universitaires (les m\u00e9decins chez qui vous \u00eates en stage ambulatoire) peuvent \u00eatre un peu \u00e9loign\u00e9s les uns des autres, et il y a peu de stages ambulatoires g\u00e9rables via les transports en commun.<\/span><br \/>\n<span style=\"font-family: arial, helvetica, sans-serif;\">Profitez donc de l&#8217;\u00e9t\u00e9 pour passer votre permis \ud83d\ude09<\/span><\/p>\n<p class=\"p1\" style=\"text-align: justify;\">\ud83c\udfe0\u00a0<span style=\"font-family: arial, helvetica, sans-serif;\"><span style=\"text-decoration: underline;\">Les internats<\/span> :<\/span><br \/>\n<span style=\"font-family: arial, helvetica, sans-serif;\">Tr\u00e8s h\u00e9t\u00e9roclites. Certains internats sont connus pour tr\u00e8s bien accueillir les internes. Vous aurez des d\u00e9tails dans les \u00e9valuations de stage consultables avant chaque choix de stage.<\/span><br \/>\n<span style=\"font-family: arial, helvetica, sans-serif;\">Tous les internes en stage hospitalier sont log\u00e9s par le CH (sauf sur Dijon et agglom\u00e9ration). Pour les stages ambulatoires, certains terrains de stage sont organis\u00e9s avec les politiques locaux des mini-internats ou s&#8217;arrangent pour vous loger dans l&#8217;internat du CH local (parfois en \u00e9change de la participation \u00e0 la ligne de garde de temps en temps). Des nombreuses communes travaillent \u00e0 mettre en disposition des logements pour inciter les internes \u00e0 venir (maison des internes, appartements en ville etc.). Pour certains terrains de stage ambulatoire il est toutefois encore n\u00e9cessaire de trouver un logement soi-m\u00eame.<\/span><\/p>\n<p style=\"text-align: justify;\"><a href=\"#intro\"><span style=\"font-size: 10pt; color: #0000ff;\">Retour en haut de page<\/span><\/a><\/p>\n<hr \/>\n<h4><span style=\"font-family: arial, helvetica, sans-serif;\"><strong>\ud83d\udce8 <a id=\"contacts\"><\/a>Contacts Directions des Affaires M\u00e9dicales<\/strong><\/span><\/h4>\n<p style=\"text-align: justify;\"><span style=\"font-family: arial, helvetica, sans-serif;\">Par ailleurs, vous trouverez ci-dessous un tableau rassemblant les principaux contacts par lieu de stage afin de pouvoir effectuer les demandes de logement entre autres<em> (liste non <i>exhaustive <\/i>et encore en cours de construction, n&#8217;h\u00e9sitez pas \u00e0 nous envoyer un mail si vous disposez d&#8217;informations suppl\u00e9mentaires)<\/em>.<\/span><\/p>\n<p style=\"text-align: justify;\"><span style=\"font-family: arial, helvetica, sans-serif;\">NB: En l&#8217;absence de contact connu pour la question sp\u00e9cifique des logements, le mail principal de la Direction des Affaires M\u00e9dicale a \u00e9t\u00e9 mis directement.<\/span><\/p>\n<table style=\"border-collapse: collapse; width: 100%;\">\n<tbody>\n<tr>\n<td style=\"width: 16.3449%;\" data-sheets-value=\"{&quot;1&quot;:2,&quot;2&quot;:&quot;Autun&quot;}\">Autun<\/td>\n<td style=\"width: 21.2355%;\" data-sheets-value=\"{&quot;1&quot;:2,&quot;2&quot;:&quot;MENAGER&quot;}\">MENAGER<\/td>\n<td style=\"width: 37.323%;\" data-sheets-value=\"{&quot;1&quot;:2,&quot;2&quot;:&quot;N.MENAGER@ch-autun.fr&quot;}\"><a href=\"mailto:N.MENAGER@ch-autun.fr\" target=\"_blank\" rel=\"noopener\">N.MENAGER@ch-autun.fr<\/a><\/td>\n<\/tr>\n<tr>\n<td style=\"width: 16.3449%;\" data-sheets-value=\"{&quot;1&quot;:2,&quot;2&quot;:&quot;Auxerre&quot;}\">Auxerre<\/td>\n<td style=\"width: 21.2355%;\" data-sheets-value=\"{&quot;1&quot;:2,&quot;2&quot;:&quot;Fouqueau C\u00e9line&quot;}\">C\u00e9line FOUQUEAU<\/td>\n<td style=\"width: 37.323%;\" data-sheets-value=\"{&quot;1&quot;:2,&quot;2&quot;:&quot;cfouqueau@ch-auxerre.fr &quot;}\"><a href=\"mailto:cfouqueau@ch-auxerre.fr\" target=\"_blank\" rel=\"noopener\">cfouqueau@ch-auxerre.fr<\/a><\/td>\n<\/tr>\n<tr>\n<td style=\"width: 16.3449%;\" data-sheets-value=\"{&quot;1&quot;:2,&quot;2&quot;:&quot;Avallon&quot;}\">Avallon<\/td>\n<td style=\"width: 21.2355%;\" data-sheets-value=\"{&quot;1&quot;:2,&quot;2&quot;:&quot;Justin NISHIMWE&quot;}\">Justin NISHIMWE<\/td>\n<td style=\"width: 37.323%;\" data-sheets-value=\"{&quot;1&quot;:2,&quot;2&quot;:&quot;justin.nishimwe@avallonnais.fr&quot;}\"><a href=\"mailto:justin.nishimwe@avallonnais.fr\" target=\"_blank\" rel=\"noopener\">justin.nishimwe@avallonnais.fr<\/a><\/td>\n<\/tr>\n<tr>\n<td style=\"width: 16.3449%;\" data-sheets-value=\"{&quot;1&quot;:2,&quot;2&quot;:&quot;Beaune&quot;}\">Beaune<\/td>\n<td style=\"width: 21.2355%;\">Christelle JUPPIN<\/td>\n<td style=\"width: 37.323%;\"><a href=\"mailto:christelle.juppin@ch-beaune.fr\" target=\"_blank\" rel=\"noopener\"><span data-sheets-value=\"{&quot;1&quot;:2,&quot;2&quot;:&quot;christelle.juppin@ch-beaune.fr &quot;}\" data-sheets-userformat=\"{&quot;2&quot;:513,&quot;3&quot;:{&quot;1&quot;:0},&quot;12&quot;:0}\">christelle.juppin@ch-beaune.fr <\/span><\/a><\/td>\n<\/tr>\n<tr>\n<td style=\"width: 16.3449%;\" data-sheets-value=\"{&quot;1&quot;:2,&quot;2&quot;:&quot;Chalon&quot;}\">Chalon<\/td>\n<td style=\"width: 21.2355%;\" data-sheets-value=\"{&quot;1&quot;:2,&quot;2&quot;:&quot;Elodie BARRAUD&quot;}\">Elodie BARRAUD<\/td>\n<td style=\"width: 37.323%;\" data-sheets-value=\"{&quot;1&quot;:2,&quot;2&quot;:&quot;Elodie.BARRAUD@ch-chalon71.fr&quot;}\"><a href=\"mailto:Elodie.BARRAUD@ch-chalon71.fr\" target=\"_blank\" rel=\"noopener\">Elodie.BARRAUD@ch-chalon71.fr<\/a><\/td>\n<\/tr>\n<tr>\n<td style=\"width: 16.3449%;\" data-sheets-value=\"{&quot;1&quot;:2,&quot;2&quot;:&quot;Clamecy &quot;}\">Clamecy<\/td>\n<td style=\"width: 21.2355%;\" data-sheets-value=\"{&quot;1&quot;:2,&quot;2&quot;:&quot;Catherine JAILLARD&quot;}\">Catherine JAILLARD<\/td>\n<td style=\"width: 37.323%;\" data-sheets-value=\"{&quot;1&quot;:2,&quot;2&quot;:&quot;catherine.jaillard@wanadoo.fr&quot;}\"><a href=\"mailto:catherine.jaillard@wanadoo.fr\" target=\"_blank\" rel=\"noopener\">catherine.jaillard@wanadoo.fr<\/a><\/td>\n<\/tr>\n<tr>\n<td style=\"width: 16.3449%;\" data-sheets-value=\"{&quot;1&quot;:2,&quot;2&quot;:&quot;Dijon&quot;}\">Dijon<\/td>\n<td style=\"width: 21.2355%;\">Anne-Lucie BOULANGER<\/td>\n<td style=\"width: 37.323%;\"><a href=\"mailto:anne-lucie.boulanger@chu-dijon.fr\" target=\"_blank\" rel=\"noopener\"><span data-sheets-value=\"{&quot;1&quot;:2,&quot;2&quot;:&quot;anne-lucie.boulanger@chu-dijon.fr&quot;}\" data-sheets-userformat=\"{&quot;2&quot;:513,&quot;3&quot;:{&quot;1&quot;:0},&quot;12&quot;:0}\">anne-lucie.boulanger@chu-dijon.fr<\/span><\/a><\/td>\n<\/tr>\n<tr>\n<td style=\"width: 16.3449%;\" data-sheets-value=\"{&quot;1&quot;:2,&quot;2&quot;:&quot;Joigny&quot;}\">Joigny<\/td>\n<td style=\"width: 21.2355%;\" data-sheets-value=\"{&quot;1&quot;:2,&quot;2&quot;:&quot;Cam\u00e9lia BELKA\u00cfD&quot;}\">Cam\u00e9lia BELKA\u00cfD<\/td>\n<td style=\"width: 37.323%;\" data-sheets-value=\"{&quot;1&quot;:2,&quot;2&quot;:&quot;secretariat@simad-joigny.fr&quot;}\"><a href=\"mailto:secretariat@simad-joigny.fr\" target=\"_blank\" rel=\"noopener\">secretariat@simad-joigny.fr<\/a><\/td>\n<\/tr>\n<tr>\n<td style=\"width: 16.3449%;\" data-sheets-value=\"{&quot;1&quot;:2,&quot;2&quot;:&quot;Le Creusot&quot;}\">Le Creusot<\/td>\n<td style=\"width: 21.2355%;\" data-sheets-value=\"{&quot;1&quot;:2,&quot;2&quot;:&quot;Cassandre COLAS&quot;}\">Cassandra COLAS<\/td>\n<td style=\"width: 37.323%;\" data-sheets-value=\"{&quot;1&quot;:2,&quot;2&quot;:&quot;cassandra.colas@groupe-sos.org &quot;}\"><a href=\"mailto:cassandra.colas@groupe-sos.org\" target=\"_blank\" rel=\"noopener\">cassandra.colas@groupe-sos.org<\/a><\/td>\n<\/tr>\n<tr>\n<td style=\"width: 16.3449%;\" data-sheets-value=\"{&quot;1&quot;:2,&quot;2&quot;:&quot;Macon&quot;}\">Macon<\/td>\n<td style=\"width: 21.2355%;\" data-sheets-value=\"{&quot;1&quot;:2,&quot;2&quot;:&quot;Emilie BARBET&quot;}\">Emilie BARBET<\/td>\n<td style=\"width: 37.323%;\" data-sheets-value=\"{&quot;1&quot;:2,&quot;2&quot;:&quot;EmBARBET@ch-macon.fr&quot;}\"><a href=\"mailto:EmBARBET@ch-macon.fr\" target=\"_blank\" rel=\"noopener\">EmBARBET@ch-macon.fr<\/a><\/td>\n<\/tr>\n<tr>\n<td style=\"width: 16.3449%;\" data-sheets-value=\"{&quot;1&quot;:2,&quot;2&quot;:&quot;Montceau&quot;}\">Montceau<\/td>\n<td style=\"width: 21.2355%;\">Emmanuelle ALBERT<\/td>\n<td style=\"width: 37.323%;\"><a href=\"mailto:emalbert@ch-montceau71.fr\" target=\"_blank\" rel=\"noopener\">emalbert@ch-montceau71.fr<\/a> \/ 03 85 67 61 25 \/ <a href=\"mailto:direction.affaires.medicales@ch-montceau71.fr\" target=\"_blank\" rel=\"noopener\">direction.affaires.medicales@<wbr \/>ch-montceau71.fr<\/a><\/td>\n<\/tr>\n<tr>\n<td style=\"width: 16.3449%;\" data-sheets-value=\"{&quot;1&quot;:2,&quot;2&quot;:&quot;Nevers&quot;}\">Nevers<\/td>\n<td style=\"width: 21.2355%;\" data-sheets-value=\"{&quot;1&quot;:2,&quot;2&quot;:&quot;Yvain MASSARD&quot;}\">Yvain MASSARD<\/td>\n<td style=\"width: 37.323%;\" data-sheets-value=\"{&quot;1&quot;:2,&quot;2&quot;:&quot;yvain.massard@nievre.fr&quot;}\"><a href=\"mailto:yvain.massard@nievre.fr\" target=\"_blank\" rel=\"noopener\">yvain.massard@nievre.fr<\/a><\/td>\n<\/tr>\n<tr>\n<td style=\"width: 16.3449%;\" data-sheets-value=\"{&quot;1&quot;:2,&quot;2&quot;:&quot;Paray-le-Monial&quot;}\">Paray-le-Monial<\/td>\n<td style=\"width: 21.2355%;\"><\/td>\n<td style=\"width: 37.323%;\" data-sheets-value=\"{&quot;1&quot;:2,&quot;2&quot;:&quot;affaires.medicales@ch.paray.fr &quot;}\"><a href=\"mailto:affaires.medicales@ch.paray.fr\" target=\"_blank\" rel=\"noopener\">affaires.medicales@ch.paray.fr<\/a><\/td>\n<\/tr>\n<tr>\n<td style=\"width: 16.3449%;\" data-sheets-value=\"{&quot;1&quot;:2,&quot;2&quot;:&quot;Semur-en_Auxois&quot;}\">Semur-en_Auxois<\/td>\n<td style=\"width: 21.2355%;\" data-sheets-value=\"{&quot;1&quot;:2,&quot;2&quot;:&quot;Catherine PATENOTTE&quot;}\">Catherine PATENOTTE<\/td>\n<td style=\"width: 37.323%;\" data-sheets-value=\"{&quot;1&quot;:2,&quot;2&quot;:&quot;catherine.patenotte@ch-semur.fr &quot;}\"><a href=\"mailto:catherine.patenotte@ch-semur.fr\" target=\"_blank\" rel=\"noopener\">catherine.patenotte@ch-semur.fr<\/a><\/td>\n<\/tr>\n<tr>\n<td style=\"width: 16.3449%;\" data-sheets-value=\"{&quot;1&quot;:2,&quot;2&quot;:&quot;Sens&quot;}\">Sens<\/td>\n<td style=\"width: 21.2355%;\" data-sheets-value=\"{&quot;1&quot;:2,&quot;2&quot;:&quot;Rita MAGALHAES&quot;}\">Rita MAGALHAES<\/td>\n<td style=\"width: 37.323%;\" data-sheets-value=\"{&quot;1&quot;:2,&quot;2&quot;:&quot;rmagalhaes@ch-sens.fr arecroix@ch-sens.fr&quot;}\"><a href=\"mailto:rmagalhaes@ch-sens.fr\" target=\"_blank\" rel=\"noopener\">rmagalhaes@ch-sens.fr<\/a> ; <a href=\"mailto:arecroix@ch-sens.fr\" target=\"_blank\" rel=\"noopener\">arecroix@ch-sens.fr<\/a><\/td>\n<\/tr>\n<tr>\n<td style=\"width: 16.3449%;\">Tonnerre<\/td>\n<td style=\"width: 21.2355%;\">Mme DEWYNDT<\/td>\n<td style=\"width: 37.323%;\"><a href=\"mailto:d.dewyndt@ch-tonnerre.fr\" target=\"_blank\" rel=\"noopener\">d.dewyndt@ch-tonnerre.fr<\/a><\/td>\n<\/tr>\n<\/tbody>\n<\/table>\n<p><a href=\"#intro\"><span style=\"font-size: 10pt; color: #0000ff;\">Retour en haut de page<\/span><\/a><\/p>\n<hr \/>\n<h4><span style=\"font-family: arial, helvetica, sans-serif;\"><strong>\ud83c\udfe1 Carte des logements disponibles<\/strong><\/span><\/h4>\n<p><span style=\"font-family: arial, helvetica, sans-serif;\">L&#8217;ARS a recens\u00e9 de nombreux logements disponibles sur la r\u00e9gion et les a regroup\u00e9 sur une carte dynamique, disponible sur ici :\u00a0<a href=\"https:\/\/www.bourgogne-franche-comte.ars.sante.fr\/offres-dhebergements-pour-les-etudiants-en-sante\" rel=\"\">Carte.<\/a> Il suffit de cliquer sur la carte pour l&#8217;afficher en grand puis sur la ville souhait\u00e9e pour obtenir les infos.<\/span><\/p>\n<p><span style=\"font-family: arial, helvetica, sans-serif;\">Mise \u00e0 jour mars 2024<\/span><\/p>\n<p><a href=\"https:\/\/www.bourgogne-franche-comte.ars.sante.fr\/system\/files\/2024-03\/carte-hebergements-etudiants-sante_0.pdf\"><img loading=\"lazy\" decoding=\"async\" class=\"alignnone wp-image-814 size-full\" src=\"https:\/\/blog.ube.fr\/ajmgb\/wp-content\/uploads\/sites\/188\/2024\/03\/Capture.jpg\" alt=\"\" width=\"1390\" height=\"976\" srcset=\"https:\/\/blog.ube.fr\/ajmgb\/wp-content\/uploads\/sites\/188\/2024\/03\/Capture.jpg 1390w, https:\/\/blog.ube.fr\/ajmgb\/wp-content\/uploads\/sites\/188\/2024\/03\/Capture-300x211.jpg 300w, https:\/\/blog.ube.fr\/ajmgb\/wp-content\/uploads\/sites\/188\/2024\/03\/Capture-1024x719.jpg 1024w, https:\/\/blog.ube.fr\/ajmgb\/wp-content\/uploads\/sites\/188\/2024\/03\/Capture-768x539.jpg 768w\" sizes=\"auto, (max-width: 1390px) 100vw, 1390px\" \/><\/a><\/p>\n<hr \/>\n<p><span style=\"font-family: arial, helvetica, sans-serif;\"><em><a id=\"liste\"><\/a>Cliquez sur les villes pour acc\u00e9der aux informations.<\/em><\/span><\/p>\n<p><span style=\"font-family: arial, helvetica, sans-serif;\">Sp\u00e9cifiquement pour le <strong>Pays Val de Loire Nivernais<\/strong> (autour de Nevers, la Charit\u00e9-sur-Loire etc), voici un autre tableau recensant les logements disponibles : <a href=\"https:\/\/www.valdeloirenivernais.fr\/wp-content\/uploads\/2024\/04\/Lieux-hebergement-stagiaires.pdf\" rel=\"\">Logements Val de Loire Nivernais<\/a><\/span><\/p>\n<p><span style=\"font-family: arial, helvetica, sans-serif;\"><em>Nous essayons de tenir cette liste \u00e0 jour du mieux possible, n&#8217;h\u00e9sitez pas \u00e0 nous faire des remarques si certaines informations ne s&#8217;av\u00e8rent plus d&#8217;actualit\u00e9s !<\/em><\/span><\/p>\n<blockquote>\n<h4><a title=\"Autun\" href=\"https:\/\/blog.ube.fr\/ajmgb\/2023\/05\/26\/autun\/\" rel=\"\"><strong><span style=\"color: #0000ff; font-family: arial, helvetica, sans-serif;\">Autun<\/span><\/strong><\/a><\/h4>\n<h4><a title=\"Avallon\" href=\"https:\/\/blog.ube.fr\/ajmgb\/2023\/05\/28\/auxerre\/\" rel=\"\"><strong><span style=\"color: #0000ff; font-family: arial, helvetica, sans-serif;\">Auxerre<\/span><\/strong><\/a><\/h4>\n<h4><a title=\"Avallon\" href=\"https:\/\/blog.ube.fr\/ajmgb\/2023\/05\/28\/avallon\/\" rel=\"\"><strong><span style=\"color: #0000ff; font-family: arial, helvetica, sans-serif;\">Avallon<\/span><\/strong><\/a><\/h4>\n<h4><a title=\"Beaune\" href=\"https:\/\/blog.ube.fr\/ajmgb\/2023\/05\/28\/beaune\/\" rel=\"\"><strong><span style=\"color: #0000ff; font-family: arial, helvetica, sans-serif;\">Beaune<\/span><\/strong><\/a><\/h4>\n<h4><a title=\"Chalon-sur-Sa\u00f4ne\" href=\"https:\/\/blog.ube.fr\/ajmgb\/2023\/05\/28\/chalon-sur-saone\/\" rel=\"\"><strong><span style=\"color: #0000ff; font-family: arial, helvetica, sans-serif;\">Chalon-sur-Sa\u00f4ne<\/span><\/strong><\/a><\/h4>\n<h4><a title=\"Dijon\" href=\"https:\/\/blog.ube.fr\/ajmgb\/2023\/05\/28\/dijon\/\" rel=\"\"><strong><span style=\"color: #0000ff; font-family: arial, helvetica, sans-serif;\">Dijon<\/span><\/strong><\/a><\/h4>\n<h4><a title=\"Joigny\" href=\"https:\/\/blog.ube.fr\/ajmgb\/2023\/05\/28\/joigny\/\" rel=\"\"><strong><span style=\"font-family: arial, helvetica, sans-serif; color: #0000ff;\">Joigny<\/span><\/strong><\/a><\/h4>\n<h4><a title=\"Langres\" href=\"https:\/\/blog.ube.fr\/ajmgb\/2023\/05\/28\/langres\/\" rel=\"\"><strong><span style=\"font-family: arial, helvetica, sans-serif; color: #0000ff;\">Langres<\/span><\/strong><\/a><\/h4>\n<h4><a title=\"Le Creusot\" href=\"https:\/\/blog.ube.fr\/ajmgb\/2023\/05\/28\/le-creusot\/\" rel=\"\"><strong><span style=\"font-family: arial, helvetica, sans-serif; color: #0000ff;\">Le Creusot<\/span><\/strong><\/a><\/h4>\n<h4><a title=\"M\u00e2con\" href=\"https:\/\/blog.ube.fr\/ajmgb\/2023\/05\/28\/macon\/\" rel=\"\"><strong><span style=\"color: #0000ff; font-family: arial, helvetica, sans-serif;\">M\u00e2con<\/span><\/strong><\/a><\/h4>\n<h4><a title=\"Montceau-les-Mines\" href=\"https:\/\/blog.ube.fr\/ajmgb\/2023\/05\/28\/montceau-les-mines\/\" rel=\"\"><strong><span style=\"color: #0000ff; font-family: arial, helvetica, sans-serif;\">Montceau-les-Mines<\/span><\/strong><\/a><\/h4>\n<h4><a title=\"Nevers\" href=\"https:\/\/blog.ube.fr\/ajmgb\/2023\/05\/28\/nevers\/\" rel=\"\"><strong><span style=\"color: #0000ff; font-family: arial, helvetica, sans-serif;\">Nevers<\/span><\/strong><\/a><\/h4>\n<h4><a title=\"Paray-le-Monial\" href=\"https:\/\/blog.ube.fr\/ajmgb\/2023\/05\/28\/paray-le-monial\/\" rel=\"\"><strong><span style=\"color: #0000ff; font-family: arial, helvetica, sans-serif;\">Paray-le-Monial<\/span><\/strong><\/a><\/h4>\n<h4><a title=\"Semur-en-Auxois\" href=\"https:\/\/blog.ube.fr\/ajmgb\/2023\/05\/28\/semur-en-auxois\/\" rel=\"\"><strong><span style=\"color: #0000ff; font-family: arial, helvetica, sans-serif;\">Semur-en-Auxois<\/span><\/strong><\/a><\/h4>\n<h4><a title=\"Sens\" href=\"https:\/\/blog.ube.fr\/ajmgb\/2023\/05\/28\/sens\/\" rel=\"\"><strong><span style=\"color: #0000ff; font-family: arial, helvetica, sans-serif;\">Sens<\/span><\/strong><\/a><\/h4>\n<h4><a title=\"Tonnerre\" href=\"https:\/\/blog.ube.fr\/ajmgb\/2023\/05\/28\/tonnerre\/\" rel=\"\"><strong><span style=\"font-family: arial, helvetica, sans-serif; color: #0000ff;\">Tonnerre<\/span><\/strong><\/a><\/h4>\n<\/blockquote>\n<p><a href=\"#intro\"><span style=\"font-size: 10pt; color: #0000ff;\">Retour en haut de page<\/span><\/a><\/p>\n","protected":false},"excerpt":{"rendered":"<p>Vous trouverez une liste d&#8217;articles de chaque Centre Hospitalier accueillant des internes et contenant les informations dont vous aurez grandement besoin pour faciliter vos choix de stage\u00a0ainsi qu&#8217;une carte interactive, quelques informations pratiques et les adresses mail des Directions des Affaires M\u00e9dicales. \ud83d\udccc Carte interactive des stages ambulatoires et hospitaliers (faites attention, cette carte pourrait&hellip;<\/p>\n<p class=\"more-link-p\"><a class=\"btn btn-primary\" href=\"https:\/\/blog.ube.fr\/ajmgb\/stages\/lieux-de-stage\/\">Voir plus &rarr;<\/a><\/p>\n","protected":false},"author":4923,"featured_media":0,"parent":99,"menu_order":1,"comment_status":"closed","ping_status":"closed","template":"","meta":{"_exactmetrics_skip_tracking":false,"_exactmetrics_sitenote_active":false,"_exactmetrics_sitenote_note":"","_exactmetrics_sitenote_category":0,"footnotes":""},"class_list":["post-152","page","type-page","status-publish","hentry"],"_links":{"self":[{"href":"https:\/\/blog.ube.fr\/ajmgb\/wp-json\/wp\/v2\/pages\/152","targetHints":{"allow":["GET"]}}],"collection":[{"href":"https:\/\/blog.ube.fr\/ajmgb\/wp-json\/wp\/v2\/pages"}],"about":[{"href":"https:\/\/blog.ube.fr\/ajmgb\/wp-json\/wp\/v2\/types\/page"}],"author":[{"embeddable":true,"href":"https:\/\/blog.ube.fr\/ajmgb\/wp-json\/wp\/v2\/users\/4923"}],"replies":[{"embeddable":true,"href":"https:\/\/blog.ube.fr\/ajmgb\/wp-json\/wp\/v2\/comments?post=152"}],"version-history":[{"count":44,"href":"https:\/\/blog.ube.fr\/ajmgb\/wp-json\/wp\/v2\/pages\/152\/revisions"}],"predecessor-version":[{"id":955,"href":"https:\/\/blog.ube.fr\/ajmgb\/wp-json\/wp\/v2\/pages\/152\/revisions\/955"}],"up":[{"embeddable":true,"href":"https:\/\/blog.ube.fr\/ajmgb\/wp-json\/wp\/v2\/pages\/99"}],"wp:attachment":[{"href":"https:\/\/blog.ube.fr\/ajmgb\/wp-json\/wp\/v2\/media?parent=152"}],"curies":[{"name":"wp","href":"https:\/\/api.w.org\/{rel}","templated":true}]}}