{"id":115,"date":"2023-05-20T16:25:52","date_gmt":"2023-05-20T14:25:52","guid":{"rendered":"https:\/\/blog.u-bourgogne.fr\/ajmgb\/?page_id=115"},"modified":"2023-09-02T21:54:14","modified_gmt":"2023-09-02T19:54:14","slug":"maquette-desmg","status":"publish","type":"page","link":"https:\/\/blog.ube.fr\/ajmgb\/formation\/maquette-desmg\/","title":{"rendered":"Maquette DESMG, sp\u00e9cificit\u00e9s dijonnaises"},"content":{"rendered":"<div dir=\"ltr\"><span style=\"font-family: georgia, serif;\"><span style=\"font-family: georgia, serif;\">Comme le demande la maquette nationale, en premi\u00e8re ann\u00e9e, vous devez faire :<br \/>\n&#8211; un stage aux urgences (CHU ou p\u00e9riph\u00e9ries)<br \/>\n&#8211; un stage ambulatoire en m\u00e9decine g\u00e9n\u00e9rale.<\/span><\/span>En deuxi\u00e8me ann\u00e9e, vous devez faire :<br \/>\n&#8211; un stage en sant\u00e9 de la femme et de l\u2019enfant (plusieurs stages hospitaliers en p\u00e9diatrie\/gyn\u00e9co sont en r\u00e9alit\u00e9 coupl\u00e9s 3 mois-3 mois avec aussi quelques terrains en ambulatoire et PMI<span style=\"color: #000000; font-size: 16px;\">)<\/span><\/p>\n<p><span style=\"font-family: georgia, serif;\"><span style=\"font-family: georgia, serif;\">&#8211; un stage en m\u00e9decine adulte (grande offre sur la r\u00e9gion).<\/span><\/span>En derni\u00e8re ann\u00e9e :<br \/>\n&#8211; un SASPAS (stage ambulatoire de niveau 2).<br \/>\n&#8211; un stage libre (m\u00e9decine adulte, deuxi\u00e8me stage aux urgences, deuxi\u00e8me stage femme-enfant, deuxi\u00e8me SASPAS&#8230; selon les disponibilit\u00e9s apr\u00e8s choix des internes n&#8217;ayant pas r\u00e9alis\u00e9 leur obligations de maquette).<\/p>\n<\/div>\n<div dir=\"ltr\"><\/div>\n<div dir=\"ltr\"><strong><span style=\"text-decoration: underline;\">Nouvelle maquette et 4e ann\u00e9e de MG \u00e0 partir de la rentr\u00e9e 2023<\/span><\/strong> :<\/div>\n<div dir=\"ltr\">Voici l&#8217;arr\u00eat\u00e9 concernant la nouvelle maquette en 4 ans :\u00a0<a href=\"https:\/\/www.legifrance.gouv.fr\/jorf\/id\/JORFTEXT000047949048?fbclid=IwAR3DIUYdPGlJ2JeMI6f4BDtrsMbhQj_IGoXCYzvmiq_gg6YDQ9jEz-Nuc24\" target=\"_blank\" rel=\"noopener\">clique ici<\/a>.<\/div>\n<div dir=\"ltr\">Sorti le 3 ao\u00fbt 2023, nous ne savons pas encore comment il va \u00eatre appliqu\u00e9 en Bourgogne. En voici les grandes lignes (<em>les mentions en italique concernent les nouveaut\u00e9s<\/em>) :<\/div>\n<ul>\n<li dir=\"ltr\">1\u00e8re ann\u00e9e = phase socle : un stage ambulatoire de niveau 1 <em>chez un \u00e0 trois MSU<\/em> (maitre de stage universitaire) + un stage aux urgences<\/li>\n<li dir=\"ltr\">2\u00e8me ann\u00e9e = phase d&#8217;approfondissement : un stage de m\u00e9decine polyvalente + un stage <em>coupl\u00e9<\/em> SFE (sant\u00e9 de la femme et de l&#8217;enfant)<\/li>\n<li dir=\"ltr\">3\u00e8me ann\u00e9e = phase d&#8217;approfondissement : un stage ambulatoire de niveau 2 (SASPAS = en autonomie supervis\u00e9e) aupr\u00e8s d&#8217;au moins deux MSU + un stage libre <em>pr\u00e9f\u00e9rentiellement en p\u00e9diatrie, gyn\u00e9cologie, (p\u00e9do)psychiatrie ou g\u00e9riatrie<\/em><\/li>\n<li dir=\"ltr\">4\u00e8me ann\u00e9e = phase de consolidation = DJ (docteur junior donc apr\u00e8s passage de la th\u00e8se)\n<ul style=\"list-style-type: square;\">\n<li dir=\"ltr\">un stage ambulatoire niveau 3 de 6 mois reconduit 6 mois si accord des 2 parties (\u00e9tudiant et MSU), dans un lieu avec forc\u00e9ment un m\u00e9decin th\u00e9s\u00e9 en exercice, avec possibilit\u00e9 de participation \u00e0 la PDSA<\/li>\n<li dir=\"ltr\">Par d\u00e9rogation sur projet professionnel et apr\u00e8s validation du coordination de DES et de la commission locale de coordination , l&#8217;un des deux stages peut \u00eatre r\u00e9alis\u00e9 en hospitalier<\/li>\n<\/ul>\n<\/li>\n<\/ul>\n<p><span style=\"color: #ffffff;\">interne internes m\u00e9decine g\u00e9n\u00e9rale IMG g\u00e9n\u00e9ralistes Dijon dijon M\u00e9decine G\u00e9n\u00e9rale n\u00e9o-interne ECN examen classant national<\/span><\/p>\n","protected":false},"excerpt":{"rendered":"<p>Comme le demande la maquette nationale, en premi\u00e8re ann\u00e9e, vous devez faire : &#8211; un stage aux urgences (CHU ou p\u00e9riph\u00e9ries) &#8211; un stage ambulatoire en m\u00e9decine g\u00e9n\u00e9rale.En deuxi\u00e8me ann\u00e9e, vous devez faire : &#8211; un stage en sant\u00e9 de la femme et de l\u2019enfant (plusieurs stages hospitaliers en p\u00e9diatrie\/gyn\u00e9co sont en r\u00e9alit\u00e9 coupl\u00e9s 3&hellip;<\/p>\n<p class=\"more-link-p\"><a class=\"btn btn-primary\" href=\"https:\/\/blog.ube.fr\/ajmgb\/formation\/maquette-desmg\/\">Voir plus &rarr;<\/a><\/p>\n","protected":false},"author":4923,"featured_media":0,"parent":106,"menu_order":2,"comment_status":"closed","ping_status":"closed","template":"","meta":{"_exactmetrics_skip_tracking":false,"_exactmetrics_sitenote_active":false,"_exactmetrics_sitenote_note":"","_exactmetrics_sitenote_category":0,"footnotes":""},"class_list":["post-115","page","type-page","status-publish","hentry"],"_links":{"self":[{"href":"https:\/\/blog.ube.fr\/ajmgb\/wp-json\/wp\/v2\/pages\/115","targetHints":{"allow":["GET"]}}],"collection":[{"href":"https:\/\/blog.ube.fr\/ajmgb\/wp-json\/wp\/v2\/pages"}],"about":[{"href":"https:\/\/blog.ube.fr\/ajmgb\/wp-json\/wp\/v2\/types\/page"}],"author":[{"embeddable":true,"href":"https:\/\/blog.ube.fr\/ajmgb\/wp-json\/wp\/v2\/users\/4923"}],"replies":[{"embeddable":true,"href":"https:\/\/blog.ube.fr\/ajmgb\/wp-json\/wp\/v2\/comments?post=115"}],"version-history":[{"count":5,"href":"https:\/\/blog.ube.fr\/ajmgb\/wp-json\/wp\/v2\/pages\/115\/revisions"}],"predecessor-version":[{"id":663,"href":"https:\/\/blog.ube.fr\/ajmgb\/wp-json\/wp\/v2\/pages\/115\/revisions\/663"}],"up":[{"embeddable":true,"href":"https:\/\/blog.ube.fr\/ajmgb\/wp-json\/wp\/v2\/pages\/106"}],"wp:attachment":[{"href":"https:\/\/blog.ube.fr\/ajmgb\/wp-json\/wp\/v2\/media?parent=115"}],"curies":[{"name":"wp","href":"https:\/\/api.w.org\/{rel}","templated":true}]}}