{"id":113,"date":"2023-05-20T16:25:22","date_gmt":"2023-05-20T14:25:22","guid":{"rendered":"https:\/\/blog.u-bourgogne.fr\/ajmgb\/?page_id=113"},"modified":"2024-11-28T20:04:57","modified_gmt":"2024-11-28T19:04:57","slug":"theses","status":"publish","type":"page","link":"https:\/\/blog.ube.fr\/ajmgb\/formation\/theses\/","title":{"rendered":"Th\u00e8ses"},"content":{"rendered":"<h3 class=\"p1\"><span style=\"font-family: arial, helvetica, sans-serif;\">\ud83d\udc68\u200d\ud83c\udf93 Jury de th\u00e8se \ud83d\udc69\u200d\ud83c\udf93<\/span><\/h3>\n<p style=\"text-align: justify;\">\ud83d\udcdc <span style=\"font-family: arial, helvetica, sans-serif;\">Le jury doit \u00eatre composer de <span style=\"color: #0000ff;\">4 membres<\/span> dont 2 universitaires, le Pr\u00e9sident doit \u00eatre un PU-PH de Dijon. Il n&#8217;est pas n\u00e9cessaire qu&#8217;un membre du DMG y si\u00e8ge. Il est commun que ton directeur de th\u00e8se en face partie. Le directeur de th\u00e8se peut-\u00eatre \u00eatre n&#8217;importe quel m\u00e9decin th\u00e9s\u00e9, il n&#8217;est pas forc\u00e9ment m\u00e9decin g\u00e9n\u00e9raliste ni forc\u00e9ment bourguignon.<br \/>\n<\/span><\/p>\n<p style=\"text-align: justify;\"><span style=\"font-family: arial, helvetica, sans-serif;\">\ud83c\udf0d Il est possible de passer sa th\u00e8se <span style=\"color: #0000ff;\">ailleurs qu&#8217;\u00e0 Dijon<\/span> mais il faut respecter le protocole \u00e9tabli concernant le jury : il faut imp\u00e9rativement que le Pr\u00e9sident du jury soit un PU-PH de Dijon (il peut si\u00e9ger en visioconf\u00e9rence). Les autres membres peuvent venir d&#8217;une autre UFR ou acad\u00e9mie. Il faut solliciter l&#8217;accord du Doyen de Dijon et de celui de l&#8217;UFR o\u00f9 tu soutiendras. Pour organiser tout \u00e7a, il faut contacter Fabienne Froment (<a href=\"mailto:Fabienne.Froment@u-bourgogne.fr\" target=\"_blank\" rel=\"noopener\">Fabienne.Froment@u-bourgogne.<wbr \/>fr<\/a>). Le dipl\u00f4me de Docteur en M\u00e9decine sera toujours \u00e9tabli par l&#8217;Universit\u00e9 de Bourgogne.<\/span><\/p>\n<div><span style=\"font-family: arial, helvetica, sans-serif; font-size: 18pt;\">\ud83d\udd0e Trouver son sujet ou son directeur \ud83d\udd0d<\/span><\/div>\n<div><span style=\"font-family: arial, helvetica, sans-serif; font-size: 12pt;\">Il n&#8217;est pas toujours facile de trouver un directeur une fois son sujet choisi ou m\u00eame de trouver un sujet. Le DMG de St-Etienne a cr\u00e9\u00e9 la plateforme <a href=\"http:\/\/adopteunethese.fr\">adopteunethese.fr <\/a>qui, \u00e0 la mani\u00e8re d&#8217;un site de rencontre, permet de mettre en relation tout ce beau monde. L&#8217;inscription est gratuite et ouverte \u00e0 tous<\/span><\/div>\n","protected":false},"excerpt":{"rendered":"<p>\ud83d\udc68\u200d\ud83c\udf93 Jury de th\u00e8se \ud83d\udc69\u200d\ud83c\udf93 \ud83d\udcdc Le jury doit \u00eatre composer de 4 membres dont 2 universitaires, le Pr\u00e9sident doit \u00eatre un PU-PH de Dijon. Il n&#8217;est pas n\u00e9cessaire qu&#8217;un membre du DMG y si\u00e8ge. Il est commun que ton directeur de th\u00e8se en face partie. Le directeur de th\u00e8se peut-\u00eatre \u00eatre n&#8217;importe quel m\u00e9decin&hellip;<\/p>\n<p class=\"more-link-p\"><a class=\"btn btn-primary\" href=\"https:\/\/blog.ube.fr\/ajmgb\/formation\/theses\/\">Voir plus &rarr;<\/a><\/p>\n","protected":false},"author":4923,"featured_media":0,"parent":106,"menu_order":5,"comment_status":"closed","ping_status":"closed","template":"","meta":{"_exactmetrics_skip_tracking":false,"_exactmetrics_sitenote_active":false,"_exactmetrics_sitenote_note":"","_exactmetrics_sitenote_category":0,"footnotes":""},"class_list":["post-113","page","type-page","status-publish","hentry"],"_links":{"self":[{"href":"https:\/\/blog.ube.fr\/ajmgb\/wp-json\/wp\/v2\/pages\/113","targetHints":{"allow":["GET"]}}],"collection":[{"href":"https:\/\/blog.ube.fr\/ajmgb\/wp-json\/wp\/v2\/pages"}],"about":[{"href":"https:\/\/blog.ube.fr\/ajmgb\/wp-json\/wp\/v2\/types\/page"}],"author":[{"embeddable":true,"href":"https:\/\/blog.ube.fr\/ajmgb\/wp-json\/wp\/v2\/users\/4923"}],"replies":[{"embeddable":true,"href":"https:\/\/blog.ube.fr\/ajmgb\/wp-json\/wp\/v2\/comments?post=113"}],"version-history":[{"count":5,"href":"https:\/\/blog.ube.fr\/ajmgb\/wp-json\/wp\/v2\/pages\/113\/revisions"}],"predecessor-version":[{"id":953,"href":"https:\/\/blog.ube.fr\/ajmgb\/wp-json\/wp\/v2\/pages\/113\/revisions\/953"}],"up":[{"embeddable":true,"href":"https:\/\/blog.ube.fr\/ajmgb\/wp-json\/wp\/v2\/pages\/106"}],"wp:attachment":[{"href":"https:\/\/blog.ube.fr\/ajmgb\/wp-json\/wp\/v2\/media?parent=113"}],"curies":[{"name":"wp","href":"https:\/\/api.w.org\/{rel}","templated":true}]}}