{"id":111,"date":"2023-05-20T16:24:01","date_gmt":"2023-05-20T14:24:01","guid":{"rendered":"https:\/\/blog.u-bourgogne.fr\/ajmgb\/?page_id=111"},"modified":"2024-04-28T18:41:52","modified_gmt":"2024-04-28T16:41:52","slug":"formations-facultaires","status":"publish","type":"page","link":"https:\/\/blog.ube.fr\/ajmgb\/formation\/formations-facultaires\/","title":{"rendered":"Formations facultaires"},"content":{"rendered":"<h3><span style=\"text-decoration: underline; font-family: arial, helvetica, sans-serif; font-size: 12pt;\"><strong>Formations obligatoires\u00a0<\/strong><\/span><\/h3>\n<div dir=\"ltr\"><span style=\"font-family: arial, helvetica, sans-serif; font-size: 12pt;\">Le D\u00e9partement de M\u00e9decine g\u00e9n\u00e9rale organise pour les internes plusieurs s\u00e9minaires et ateliers, qui sont obligatoires. En moyenne par semestre :<br \/>\n&#8211;\u00a0 1 \u00e0 2 s\u00e9minaires (d&#8217;une journ\u00e9e)<br \/>\n&#8211; 2 \u00e0 4 ateliers (d&#8217;une demi journ\u00e9e soit 2 jours maximum)<br \/>\n&#8211; 2 GEP (Groupe d&#8217;\u00c9change des Pratiques) \/ 1 RSCA (R\u00e9cit de Situation Clinique Authentique)<\/span><\/div>\n<div dir=\"ltr\"><span style=\"font-family: arial, helvetica, sans-serif; font-size: 12pt;\"><br \/>\nLes GEP et RSCA sont organis\u00e9s en petit groupe, sur une demi-journ\u00e9e. Vous aurez le m\u00eame groupe tout votre internat, avec un tuteur.trice attitr\u00e9.e.\u00a0<\/span><\/div>\n<div dir=\"ltr\"><\/div>\n<div dir=\"ltr\"><span style=\"font-family: arial, helvetica, sans-serif; font-size: 12pt;\">Une seule absence (justifi\u00e9e) est tol\u00e9r\u00e9e sur les 3 ans (et l\u2019atelier\/s\u00e9minaire\/GEP manqu\u00e9 doit \u00eatre rattrap\u00e9) par le DMG.\u00a0<\/span><\/div>\n<div dir=\"ltr\"><span style=\"font-family: arial, helvetica, sans-serif; font-size: 12pt;\"><br \/>\nPar ailleurs, il est demand\u00e9 de valider un an de test de lecture \u00e0 une des 2 revues propos\u00e9es, ainsi que de justifier de quelques formations ext\u00e9rieures (comme les congr\u00e8s) pour valider son DES.<\/span><\/div>\n<div dir=\"ltr\"><\/div>\n<h3 dir=\"ltr\"><span style=\"font-family: arial, helvetica, sans-serif; font-size: 12pt;\"><strong><span style=\"text-decoration: underline;\">Formations sp\u00e9cifiques transversales<\/span><\/strong><\/span><\/h3>\n<div dir=\"ltr\"><span style=\"font-family: arial, helvetica, sans-serif; font-size: 12pt;\">Toutes les FST sont officiellement ouvertes \u00e0 tous les internes quelque soit leur sp\u00e9cialit\u00e9. Cependant ont \u00e9t\u00e9 class\u00e9s comme ayant un int\u00e9r\u00eat particulier en m\u00e9decine g\u00e9n\u00e9rale : <strong>addictologie<\/strong>, <strong>douleurs,<\/strong> <strong>soins palliatifs<\/strong>, <strong>m\u00e9decine du sport<\/strong>, <strong>expertise m\u00e9dicale<\/strong>, <strong>m\u00e9decine scolaire<\/strong> et <strong>m\u00e9decine polyvalente hospitali\u00e8re<\/strong>. Elles sont accessibles \u00e0 partir de la phase d&#8217;approfondissement (2e et 3e ann\u00e9e). En pratique \u00e0 Dijon, le DMG n&#8217;accepte les demandes qu&#8217;\u00e0 partir de la 3e ann\u00e9e.<\/span><\/div>\n<div dir=\"ltr\"><span style=\"font-family: arial, helvetica, sans-serif; font-size: 12pt;\">Le nombre de postes par ville et par FST est \u00e9tabli par un arr\u00eat\u00e9 chaque ann\u00e9e : <a href=\"https:\/\/www.legifrance.gouv.fr\/jorf\/id\/JORFTEXT000049467842\" rel=\"\">arr\u00eat\u00e9 du 14\/04\/2024 pour l&#8217;ann\u00e9e <span style=\"font-family: arial, helvetica, sans-serif;\">2024\/2025<\/span><\/a><\/span><\/div>\n<div dir=\"ltr\"><span style=\"font-family: arial, helvetica, sans-serif;\">En Bourgogne, il y aura :<\/span><\/div>\n<ul>\n<li dir=\"ltr\"><span style=\"font-family: arial, helvetica, sans-serif;\">5 postes pour la FST m\u00e9decine polyvalente<\/span><\/li>\n<li dir=\"ltr\"><span style=\"font-family: arial, helvetica, sans-serif;\">1 poste pour la FST m\u00e9decine du sport<\/span><\/li>\n<li dir=\"ltr\"><span style=\"font-family: arial, helvetica, sans-serif;\">1 poste pour la FST m\u00e9decine scolaire<\/span><\/li>\n<li dir=\"ltr\"><span style=\"font-family: arial, helvetica, sans-serif;\">2 postes pour la FST douleur<\/span><\/li>\n<li dir=\"ltr\"><span style=\"font-family: arial, helvetica, sans-serif;\">5 postes pour la FST addictologie<\/span><\/li>\n<li dir=\"ltr\"><span style=\"font-family: arial, helvetica, sans-serif;\">2 postes pour la FST m\u00e9decine palliative<\/span><\/li>\n<li dir=\"ltr\"><span style=\"font-family: arial, helvetica, sans-serif;\">1 poste pour la FST expertise m\u00e9dicale<\/span><\/li>\n<\/ul>\n<div dir=\"ltr\"><\/div>\n<div dir=\"ltr\">Voici les pilotes des FST, \u00e0 contacter si vous \u00eates int\u00e9ress\u00e9s<\/div>\n<div dir=\"ltr\"><\/div>\n<div dir=\"ltr\">\n<table style=\"border-collapse: collapse; width: 98.9174%;\">\n<tbody>\n<tr>\n<td style=\"width: 34.9674%;\"><span style=\"font-family: arial, helvetica, sans-serif;\">M\u00e9decine hospitali\u00e8re polyvalente<\/span><\/td>\n<td style=\"width: 29.5582%;\"><span style=\"font-family: arial, helvetica, sans-serif; font-size: 16px; font-style: normal; font-variant-ligatures: normal; font-variant-caps: normal; font-weight: 400;\">DEVILLIERS Herv\u00e9<\/span><\/td>\n<td style=\"width: 39.3831%;\"><span style=\"font-family: arial, helvetica, sans-serif; font-size: 16px; font-style: normal; font-variant-ligatures: normal; font-variant-caps: normal; font-weight: 400;\">herve.devilliers@chu-dijon.fr<\/span><\/td>\n<\/tr>\n<tr>\n<td style=\"width: 34.9674%;\"><span style=\"font-family: arial, helvetica, sans-serif; font-size: 16px; font-style: normal; font-variant-ligatures: normal; font-variant-caps: normal; font-weight: 400;\">M\u00e9decine du sport\u00a0<\/span><\/td>\n<td style=\"width: 29.5582%;\"><span style=\"font-family: arial, helvetica, sans-serif; font-size: 16px; font-style: normal; font-variant-ligatures: normal; font-variant-caps: normal; font-weight: 400;\">ORTA Cyril\u00a0<\/span><\/td>\n<td style=\"width: 39.3831%;\"><span style=\"font-family: arial, helvetica, sans-serif; font-size: 16px; font-style: normal; font-variant-ligatures: normal; font-variant-caps: normal; font-weight: 400;\">cyril.orta@chu-dijon.fr<\/span><\/td>\n<\/tr>\n<tr>\n<td style=\"width: 34.9674%;\"><span style=\"font-family: arial, helvetica, sans-serif; font-size: 16px; font-style: normal; font-variant-ligatures: normal; font-variant-caps: normal; font-weight: 400;\">M\u00e9decine scolaire\u00a0<\/span><\/td>\n<td style=\"width: 29.5582%;\"><span style=\"font-family: arial, helvetica, sans-serif; font-size: 16px; font-style: normal; font-variant-ligatures: normal; font-variant-caps: normal; font-weight: 400;\">HUET Fr\u00e9d\u00e9ric\u00a0<\/span><\/td>\n<td style=\"width: 39.3831%;\"><span style=\"font-family: arial, helvetica, sans-serif; font-size: 16px; font-style: normal; font-variant-ligatures: normal; font-variant-caps: normal; font-weight: 400;\">frederic.huet@chu-dijon.fr<\/span><\/td>\n<\/tr>\n<tr>\n<td style=\"width: 34.9674%;\"><span style=\"font-family: arial, helvetica, sans-serif; font-size: 16px; font-style: normal; font-variant-ligatures: normal; font-variant-caps: normal; font-weight: 400;\">Douleur\u00a0<\/span><\/td>\n<td style=\"width: 29.5582%;\"><span style=\"font-family: arial, helvetica, sans-serif; font-size: 16px; font-style: normal; font-variant-ligatures: normal; font-variant-caps: normal; font-weight: 400;\">MINELLO Christian\u00a0<\/span><\/td>\n<td style=\"width: 39.3831%;\"><span style=\"font-family: arial, helvetica, sans-serif;\">\u00a0<\/span><\/p>\n<p dir=\"ltr\" style=\"font-style: normal; font-variant-ligatures: normal; font-variant-caps: normal; font-family: 'Times New Roman';\"><span style=\"font-family: arial, helvetica, sans-serif;\">CMinello@cgfl.fr<\/span><\/p>\n<\/td>\n<\/tr>\n<tr>\n<td style=\"width: 34.9674%;\"><span style=\"font-family: arial, helvetica, sans-serif; font-size: 16px; font-style: normal; font-variant-ligatures: normal; font-variant-caps: normal; font-weight: 400;\">Addictologie\u00a0<\/span><\/td>\n<td style=\"width: 29.5582%;\"><span style=\"font-family: arial, helvetica, sans-serif; font-size: 16px; font-style: normal; font-variant-ligatures: normal; font-variant-caps: normal; font-weight: 400;\">TROJAK Benoit\u00a0<\/span><\/td>\n<td style=\"width: 39.3831%;\"><span style=\"font-family: arial, helvetica, sans-serif; font-size: 16px; font-style: normal; font-variant-ligatures: normal; font-variant-caps: normal; font-weight: 400;\">benoit.trojak@chu-dijon.fr<\/span><\/td>\n<\/tr>\n<tr>\n<td style=\"width: 34.9674%;\"><span style=\"font-family: arial, helvetica, sans-serif; font-size: 16px; font-style: normal; font-variant-ligatures: normal; font-variant-caps: normal; font-weight: 400;\">Soins palliatifs\u00a0<\/span><\/td>\n<td style=\"width: 29.5582%;\"><span style=\"font-family: arial, helvetica, sans-serif; font-size: 16px; font-style: normal; font-variant-ligatures: normal; font-variant-caps: normal; font-weight: 400;\">MANCKOUNDIA Patrick\u00a0<\/span><\/td>\n<td style=\"width: 39.3831%;\"><span style=\"font-family: arial, helvetica, sans-serif; font-size: 16px; font-style: normal; font-variant-ligatures: normal; font-variant-caps: normal; font-weight: 400;\">patrick.manckoundia@chu-dijon.fr<\/span><\/td>\n<\/tr>\n<tr>\n<td style=\"width: 34.9674%;\"><span style=\"font-family: arial, helvetica, sans-serif; font-size: 16px; font-style: normal; font-variant-ligatures: normal; font-variant-caps: normal; font-weight: 400;\">Expertise m\u00e9dicale-pr\u00e9judice corporel\u00a0<\/span><\/td>\n<td style=\"width: 29.5582%;\"><span style=\"font-family: arial, helvetica, sans-serif; font-size: 16px; font-style: normal; font-variant-ligatures: normal; font-variant-caps: normal; font-weight: 400;\">FRANCOIS-PURSSELL Ir\u00e8ne\u00a0<\/span><\/td>\n<td style=\"width: 39.3831%;\"><span style=\"font-family: arial, helvetica, sans-serif; font-size: 16px; font-style: normal; font-variant-ligatures: normal; font-variant-caps: normal; font-weight: 400;\">irene.francois@chu-dijon.fr<\/span><\/td>\n<\/tr>\n<\/tbody>\n<\/table>\n<\/div>\n<h3 dir=\"ltr\"><span style=\"text-decoration: underline; font-family: arial, helvetica, sans-serif; font-size: 12pt;\"><strong>Dipl\u00f4mes universitaires<\/strong><\/span><\/h3>\n<div dir=\"ltr\"><span style=\"font-family: arial, helvetica, sans-serif; font-size: 12pt;\">Tout interne a le droit de s&#8217;inscrire aux dipl\u00f4mes universitaires (DU) ou interuniversitaires (DIU) qui l&#8217;int\u00e9ressent, propos\u00e9s par sa ville d&#8217;internat ou non. Cependant, les obligations li\u00e9es aux DES de m\u00e9decine g\u00e9n\u00e9rale pr\u00e9valent sur un D(I)U, il peut parfois \u00eatre compliqu\u00e9 de combiner les deux.<\/span><\/div>\n<div dir=\"ltr\"><span style=\"font-family: arial, helvetica, sans-serif; font-size: 12pt;\">A savoir : le tarif est g\u00e9n\u00e9ralement beaucoup plus int\u00e9ressant durant l&#8217;internat et les deux ann\u00e9es qui suivent l&#8217;obtention de la th\u00e8se.<\/span><\/div>\n<div dir=\"ltr\"><span style=\"font-family: arial, helvetica, sans-serif; font-size: 12pt;\">La liste des DU, des DIU, des Capacit\u00e9s et des formations courtes disponibles \u00e0 Dijon est consultable sur le site de l&#8217;<a href=\"https:\/\/sefca-umdpcs.u-bourgogne.fr\/\" rel=\"\">UMDPC<\/a>.<\/span><\/div>\n","protected":false},"excerpt":{"rendered":"<p>Formations obligatoires\u00a0 Le D\u00e9partement de M\u00e9decine g\u00e9n\u00e9rale organise pour les internes plusieurs s\u00e9minaires et ateliers, qui sont obligatoires. En moyenne par semestre : &#8211;\u00a0 1 \u00e0 2 s\u00e9minaires (d&#8217;une journ\u00e9e) &#8211; 2 \u00e0 4 ateliers (d&#8217;une demi journ\u00e9e soit 2 jours maximum) &#8211; 2 GEP (Groupe d&#8217;\u00c9change des Pratiques) \/ 1 RSCA (R\u00e9cit de Situation&hellip;<\/p>\n<p class=\"more-link-p\"><a class=\"btn btn-primary\" href=\"https:\/\/blog.ube.fr\/ajmgb\/formation\/formations-facultaires\/\">Voir plus &rarr;<\/a><\/p>\n","protected":false},"author":4923,"featured_media":0,"parent":106,"menu_order":0,"comment_status":"closed","ping_status":"closed","template":"","meta":{"_exactmetrics_skip_tracking":false,"_exactmetrics_sitenote_active":false,"_exactmetrics_sitenote_note":"","_exactmetrics_sitenote_category":0,"footnotes":""},"class_list":["post-111","page","type-page","status-publish","hentry"],"_links":{"self":[{"href":"https:\/\/blog.ube.fr\/ajmgb\/wp-json\/wp\/v2\/pages\/111","targetHints":{"allow":["GET"]}}],"collection":[{"href":"https:\/\/blog.ube.fr\/ajmgb\/wp-json\/wp\/v2\/pages"}],"about":[{"href":"https:\/\/blog.ube.fr\/ajmgb\/wp-json\/wp\/v2\/types\/page"}],"author":[{"embeddable":true,"href":"https:\/\/blog.ube.fr\/ajmgb\/wp-json\/wp\/v2\/users\/4923"}],"replies":[{"embeddable":true,"href":"https:\/\/blog.ube.fr\/ajmgb\/wp-json\/wp\/v2\/comments?post=111"}],"version-history":[{"count":9,"href":"https:\/\/blog.ube.fr\/ajmgb\/wp-json\/wp\/v2\/pages\/111\/revisions"}],"predecessor-version":[{"id":845,"href":"https:\/\/blog.ube.fr\/ajmgb\/wp-json\/wp\/v2\/pages\/111\/revisions\/845"}],"up":[{"embeddable":true,"href":"https:\/\/blog.ube.fr\/ajmgb\/wp-json\/wp\/v2\/pages\/106"}],"wp:attachment":[{"href":"https:\/\/blog.ube.fr\/ajmgb\/wp-json\/wp\/v2\/media?parent=111"}],"curies":[{"name":"wp","href":"https:\/\/api.w.org\/{rel}","templated":true}]}}