{"id":67,"date":"2017-04-30T16:14:05","date_gmt":"2017-04-30T14:14:05","guid":{"rendered":"http:\/\/blog.u-bourgogne.fr\/afrj\/?page_id=67"},"modified":"2017-05-24T21:41:50","modified_gmt":"2017-05-24T19:41:50","slug":"relations-internationales","status":"publish","type":"page","link":"https:\/\/blog.ube.fr\/afrj\/relations-internationales\/","title":{"rendered":"RELATIONS INTERNATIONALES"},"content":{"rendered":"<hr \/>\n<h2 style=\"text-align: center\">Relations Internationales<\/h2>\n<p style=\"text-align: center\"><span style=\"font-family: book antiqua,palatino,serif;font-size: 14pt\"><strong><span style=\"color: #0000ff\">Catalina Stoica &#8211; Responsable des Relations Internationales<\/span> <\/strong><\/span><\/p>\n<hr \/>\n<h2 style=\"text-align: center\"><strong><em><span style=\"font-family: book antiqua,palatino,serif;font-size: 18pt\">Je m&#8217;appelle Cosmina STOICA<\/span><\/em><\/strong><\/h2>\n<div style=\"text-align: center\"><strong><em><span style=\"font-family: book antiqua,palatino,serif;font-size: 18pt\">Ayant une formation Bac+5, je suis dipl\u00f4m\u00e9e en langues \u00e9trang\u00e8res appliqu\u00e9es, avec un master 1 en relations \u00e9conomiques internationales &#8211; administration des affaires internationales et un master 2 en communication d&#8217;affaires.<\/span><\/em><\/strong><\/div>\n<div style=\"text-align: center\"><\/div>\n<div style=\"text-align: center\"><\/div>\n<div style=\"text-align: center\"><strong><em><span style=\"font-family: book antiqua,palatino,serif;font-size: 18pt\">Je maitrise plusieurs langues: <span style=\"color: #ff6600\">le fran\u00e7ais, l&#8217;anglais, l&#8217;allemand et le roumain<\/span>, ce qui me permets d&#8217;\u00eatre aujourd&#8217;hui au sein de cette association, la responsable des relations internationales.<\/span><\/em><\/strong><\/div>\n<div style=\"text-align: center\"><\/div>\n<div style=\"text-align: center\"><\/div>\n<div style=\"text-align: center\"><strong><em><span style=\"font-family: book antiqua,palatino,serif;font-size: 18pt\">Je me suis d\u00e9j\u00e0 impliqu\u00e9e dans plusieurs projets europ\u00e9ens par le pass\u00e9, et je souhaite continuer la mise en pratique d&#8217;actions culturelles sur les deux territoires, la France et la Roumanie, ainsi qu&#8217;au niveau europ\u00e9en.<\/span><\/em><\/strong><\/div>\n<div style=\"text-align: center\"><\/div>\n<div>\n<div id=\"attachment_48\" style=\"width: 434px\" class=\"wp-caption aligncenter\"><img loading=\"lazy\" decoding=\"async\" aria-describedby=\"caption-attachment-48\" class=\"wp-image-48 size-full\" src=\"http:\/\/blog.ube.fr\/afrj\/wp-content\/uploads\/sites\/82\/2017\/04\/16128564_10202433179146397_463888298_n.jpg\" alt=\"\" width=\"424\" height=\"564\" \/><\/p>\n<p id=\"caption-attachment-48\" class=\"wp-caption-text\"><span style=\"font-size: 10pt\"><strong><em>Cosmina STOICA &#8211; Responsable des Relations Internationales<\/em><\/strong><\/span><\/p>\n<\/div>\n<\/div>\n<div>\n<div><\/div>\n<div><\/div>\n<h2 style=\"text-align: center\"><strong><em>Contact<\/em><\/strong><\/h2>\n<div style=\"text-align: center\">Roumanie t\u00e9l :<\/div>\n<div style=\"text-align: center\">France t\u00e9l\u00a0:<\/div>\n<div style=\"text-align: center\">Mail :<\/div>\n<div style=\"text-align: center\">Adresse :<strong>\u00a0<\/strong><\/div>\n<\/div>\n","protected":false},"excerpt":{"rendered":"<p>Relations Internationales Catalina Stoica &#8211; Responsable des Relations Internationales Je m&#8217;appelle Cosmina STOICA Ayant une formation Bac+5, je suis dipl\u00f4m\u00e9e en langues \u00e9trang\u00e8res appliqu\u00e9es, avec un master 1 en relations \u00e9conomiques internationales &#8211; administration des affaires internationales et un master 2 en communication d&#8217;affaires. Je maitrise plusieurs langues: le fran\u00e7ais, l&#8217;anglais, l&#8217;allemand et le roumain,<\/p>\n<p><a class=\"button\" href=\"https:\/\/blog.ube.fr\/afrj\/relations-internationales\/\" title=\"More\">  Voir plus \u2192<\/a><\/p>\n","protected":false},"author":334,"featured_media":0,"parent":0,"menu_order":0,"comment_status":"closed","ping_status":"closed","template":"","meta":{"_exactmetrics_skip_tracking":false,"_exactmetrics_sitenote_active":false,"_exactmetrics_sitenote_note":"","_exactmetrics_sitenote_category":0,"footnotes":""},"class_list":["post-67","page","type-page","status-publish","hentry"],"_links":{"self":[{"href":"https:\/\/blog.ube.fr\/afrj\/wp-json\/wp\/v2\/pages\/67","targetHints":{"allow":["GET"]}}],"collection":[{"href":"https:\/\/blog.ube.fr\/afrj\/wp-json\/wp\/v2\/pages"}],"about":[{"href":"https:\/\/blog.ube.fr\/afrj\/wp-json\/wp\/v2\/types\/page"}],"author":[{"embeddable":true,"href":"https:\/\/blog.ube.fr\/afrj\/wp-json\/wp\/v2\/users\/334"}],"replies":[{"embeddable":true,"href":"https:\/\/blog.ube.fr\/afrj\/wp-json\/wp\/v2\/comments?post=67"}],"version-history":[{"count":5,"href":"https:\/\/blog.ube.fr\/afrj\/wp-json\/wp\/v2\/pages\/67\/revisions"}],"predecessor-version":[{"id":100,"href":"https:\/\/blog.ube.fr\/afrj\/wp-json\/wp\/v2\/pages\/67\/revisions\/100"}],"wp:attachment":[{"href":"https:\/\/blog.ube.fr\/afrj\/wp-json\/wp\/v2\/media?parent=67"}],"curies":[{"name":"wp","href":"https:\/\/api.w.org\/{rel}","templated":true}]}}