{"id":66,"date":"2017-04-30T16:14:05","date_gmt":"2017-04-30T14:14:05","guid":{"rendered":"http:\/\/blog.u-bourgogne.fr\/afrj\/?page_id=66"},"modified":"2017-05-24T21:59:18","modified_gmt":"2017-05-24T19:59:18","slug":"projet","status":"publish","type":"page","link":"https:\/\/blog.ube.fr\/afrj\/projet\/","title":{"rendered":"PROJET"},"content":{"rendered":"<h2 style=\"text-align: center\"><strong><span style=\"color: #3366ff\">L&#8217;Association Franco-Roumaine de la Jeunesse\u00a0a r\u00e9alis\u00e9 les sorties\u00a0culturelles suivantes :<\/span> <\/strong><\/h2>\n<h4 style=\"text-align: center\">&#8211; La d\u00e9couverte de la ville de Dijon M\u00e9tropole.<\/h4>\n<ul>\n<li>d\u00e9couverte de la restauration asiatique,<\/li>\n<li>visite de la ville,<\/li>\n<li>visite des mus\u00e9es &amp; parcs<\/li>\n<\/ul>\n<h4 style=\"text-align: center\">&#8211; La d\u00e9couverte de la ville de Lyon.<\/h4>\n<ul>\n<li>visite de la ville de Lyon en companie d&#8217;\u00e9tudiants roumain \u00e0 l&#8217;Universit\u00e9 de Lyon,<\/li>\n<li>pr\u00e9sentation des partenaires de l&#8217;association (\u00e9picerie roumaine, consulat roumain, pizzeria)<\/li>\n<\/ul>\n<h4 style=\"text-align: center\">-Voyage\u00a0\u00e0 Nice pendant 2 jours.<\/h4>\n<ul>\n<li>visite de la ville de Nice,<\/li>\n<li>promenade sur la plage,<\/li>\n<li>visite guid\u00e9e des mus\u00e9es<\/li>\n<li>s\u00e9ances photos &amp; tournage court-m\u00e9trage<\/li>\n<\/ul>\n<h4 style=\"text-align: center\">-Visite de la\u00a0Principaut\u00e9 de Monaco pendant une journ\u00e9e.<\/h4>\n<ul>\n<li>d\u00e9couverte de la principaut\u00e9,<\/li>\n<li>visite en bus ouvert<\/li>\n<li>s\u00e9ances photos &amp; tournage court-m\u00e9trage<\/li>\n<\/ul>\n<h4 style=\"text-align: center\">-La d\u00e9couverte de la Capitale Fran\u00e7aise pendant deux jours.<\/h4>\n<ul>\n<li>visite de la capitale, d\u00e9couverte de la totalit\u00e9 des points touristiques \u00e0 Paris,<\/li>\n<li>D\u00eener dans une pizzeria italienne prestigieuse Pizza Roma.<\/li>\n<\/ul>\n<hr \/>\n<h2 style=\"text-align: center\">Un court-m\u00e9trage \u00e0 \u00e9t\u00e9 r\u00e9alis\u00e9 par notre cameraman \/ monteur Xavier Ledieu :<\/h2>\n<p>&nbsp;<\/p>\n<p style=\"text-align: center\">Lien : https:\/\/www.facebook.com\/LAFRJ\/videos\/1087868287985618\/<\/p>\n<hr \/>\n<h2 style=\"text-align: center\"><span style=\"color: #0000ff\">Xavier LEDIEU &#8211; Cameraman \/ monteur vid\u00e9o &amp; photographe<\/span><\/h2>\n<p><img loading=\"lazy\" decoding=\"async\" class=\"wp-image-49 size-medium alignleft\" src=\"http:\/\/blog.ube.fr\/afrj\/wp-content\/uploads\/sites\/82\/2017\/04\/10530715_509686302497008_8507932443879003963_n-290x220.jpg\" alt=\"\" width=\"290\" height=\"220\" \/><\/p>\n<div><strong><em><span style=\"font-family: book antiqua,palatino,serif;font-size: 14pt\">Je m&#8217;appel Xavier LEDIEU<\/span><\/em><\/strong><\/div>\n<div><strong><em><span style=\"font-family: book antiqua,palatino,serif;font-size: 14pt\">Je suis cameraman\/monteur vid\u00e9o ainsi que graphiste et photographe.<\/span><\/em><\/strong><\/div>\n<div><\/div>\n<div><strong><em><span style=\"font-family: book antiqua,palatino,serif;font-size: 14pt\">En suivant une formation AFPA d&#8217;op\u00e9rateur de prise de vue vid\u00e9o \u00e0 Issoudun pendant un an, un poste de cameraman m&#8217;a \u00e9t\u00e9 confi\u00e9 dans une association Dijonnaise, poste que j&#8217;ai occup\u00e9 pendant pr\u00e8s de 4 ans.<\/span><\/em><\/strong><\/div>\n<div style=\"text-align: center\"><\/div>\n<div style=\"text-align: center\"><\/div>\n<div style=\"text-align: center\"><strong><em><span style=\"font-family: book antiqua,palatino,serif;font-size: 14pt\">Je suis aujourd&#8217;hui b\u00e9n\u00e9vole dans cette m\u00eame association o\u00f9 je continue de pratiquer ma passion qui est \u00e9galement mon m\u00e9tier, mais aussi au sein de l&#8217;A.F.R.J afin d&#8217;apporter mon aide et mes connaissances.<\/span><\/em><\/strong><\/div>\n","protected":false},"excerpt":{"rendered":"<p>L&#8217;Association Franco-Roumaine de la Jeunesse\u00a0a r\u00e9alis\u00e9 les sorties\u00a0culturelles suivantes : &#8211; La d\u00e9couverte de la ville de Dijon M\u00e9tropole. d\u00e9couverte de la restauration asiatique, visite de la ville, visite des mus\u00e9es &amp; parcs &#8211; La d\u00e9couverte de la ville de Lyon. visite de la ville de Lyon en companie d&#8217;\u00e9tudiants roumain \u00e0 l&#8217;Universit\u00e9 de Lyon,<\/p>\n<p><a class=\"button\" href=\"https:\/\/blog.ube.fr\/afrj\/projet\/\" title=\"More\">  Voir plus \u2192<\/a><\/p>\n","protected":false},"author":334,"featured_media":0,"parent":0,"menu_order":0,"comment_status":"closed","ping_status":"closed","template":"","meta":{"_exactmetrics_skip_tracking":false,"_exactmetrics_sitenote_active":false,"_exactmetrics_sitenote_note":"","_exactmetrics_sitenote_category":0,"footnotes":""},"class_list":["post-66","page","type-page","status-publish","hentry"],"_links":{"self":[{"href":"https:\/\/blog.ube.fr\/afrj\/wp-json\/wp\/v2\/pages\/66","targetHints":{"allow":["GET"]}}],"collection":[{"href":"https:\/\/blog.ube.fr\/afrj\/wp-json\/wp\/v2\/pages"}],"about":[{"href":"https:\/\/blog.ube.fr\/afrj\/wp-json\/wp\/v2\/types\/page"}],"author":[{"embeddable":true,"href":"https:\/\/blog.ube.fr\/afrj\/wp-json\/wp\/v2\/users\/334"}],"replies":[{"embeddable":true,"href":"https:\/\/blog.ube.fr\/afrj\/wp-json\/wp\/v2\/comments?post=66"}],"version-history":[{"count":3,"href":"https:\/\/blog.ube.fr\/afrj\/wp-json\/wp\/v2\/pages\/66\/revisions"}],"predecessor-version":[{"id":103,"href":"https:\/\/blog.ube.fr\/afrj\/wp-json\/wp\/v2\/pages\/66\/revisions\/103"}],"wp:attachment":[{"href":"https:\/\/blog.ube.fr\/afrj\/wp-json\/wp\/v2\/media?parent=66"}],"curies":[{"name":"wp","href":"https:\/\/api.w.org\/{rel}","templated":true}]}}