{"id":738,"date":"2021-01-27T15:05:10","date_gmt":"2021-01-27T14:05:10","guid":{"rendered":"http:\/\/blog.u-bourgogne.fr\/aci2020\/?page_id=738"},"modified":"2021-01-28T19:03:44","modified_gmt":"2021-01-28T18:03:44","slug":"migration-disaporas-bilingualism","status":"publish","type":"page","link":"https:\/\/blog.ube.fr\/aci2020\/migration-disaporas-bilingualism\/","title":{"rendered":"Migration, Disaporas, Bilingualism"},"content":{"rendered":"<p><span style=\"font-size: 14pt;\"><strong>Migration and Diasporas<\/strong><\/span><\/p>\n<p><a href=\"https:\/\/blog.ube.fr\/aci2020\/?page_id=740&amp;preview=true\" target=\"_blank\" rel=\"noopener\"><strong><span style=\"font-size: 14pt;\">Immigration: Limited choice, Disappointment and the Immigrant Identity<\/span><\/strong><\/a><\/p>\n<p><span><strong>Albertina Thandeka Sibanda<\/strong> &#8211; University of Opole, Poland<\/span><\/p>\n<p><a href=\"https:\/\/blog.ube.fr\/aci2020\/?page_id=742&amp;preview=true\" target=\"_blank\" rel=\"noopener\"><strong><span style=\"font-size: 14pt;\">New Dynamics in Transnational Political Experience: A Narrative study of Educated Turkish Youth in Germany<\/span><\/strong><\/a><\/p>\n<p><span><strong>Tugba G\u00f6cer<\/strong> &#8211; Kadir Has University, Turkey<\/span><\/p>\n<p><a href=\"https:\/\/blog.ube.fr\/aci2020\/?page_id=744&amp;preview=true\" target=\"_blank\" rel=\"noopener\"><span style=\"font-size: 14pt;\"><strong>PH\u00c9NOM\u00c8NE DE L\u2019IDENTIT\u00c9 CULTURELLE \u00c0 TRAVERS DE LA DIASPORA BI\u00c9LORUSSE EN FRANCE<\/strong><\/span><\/a><\/p>\n<p><span><strong>Vera Kalko<\/strong> &#8211; Universit\u00e9 Toulouse il Jean Jaur\u00e8s, France<\/span><\/p>\n<hr \/>\n<p><span style=\"font-size: 14pt;\"><strong>Language and Identities<\/strong><\/span><\/p>\n<p><a href=\"https:\/\/blog.ube.fr\/aci2020\/?page_id=746&amp;preview=true\" target=\"_blank\" rel=\"noopener\"><strong><span style=\"font-size: 14pt;\">Perspectives of English-users and English-medium instructors in the Arabian Gulf: From Ivory Tower to Social Arena<\/span><\/strong><\/a><\/p>\n<p><span> <\/span><span><strong>Melanie Mathilde\u00a0Elizabeth\u00a0van\u00a0den Hoven<\/strong> &#8211; Emirates Nuclear Energy Commission, United Arab Emirates<\/span><\/p>\n<p><a href=\"https:\/\/blog.ube.fr\/aci2020\/?page_id=748&amp;preview=true\" target=\"_blank\" rel=\"noopener\"><strong><span style=\"font-size: 14pt;\">As thick as culture&#8230; The Case of The Ceaseless Chatter of Demons by Ashok Ferrey Translated into French<\/span><\/strong><\/a><\/p>\n<p><span><strong>Niroshini Gunasekera<\/strong> &#8211; University of Kelaniya, Sri Lanka<\/span><\/p>\n<p><a href=\"https:\/\/blog.ube.fr\/aci2020\/?page_id=752&amp;preview=true\" target=\"_blank\" rel=\"noopener\"><span style=\"font-size: 14pt;\"><strong>Beyond the Mother Tongue: Bilingualism as Cultural Capital in Migrant Literature<\/strong><\/span><\/a><\/p>\n<p><span><strong>Lea Sinoimeri<\/strong> &#8211; Universit\u00e9 Paris Diderot, France<\/span><\/p>\n","protected":false},"excerpt":{"rendered":"<p>Migration and Diasporas Immigration: Limited choice, Disappointment and the Immigrant Identity Albertina Thandeka Sibanda &#8211; University of Opole, Poland New Dynamics in Transnational Political Experience: A Narrative study of Educated Turkish Youth in Germany Tugba G\u00f6cer &#8211; Kadir Has University, Turkey PH\u00c9NOM\u00c8NE DE L\u2019IDENTIT\u00c9 CULTURELLE \u00c0 TRAVERS DE LA DIASPORA BI\u00c9LORUSSE EN FRANCE Vera Kalko&hellip;<\/p>\n","protected":false},"author":3223,"featured_media":0,"parent":0,"menu_order":0,"comment_status":"closed","ping_status":"closed","template":"","meta":{"_exactmetrics_skip_tracking":false,"_exactmetrics_sitenote_active":false,"_exactmetrics_sitenote_note":"","_exactmetrics_sitenote_category":0,"footnotes":""},"class_list":["post-738","page","type-page","status-publish","hentry"],"_links":{"self":[{"href":"https:\/\/blog.ube.fr\/aci2020\/wp-json\/wp\/v2\/pages\/738","targetHints":{"allow":["GET"]}}],"collection":[{"href":"https:\/\/blog.ube.fr\/aci2020\/wp-json\/wp\/v2\/pages"}],"about":[{"href":"https:\/\/blog.ube.fr\/aci2020\/wp-json\/wp\/v2\/types\/page"}],"author":[{"embeddable":true,"href":"https:\/\/blog.ube.fr\/aci2020\/wp-json\/wp\/v2\/users\/3223"}],"replies":[{"embeddable":true,"href":"https:\/\/blog.ube.fr\/aci2020\/wp-json\/wp\/v2\/comments?post=738"}],"version-history":[{"count":5,"href":"https:\/\/blog.ube.fr\/aci2020\/wp-json\/wp\/v2\/pages\/738\/revisions"}],"predecessor-version":[{"id":896,"href":"https:\/\/blog.ube.fr\/aci2020\/wp-json\/wp\/v2\/pages\/738\/revisions\/896"}],"wp:attachment":[{"href":"https:\/\/blog.ube.fr\/aci2020\/wp-json\/wp\/v2\/media?parent=738"}],"curies":[{"name":"wp","href":"https:\/\/api.w.org\/{rel}","templated":true}]}}