{"id":357,"date":"2020-07-14T15:30:11","date_gmt":"2020-07-14T13:30:11","guid":{"rendered":"http:\/\/blog.u-bourgogne.fr\/aci2020\/?page_id=357"},"modified":"2021-02-12T17:12:22","modified_gmt":"2021-02-12T16:12:22","slug":"accueil","status":"publish","type":"page","link":"https:\/\/blog.ube.fr\/aci2020\/accueil\/","title":{"rendered":"Accueil"},"content":{"rendered":"<p style=\"text-align: center;\"><span style=\"font-size: 24pt; font-family: verdana, geneva, sans-serif;\"><\/span><a href=\"http:\/\/blog.ube.fr\/aci2020\/home\" rel=\"noopener noreferrer\"><span><\/span><\/a><\/p>\n<p><a href=\"https:\/\/blog.ube.fr\/aci2020\/\"><img loading=\"lazy\" decoding=\"async\" src=\"http:\/\/blog.ube.fr\/aci2020\/wp-content\/uploads\/sites\/122\/2019\/03\/s-l1600-300x226.jpg\" alt=\"\" class=\"alignright wp-image-25\" width=\"38\" height=\"31\" \/><\/a><span style=\"font-size: 24pt; font-family: verdana, geneva, sans-serif;\"><\/span><\/p>\n<p>&nbsp;<\/p>\n<p style=\"text-align: center;\"><span><img loading=\"lazy\" decoding=\"async\" src=\"http:\/\/blog.ube.fr\/aci2020\/wp-content\/uploads\/sites\/122\/2020\/04\/ACI-logo-fr-opacite-moindre-01-300x267.png\" alt=\"\" class=\"alignleft wp-image-270 \" width=\"242\" height=\"216\" srcset=\"https:\/\/blog.ube.fr\/aci2020\/wp-content\/uploads\/sites\/122\/2020\/04\/ACI-logo-fr-opacite-moindre-01-300x267.png 300w, https:\/\/blog.ube.fr\/aci2020\/wp-content\/uploads\/sites\/122\/2020\/04\/ACI-logo-fr-opacite-moindre-01-768x685.png 768w, https:\/\/blog.ube.fr\/aci2020\/wp-content\/uploads\/sites\/122\/2020\/04\/ACI-logo-fr-opacite-moindre-01.png 986w\" sizes=\"auto, (max-width: 242px) 100vw, 242px\" \/><\/span><span style=\"font-size: 24pt; font-family: verdana, geneva, sans-serif;\">Approches critiques des <\/span><span style=\"font-size: 24pt; font-family: verdana, geneva, sans-serif;\">i<\/span><span style=\"font-size: 24pt; font-family: verdana, geneva, sans-serif;\">dentit\u00e9<\/span><span style=\"font-size: 24pt; font-family: verdana, geneva, sans-serif;\">s c<\/span><span style=\"font-size: 24pt; font-family: verdana, geneva, sans-serif;\">u<\/span><span style=\"font-size: 24pt; font-family: verdana, geneva, sans-serif;\">lturelles dans l\u2019espace public : <\/span><\/p>\n<p style=\"text-align: center;\"><span style=\"font-size: 24pt; font-family: verdana, geneva, sans-serif;\">Comment sortir de la tour d\u2019ivoire?<\/span><\/p>\n<p>&nbsp;<\/p>\n<p>&nbsp;<\/p>\n<p>&nbsp;<\/p>\n<p><img loading=\"lazy\" decoding=\"async\" src=\"http:\/\/blog.ube.fr\/aci2020\/wp-content\/uploads\/sites\/122\/2019\/05\/version-Fran\u00e7aise-1.png\" alt=\"\" class=\"alignright wp-image-136 \" width=\"705\" height=\"437\" \/><\/p>\n<p>&nbsp;<\/p>\n<p>&nbsp;<\/p>\n<p><span style=\"font-size: 14pt;\">Ce colloque international bilingue organis\u00e9 par le Centre Interlangues \u2013 Texte, Image, Langage de l\u2019Universit\u00e9 de Bourgogne (EA 4182) a pour objectif d\u2019aborder et de combler l\u2019\u00e9cart entre les approches critiques des identit\u00e9s culturelles qui font consensus au sein du monde universitaire et les discours essentialisants de plus en plus largement r\u00e9pandus dans la sph\u00e8re publique. R\u00e9unissant des chercheurs issus de la communication interculturelle, des \u00e9tudes culturelles et postcoloniales, des \u00e9tudes sur les m\u00e9dias et d\u2019autres disciplines, le colloque se propose de remettre en question et d\u00e9construire les positions discursives r\u00e9ductionnistes sur la culture et l\u2019identit\u00e9.<\/span><\/p>\n<p><span style=\"font-size: 14pt;\">Le colloque, initialement pr\u00e9vu pour mai 2020 puis report\u00e9 \u00e0 septembre 2020 en raison de la pand\u00e9mie de covid-19, a finalement d\u00fb \u00eatre annul\u00e9. Ce site web vise \u00e0 pr\u00e9senter les chercheurs qui \u00e9taient programm\u00e9s pour intervenir lors du colloque et leurs travaux, et \u00e0 stimuler les \u00e9changes au sein de la communaut\u00e9 cr\u00e9\u00e9e pour cet \u00e9v\u00e9nement. Nous esp\u00e9rons que le site web pourra \u00e9galement fournir un cadre pour un futur \u00e9v\u00e9nement du m\u00eame type, auquel tous les communicants seront invit\u00e9s\u00a0\u00e0 soumettre \u00e0 nouveau leurs contributions. Les pr\u00e9occupations de la conf\u00e9rence semblent avoir pris encore plus d&#8217;importance pendant la crise de la covid-19, et nous esp\u00e9rons pouvoir poursuivre le travail entam\u00e9\u00e9 pour le colloque dans les prochains mois.<\/span><\/p>\n<p><span style=\"font-size: 14pt;\"><strong>Organisateurs :<\/strong> David Bousquet (Universit\u00e9 de Bourgogne), Alex Frame (Universit\u00e9 de Bourgogne), M\u00e9lodine Sommier (Universit\u00e9 Erasmus de Rotterdam)<\/span><\/p>\n<p><span style=\"font-size: 14pt;\"><a href=\"http:\/\/blog.ube.fr\/aci2020\/wp-content\/uploads\/sites\/122\/2021\/02\/ACI2020-Book-Of-Abstracts-1.pdf\">ACI2020 Book Of Abstracts<\/a><\/span><\/p>\n<p><span style=\"font-size: 14pt;\"><a href=\"https:\/\/blog.ube.fr\/aci2020\/?page_id=904&amp;preview=true\" target=\"_blank\" rel=\"noopener\">Programme complet<\/a><\/span><\/p>\n<p><span style=\"font-size: 14pt;\"><a href=\"http:\/\/blog.ube.fr\/aci2020\/?p=524\" target=\"_blank\" rel=\"noopener\">Vid\u00e9os des conf\u00e9rences pl\u00e9ni\u00e8res<\/a><\/span><\/p>\n<p><span style=\"font-size: 14pt;\"><a href=\"http:\/\/blog.ube.fr\/aci2020\/wp-content\/uploads\/sites\/122\/2019\/10\/AAC-ACI2020.pdf\">Appel \u00e0 communications<\/a><\/span><\/p>\n<p><a href=\"https:\/\/saesfrance.org\" target=\"_blank\" rel=\"noopener\"><img loading=\"lazy\" decoding=\"async\" src=\"http:\/\/blog.ube.fr\/aci2020\/wp-content\/uploads\/sites\/122\/2021\/02\/logo_343-342_colorized-150x150.jpg\" alt=\"\" width=\"150\" height=\"150\" class=\"alignnone wp-image-948 size-thumbnail\" \/>\u00a0 \u00a0 \u00a0 \u00a0 \u00a0 \u00a0 \u00a0 \u00a0 \u00a0 <\/a><a href=\"https:\/\/ecrea.eu\" target=\"_blank\" rel=\"noopener\"><img loading=\"lazy\" decoding=\"async\" src=\"http:\/\/blog.ube.fr\/aci2020\/wp-content\/uploads\/sites\/122\/2021\/02\/Screen-Shot-2021-02-07-at-7.29.50-PM-300x59.png\" alt=\"\" width=\"300\" height=\"59\" class=\"alignnone wp-image-947 size-medium\" srcset=\"https:\/\/blog.ube.fr\/aci2020\/wp-content\/uploads\/sites\/122\/2021\/02\/Screen-Shot-2021-02-07-at-7.29.50-PM-300x59.png 300w, https:\/\/blog.ube.fr\/aci2020\/wp-content\/uploads\/sites\/122\/2021\/02\/Screen-Shot-2021-02-07-at-7.29.50-PM.png 562w\" sizes=\"auto, (max-width: 300px) 100vw, 300px\" \/>\u00a0 \u00a0 \u00a0 \u00a0 \u00a0 \u00a0 \u00a0 \u00a0<\/a><a href=\"https:\/\/blog.ube.fr\/mastericm\/\" rel=\"noopener\" target=\"_blank\"><img loading=\"lazy\" decoding=\"async\" src=\"http:\/\/blog.ube.fr\/aci2020\/wp-content\/uploads\/sites\/122\/2021\/02\/ICM-Colored-Full-150x150.png\" alt=\"\" width=\"186\" height=\"180\" class=\"alignnone wp-image-949\" srcset=\"https:\/\/blog.ube.fr\/aci2020\/wp-content\/uploads\/sites\/122\/2021\/02\/ICM-Colored-Full-300x291.png 300w, https:\/\/blog.ube.fr\/aci2020\/wp-content\/uploads\/sites\/122\/2021\/02\/ICM-Colored-Full-768x744.png 768w, https:\/\/blog.ube.fr\/aci2020\/wp-content\/uploads\/sites\/122\/2021\/02\/ICM-Colored-Full.png 900w\" sizes=\"auto, (max-width: 186px) 100vw, 186px\" \/><\/a><\/p>\n<p>&nbsp;<\/p>\n","protected":false},"excerpt":{"rendered":"<p>&nbsp; Approches critiques des identit\u00e9s culturelles dans l\u2019espace public : Comment sortir de la tour d\u2019ivoire? &nbsp; &nbsp; &nbsp; &nbsp; &nbsp; Ce colloque international bilingue organis\u00e9 par le Centre Interlangues \u2013 Texte, Image, Langage de l\u2019Universit\u00e9 de Bourgogne (EA 4182) a pour objectif d\u2019aborder et de combler l\u2019\u00e9cart entre les approches critiques des identit\u00e9s culturelles&hellip;<\/p>\n","protected":false},"author":2132,"featured_media":0,"parent":0,"menu_order":0,"comment_status":"closed","ping_status":"closed","template":"","meta":{"_exactmetrics_skip_tracking":false,"_exactmetrics_sitenote_active":false,"_exactmetrics_sitenote_note":"","_exactmetrics_sitenote_category":0,"footnotes":""},"class_list":["post-357","page","type-page","status-publish","hentry"],"_links":{"self":[{"href":"https:\/\/blog.ube.fr\/aci2020\/wp-json\/wp\/v2\/pages\/357","targetHints":{"allow":["GET"]}}],"collection":[{"href":"https:\/\/blog.ube.fr\/aci2020\/wp-json\/wp\/v2\/pages"}],"about":[{"href":"https:\/\/blog.ube.fr\/aci2020\/wp-json\/wp\/v2\/types\/page"}],"author":[{"embeddable":true,"href":"https:\/\/blog.ube.fr\/aci2020\/wp-json\/wp\/v2\/users\/2132"}],"replies":[{"embeddable":true,"href":"https:\/\/blog.ube.fr\/aci2020\/wp-json\/wp\/v2\/comments?post=357"}],"version-history":[{"count":27,"href":"https:\/\/blog.ube.fr\/aci2020\/wp-json\/wp\/v2\/pages\/357\/revisions"}],"predecessor-version":[{"id":978,"href":"https:\/\/blog.ube.fr\/aci2020\/wp-json\/wp\/v2\/pages\/357\/revisions\/978"}],"wp:attachment":[{"href":"https:\/\/blog.ube.fr\/aci2020\/wp-json\/wp\/v2\/media?parent=357"}],"curies":[{"name":"wp","href":"https:\/\/api.w.org\/{rel}","templated":true}]}}